{"version":"1.0","provider_name":"Visit Bratislava","provider_url":"https:\/\/www.visitbratislava.com\/de\/","author_name":"Filip \u0160trbka","author_url":"https:\/\/www.visitbratislava.com\/de\/author\/wisdom\/","title":"DAS FEST DES LICHTS (Abgesagt) | Veranstaltungen | Visit Bratislava","type":"rich","width":600,"height":338,"html":"<blockquote class=\"wp-embedded-content\"><a href=\"https:\/\/www.visitbratislava.com\/de\/geschehen\/das-fest-des-lichts\/\">DAS FEST DES LICHTS (Abgesagt)<\/a><\/blockquote>\n<script type='text\/javascript'>\n<!--\/\/--><![CDATA[\/\/><!--\n\t\t\/*! This file is auto-generated *\/\n\t\t!function(d,l){\"use strict\";var e=!1,n=!1;if(l.querySelector)if(d.addEventListener)e=!0;if(d.wp=d.wp||{},!d.wp.receiveEmbedMessage)if(d.wp.receiveEmbedMessage=function(e){var t=e.data;if(t)if(t.secret||t.message||t.value)if(!\/[^a-zA-Z0-9]\/.test(t.secret)){for(var r,i,a,s=l.querySelectorAll('iframe[data-secret=\"'+t.secret+'\"]'),n=l.querySelectorAll('blockquote[data-secret=\"'+t.secret+'\"]'),o=new RegExp(\"^https?:$\",\"i\"),c=0;c<n.length;c++)n[c].style.display=\"none\";for(c=0;c<s.length;c++)if(r=s[c],e.source===r.contentWindow){if(r.removeAttribute(\"style\"),\"height\"===t.message){if(1e3<(a=parseInt(t.value,10)))a=1e3;else if(~~a<200)a=200;r.height=a}if(\"link\"===t.message)if(i=l.createElement(\"a\"),a=l.createElement(\"a\"),i.href=r.getAttribute(\"src\"),a.href=t.value,o.test(a.protocol))if(a.host===i.host)if(l.activeElement===r)d.top.location.href=t.value}}},e)d.addEventListener(\"message\",d.wp.receiveEmbedMessage,!1),l.addEventListener(\"DOMContentLoaded\",t,!1),d.addEventListener(\"load\",t,!1);function t(){if(!n){n=!0;for(var e,t,r=-1!==navigator.appVersion.indexOf(\"MSIE 10\"),i=!!navigator.userAgent.match(\/Trident.*rv:11\\.\/),a=l.querySelectorAll(\"iframe.wp-embedded-content\"),s=0;s<a.length;s++){if(!(e=a[s]).getAttribute(\"data-secret\"))t=Math.random().toString(36).substr(2,10),e.src+=\"#?secret=\"+t,e.setAttribute(\"data-secret\",t);if(r||i)(t=e.cloneNode(!0)).removeAttribute(\"security\"),e.parentNode.replaceChild(t,e)}}}}(window,document);\n\/\/--><!]]>\n<\/script><iframe sandbox=\"allow-scripts\" security=\"restricted\" src=\"https:\/\/www.visitbratislava.com\/de\/geschehen\/das-fest-des-lichts\/embed\/\" width=\"600\" height=\"338\" title=\"&#8222;DAS FEST DES LICHTS (Abgesagt)&#8220; &#8211; Visit Bratislava\" frameborder=\"0\" marginwidth=\"0\" marginheight=\"0\" scrolling=\"no\" class=\"wp-embedded-content\"><\/iframe>","thumbnail_url":"https:\/\/www.visitbratislava.com\/wp-content\/uploads\/2018\/02\/festival_svetla.jpg","thumbnail_width":1657,"thumbnail_height":599,"description":"Aktualisieren: Das Fest des Lichts wurde abgesagt. Wir werden Sie \u00fcber das neue Datum informieren, sobald es verf\u00fcgbar ist. Light Festival, Bratislava ist ein Projekt, das Wissenschaft, Technologie, Kunst und Unterhaltung verbindet. W\u00e4hrend der zwei Tage (16.-17. M\u00e4rz 2018) werden statische, dynamische und interaktive Lichtinstallationen im breiteren Zentrum von Bratislava installiert, die die fortschrittlichen Technologien, [&hellip;]"}

Filip Štrbka

Aktualisieren: Das Fest des Lichts wurde abgesagt. Wir werden Sie über das neue Datum informieren, sobald es verfügbar ist. Light Festival, Bratislava ist ein Projekt, das Wissenschaft, Technologie, Kunst und Unterhaltung verbindet. Während der zwei Tage (16.-17. März 2018) werden statische, dynamische und interaktive Lichtinstallationen im breiteren Zentrum von Bratislava installiert, die die fortschrittlichen Technologien, [&hellip;]
