{"version":"1.0","provider_name":"Visit Bratislava","provider_url":"https:\/\/www.visitbratislava.com\/de\/","author_name":"Erika Richterov\u00e1","author_url":"https:\/\/www.visitbratislava.com\/de\/author\/richterova\/","title":"Franz\u00f6zischer Tag | Veranstaltungen | Visit Bratislava","type":"rich","width":600,"height":338,"html":"<blockquote class=\"wp-embedded-content\"><a href=\"https:\/\/www.visitbratislava.com\/de\/geschehen\/franzoezischer-tag\/\">Franz\u00f6zischer Tag<\/a><\/blockquote>\n<script type='text\/javascript'>\n<!--\/\/--><![CDATA[\/\/><!--\n\t\t\/*! This file is auto-generated *\/\n\t\t!function(d,l){\"use strict\";var e=!1,n=!1;if(l.querySelector)if(d.addEventListener)e=!0;if(d.wp=d.wp||{},!d.wp.receiveEmbedMessage)if(d.wp.receiveEmbedMessage=function(e){var t=e.data;if(t)if(t.secret||t.message||t.value)if(!\/[^a-zA-Z0-9]\/.test(t.secret)){for(var r,i,a,s=l.querySelectorAll('iframe[data-secret=\"'+t.secret+'\"]'),n=l.querySelectorAll('blockquote[data-secret=\"'+t.secret+'\"]'),o=new RegExp(\"^https?:$\",\"i\"),c=0;c<n.length;c++)n[c].style.display=\"none\";for(c=0;c<s.length;c++)if(r=s[c],e.source===r.contentWindow){if(r.removeAttribute(\"style\"),\"height\"===t.message){if(1e3<(a=parseInt(t.value,10)))a=1e3;else if(~~a<200)a=200;r.height=a}if(\"link\"===t.message)if(i=l.createElement(\"a\"),a=l.createElement(\"a\"),i.href=r.getAttribute(\"src\"),a.href=t.value,o.test(a.protocol))if(a.host===i.host)if(l.activeElement===r)d.top.location.href=t.value}}},e)d.addEventListener(\"message\",d.wp.receiveEmbedMessage,!1),l.addEventListener(\"DOMContentLoaded\",t,!1),d.addEventListener(\"load\",t,!1);function t(){if(!n){n=!0;for(var e,t,r=-1!==navigator.appVersion.indexOf(\"MSIE 10\"),i=!!navigator.userAgent.match(\/Trident.*rv:11\\.\/),a=l.querySelectorAll(\"iframe.wp-embedded-content\"),s=0;s<a.length;s++){if(!(e=a[s]).getAttribute(\"data-secret\"))t=Math.random().toString(36).substr(2,10),e.src+=\"#?secret=\"+t,e.setAttribute(\"data-secret\",t);if(r||i)(t=e.cloneNode(!0)).removeAttribute(\"security\"),e.parentNode.replaceChild(t,e)}}}}(window,document);\n\/\/--><!]]>\n<\/script><iframe sandbox=\"allow-scripts\" security=\"restricted\" src=\"https:\/\/www.visitbratislava.com\/de\/geschehen\/franzoezischer-tag\/embed\/\" width=\"600\" height=\"338\" title=\"&#8222;Franz\u00f6zischer Tag&#8220; &#8211; Visit Bratislava\" frameborder=\"0\" marginwidth=\"0\" marginheight=\"0\" scrolling=\"no\" class=\"wp-embedded-content\"><\/iframe>","thumbnail_url":"https:\/\/www.visitbratislava.com\/wp-content\/uploads\/2019\/06\/franc\u00fazsky-de\u0148.jpg","thumbnail_width":1409,"thumbnail_height":458,"description":"Die Feier des franz\u00f6sischen Staatsfeiertages\u00a0 zum Anlass des Jahrestages der Erst\u00fcrmung der Bastille, findet am Freitag am 12.Juli 2019 auf dem Hauptplatz im Herzen von Bratislava statt, im Rahmen der Veranstaltung Franz\u00f6sischer Tag. Auf dem Hauptplatz k\u00f6nnen die Besucher auf dem franz\u00f6sischen Markt spazieren: \u00fcber zwanzig St\u00e4nder bieten von 14:00 bis 20:00 franz\u00f6sische Produkte. Kostenloses [&hellip;]"}

Erika Richterová

Franzözischer Tag | Veranstaltungen | Visit Bratislava

<blockquote class="wp-embedded-content"><a href="https://www.visitbratislava.com/de/geschehen/franzoezischer-tag/">Franzözischer Tag</a></blockquote>
<script type='text/javascript'>
<!--//--><![CDATA[//><!--
		/*! This file is auto-generated */
		!function(d,l){"use strict";var e=!1,n=!1;if(l.querySelector)if(d.addEventListener)e=!0;if(d.wp=d.wp||{},!d.wp.receiveEmbedMessage)if(d.wp.receiveEmbedMessage=function(e){var t=e.data;if(t)if(t.secret||t.message||t.value)if(!/[^a-zA-Z0-9]/.test(t.secret)){for(var r,i,a,s=l.querySelectorAll('iframe[data-secret="'+t.secret+'"]'),n=l.querySelectorAll('blockquote[data-secret="'+t.secret+'"]'),o=new RegExp("^https?:$","i"),c=0;c<n.length;c++)n[c].style.display="none";for(c=0;c<s.length;c++)if(r=s[c],e.source===r.contentWindow){if(r.removeAttribute("style"),"height"===t.message){if(1e3<(a=parseInt(t.value,10)))a=1e3;else if(~~a<200)a=200;r.height=a}if("link"===t.message)if(i=l.createElement("a"),a=l.createElement("a"),i.href=r.getAttribute("src"),a.href=t.value,o.test(a.protocol))if(a.host===i.host)if(l.activeElement===r)d.top.location.href=t.value}}},e)d.addEventListener("message",d.wp.receiveEmbedMessage,!1),l.addEventListener("DOMContentLoaded",t,!1),d.addEventListener("load",t,!1);function t(){if(!n){n=!0;for(var e,t,r=-1!==navigator.appVersion.indexOf("MSIE 10"),i=!!navigator.userAgent.match(/Trident.*rv:11\./),a=l.querySelectorAll("iframe.wp-embedded-content"),s=0;s<a.length;s++){if(!(e=a[s]).getAttribute("data-secret"))t=Math.random().toString(36).substr(2,10),e.src+="#?secret="+t,e.setAttribute("data-secret",t);if(r||i)(t=e.cloneNode(!0)).removeAttribute("security"),e.parentNode.replaceChild(t,e)}}}}(window,document);
//--><!]]>
</script><iframe sandbox="allow-scripts" security="restricted" src="https://www.visitbratislava.com/de/geschehen/franzoezischer-tag/embed/" width="600" height="338" title="&#8222;Franzözischer Tag&#8220; &#8211; Visit Bratislava" frameborder="0" marginwidth="0" marginheight="0" scrolling="no" class="wp-embedded-content"></iframe>

https://www.visitbratislava.com/wp-content/uploads/2019/06/francúzsky-deň.jpg

Die Feier des französischen Staatsfeiertages  zum Anlass des Jahrestages der Erstürmung der Bastille, findet am Freitag am 12.Juli 2019 auf dem Hauptplatz im Herzen von Bratislava statt, im Rahmen der Veranstaltung Französischer Tag. Auf dem Hauptplatz können die Besucher auf dem französischen Markt spazieren: über zwanzig Ständer bieten von 14:00 bis 20:00 französische Produkte. Kostenloses [&hellip;]
