{"version":"1.0","provider_name":"Visit Bratislava","provider_url":"https:\/\/www.visitbratislava.com\/de\/","author_name":"Filip \u0160trbka","author_url":"https:\/\/www.visitbratislava.com\/de\/author\/wisdom\/","title":"Ivan Buffa \u2013 Komponistenportr\u00e4t II. | Veranstaltungen | Visit Bratislava","type":"rich","width":600,"height":338,"html":"<blockquote class=\"wp-embedded-content\"><a href=\"https:\/\/www.visitbratislava.com\/de\/geschehen\/ivan-buffa-komponistenportraet-ii-2\/\">Ivan Buffa \u2013 Komponistenportr\u00e4t II.<\/a><\/blockquote>\n<script type='text\/javascript'>\n<!--\/\/--><![CDATA[\/\/><!--\n\t\t\/*! This file is auto-generated *\/\n\t\t!function(d,l){\"use strict\";var e=!1,n=!1;if(l.querySelector)if(d.addEventListener)e=!0;if(d.wp=d.wp||{},!d.wp.receiveEmbedMessage)if(d.wp.receiveEmbedMessage=function(e){var t=e.data;if(t)if(t.secret||t.message||t.value)if(!\/[^a-zA-Z0-9]\/.test(t.secret)){for(var r,i,a,s=l.querySelectorAll('iframe[data-secret=\"'+t.secret+'\"]'),n=l.querySelectorAll('blockquote[data-secret=\"'+t.secret+'\"]'),o=new RegExp(\"^https?:$\",\"i\"),c=0;c<n.length;c++)n[c].style.display=\"none\";for(c=0;c<s.length;c++)if(r=s[c],e.source===r.contentWindow){if(r.removeAttribute(\"style\"),\"height\"===t.message){if(1e3<(a=parseInt(t.value,10)))a=1e3;else if(~~a<200)a=200;r.height=a}if(\"link\"===t.message)if(i=l.createElement(\"a\"),a=l.createElement(\"a\"),i.href=r.getAttribute(\"src\"),a.href=t.value,o.test(a.protocol))if(a.host===i.host)if(l.activeElement===r)d.top.location.href=t.value}}},e)d.addEventListener(\"message\",d.wp.receiveEmbedMessage,!1),l.addEventListener(\"DOMContentLoaded\",t,!1),d.addEventListener(\"load\",t,!1);function t(){if(!n){n=!0;for(var e,t,r=-1!==navigator.appVersion.indexOf(\"MSIE 10\"),i=!!navigator.userAgent.match(\/Trident.*rv:11\\.\/),a=l.querySelectorAll(\"iframe.wp-embedded-content\"),s=0;s<a.length;s++){if(!(e=a[s]).getAttribute(\"data-secret\"))t=Math.random().toString(36).substr(2,10),e.src+=\"#?secret=\"+t,e.setAttribute(\"data-secret\",t);if(r||i)(t=e.cloneNode(!0)).removeAttribute(\"security\"),e.parentNode.replaceChild(t,e)}}}}(window,document);\n\/\/--><!]]>\n<\/script><iframe sandbox=\"allow-scripts\" security=\"restricted\" src=\"https:\/\/www.visitbratislava.com\/de\/geschehen\/ivan-buffa-komponistenportraet-ii-2\/embed\/\" width=\"600\" height=\"338\" title=\"&#8222;Ivan Buffa \u2013 Komponistenportr\u00e4t II.&#8220; &#8211; Visit Bratislava\" frameborder=\"0\" marginwidth=\"0\" marginheight=\"0\" scrolling=\"no\" class=\"wp-embedded-content\"><\/iframe>","thumbnail_url":"https:\/\/www.visitbratislava.com\/wp-content\/uploads\/2020\/08\/banner_visitbratislava_28.8.2020_DE.png","thumbnail_width":1418,"thumbnail_height":458,"description":"Ivan Buffas zweites Autorenprofil bietet einen R\u00fcckblick auf die Werke, die w\u00e4hrend der Entstehung seiner kompositorischen Poetik, insbesondere w\u00e4hrend des ersten Jahrzehnts des neuen Jahrtausends, entstanden sind. Das Streichquartett als vierteilige Formeinheit wurde mehrere Jahre w\u00e4hrend seines Studiums gebildet und kann als erste umfangreichere Komposition des Autors angesehen werden, die auf Reize aus Mitteleuropa reagiert. [&hellip;]"}

Filip Štrbka

Ivan Buffa – Komponistenporträt II. | Veranstaltungen | Visit Bratislava

<blockquote class="wp-embedded-content"><a href="https://www.visitbratislava.com/de/geschehen/ivan-buffa-komponistenportraet-ii-2/">Ivan Buffa – Komponistenporträt II.</a></blockquote>
<script type='text/javascript'>
<!--//--><![CDATA[//><!--
		/*! This file is auto-generated */
		!function(d,l){"use strict";var e=!1,n=!1;if(l.querySelector)if(d.addEventListener)e=!0;if(d.wp=d.wp||{},!d.wp.receiveEmbedMessage)if(d.wp.receiveEmbedMessage=function(e){var t=e.data;if(t)if(t.secret||t.message||t.value)if(!/[^a-zA-Z0-9]/.test(t.secret)){for(var r,i,a,s=l.querySelectorAll('iframe[data-secret="'+t.secret+'"]'),n=l.querySelectorAll('blockquote[data-secret="'+t.secret+'"]'),o=new RegExp("^https?:$","i"),c=0;c<n.length;c++)n[c].style.display="none";for(c=0;c<s.length;c++)if(r=s[c],e.source===r.contentWindow){if(r.removeAttribute("style"),"height"===t.message){if(1e3<(a=parseInt(t.value,10)))a=1e3;else if(~~a<200)a=200;r.height=a}if("link"===t.message)if(i=l.createElement("a"),a=l.createElement("a"),i.href=r.getAttribute("src"),a.href=t.value,o.test(a.protocol))if(a.host===i.host)if(l.activeElement===r)d.top.location.href=t.value}}},e)d.addEventListener("message",d.wp.receiveEmbedMessage,!1),l.addEventListener("DOMContentLoaded",t,!1),d.addEventListener("load",t,!1);function t(){if(!n){n=!0;for(var e,t,r=-1!==navigator.appVersion.indexOf("MSIE 10"),i=!!navigator.userAgent.match(/Trident.*rv:11\./),a=l.querySelectorAll("iframe.wp-embedded-content"),s=0;s<a.length;s++){if(!(e=a[s]).getAttribute("data-secret"))t=Math.random().toString(36).substr(2,10),e.src+="#?secret="+t,e.setAttribute("data-secret",t);if(r||i)(t=e.cloneNode(!0)).removeAttribute("security"),e.parentNode.replaceChild(t,e)}}}}(window,document);
//--><!]]>
</script><iframe sandbox="allow-scripts" security="restricted" src="https://www.visitbratislava.com/de/geschehen/ivan-buffa-komponistenportraet-ii-2/embed/" width="600" height="338" title="&#8222;Ivan Buffa – Komponistenporträt II.&#8220; &#8211; Visit Bratislava" frameborder="0" marginwidth="0" marginheight="0" scrolling="no" class="wp-embedded-content"></iframe>

Ivan Buffas zweites Autorenprofil bietet einen Rückblick auf die Werke, die während der Entstehung seiner kompositorischen Poetik, insbesondere während des ersten Jahrzehnts des neuen Jahrtausends, entstanden sind. Das Streichquartett als vierteilige Formeinheit wurde mehrere Jahre während seines Studiums gebildet und kann als erste umfangreichere Komposition des Autors angesehen werden, die auf Reize aus Mitteleuropa reagiert. [&hellip;]
