{"id":106177,"date":"2021-06-24T16:21:02","date_gmt":"2021-06-24T14:21:02","guid":{"rendered":"https:\/\/www.visitbratislava.com\/?post_type=event&#038;p=106177"},"modified":"2025-05-29T17:18:15","modified_gmt":"2025-05-29T15:18:15","slug":"rendezvous-im-garten","status":"publish","type":"event","link":"https:\/\/www.visitbratislava.com\/de\/geschehen\/rendezvous-im-garten\/","title":{"rendered":"Rendezvous im Garten"},"content":{"rendered":"<p class=\"\" data-start=\"3171\" data-end=\"3480\">Das <strong data-start=\"3175\" data-end=\"3222\">17. Wochenende der offenen Parks und G\u00e4rten<\/strong> ist eine landesweite Kultur- und Bildungsinitiative, die vom <strong data-start=\"3284\" data-end=\"3307\">6. bis 8. Juni 2025<\/strong> stattfindet. Ziel ist es, die Sch\u00f6nheit und Bedeutung unserer G\u00e4rten und Parks hervorzuheben, das \u00f6ffentliche Bewusstsein zu f\u00f6rdern und nachhaltige Pflege zu unterst\u00fctzen.<\/p>\n<p class=\"\" data-start=\"3482\" data-end=\"3693\">Das Thema 2025 lautet europaweit <strong data-start=\"3515\" data-end=\"3536\">\u201eStein im Garten\u201c<\/strong> und ist Teil der internationalen Initiative <strong data-start=\"3581\" data-end=\"3608\">Rendez-vous aux Jardins<\/strong>, die mit einem gemeinsamen Thema und Design Parks und G\u00e4rten in ganz Europa vereint.<\/p>\n<p class=\"\" data-start=\"3695\" data-end=\"3716\"><strong data-start=\"3695\" data-end=\"3716\">Das erwartet Sie:<\/strong><\/p>\n<ul data-start=\"3718\" data-end=\"4046\">\n<li class=\"\" data-start=\"3718\" data-end=\"3795\">\n<p class=\"\" data-start=\"3720\" data-end=\"3795\">F\u00fchrungen durch <strong data-start=\"3736\" data-end=\"3770\">historische und moderne G\u00e4rten<\/strong>, \u00f6ffentlich und privat<\/p>\n<\/li>\n<li class=\"\" data-start=\"3796\" data-end=\"3878\">\n<p class=\"\" data-start=\"3798\" data-end=\"3878\">Familienfreundliche Programme, Vortr\u00e4ge, Workshops und kulturelle Darbietungen<\/p>\n<\/li>\n<li class=\"\" data-start=\"3879\" data-end=\"3967\">\n<p class=\"\" data-start=\"3881\" data-end=\"3967\">Spannende Einblicke in <strong data-start=\"3904\" data-end=\"3965\">Landschaftsarchitektur, Gartengestaltung und Umweltschutz<\/strong><\/p>\n<\/li>\n<li class=\"\" data-start=\"3968\" data-end=\"4046\">\n<p class=\"\" data-start=\"3970\" data-end=\"4046\"><strong data-start=\"3970\" data-end=\"3997\">Einmalige Gelegenheiten<\/strong>, sonst verschlossene Gartenanlagen zu betreten<\/p>\n<\/li>\n<\/ul>\n<p class=\"\" data-start=\"4048\" data-end=\"4271\">Im Jahr 2024 nahmen<a href=\"https:\/\/www.vopz.sk\/zahrady-a-parky\" target=\"_blank\" rel=\"noopener\"> <strong data-start=\"4068\" data-end=\"4092\">119 Parks und G\u00e4rten<\/strong> <\/a>in der Slowakei teil \u2013 vom Schlossgarten bis zum kleinen Gemeinschaftspark. Entscheidend f\u00fcr die Teilnahme ist die <strong data-start=\"4208\" data-end=\"4238\">verantwortungsvolle Pflege<\/strong> durch Eigent\u00fcmer oder Betreiber.<\/p>\n<p class=\"\" data-start=\"4273\" data-end=\"4380\"><strong data-start=\"4273\" data-end=\"4380\">Lassen Sie sich dieses gr\u00fcne Wochenende nicht entgehen und erleben Sie Natur, Kultur und Begegnung neu.<\/strong><\/p>\n<p class=\"\" data-start=\"4382\" data-end=\"4469\">\ud83d\udccd Das vollst\u00e4ndige Programm erscheint demn\u00e4chst auf: <a class=\"\" href=\"http:\/\/www.vopz.sk\" target=\"_new\" rel=\"noopener\" data-start=\"4436\" data-end=\"4469\">www.vopz.sk<\/a><\/p>\n<p data-start=\"799\" data-end=\"964\">\ud83c\udf3f <strong data-start=\"802\" data-end=\"894\">Spezialf\u00fchrung: Schlossg\u00e4rten \u2013 ber\u00fchmte G\u00e4rten der \u00d6sterreichisch-Ungarischen Monarchie<\/strong><br data-start=\"894\" data-end=\"897\" \/>\ud83d\udcc5 <strong data-start=\"900\" data-end=\"927\">8. Juni 2025, 14:00 Uhr<\/strong><br data-start=\"927\" data-end=\"930\" \/>\ud83d\udccd <strong data-start=\"933\" data-end=\"964\">Treffpunkt siehe Ticketlink<\/strong><\/p>\n<p data-start=\"966\" data-end=\"1323\">Im Rahmen der Veranstaltung findet eine besondere F\u00fchrung durch die historischen Schlossg\u00e4rten statt. Diese G\u00e4rten waren einst der Stolz ihrer Besitzer und der ganzen Stadt Pressburg. Ihre Gestaltung und ihr Wandel im Laufe der Zeit \u2013 sowohl im Rhythmus der Jahreszeiten als auch unter dem Einfluss verschiedener Epochen \u2013 stehen im Mittelpunkt der F\u00fchrung.<\/p>\n<p data-start=\"1325\" data-end=\"1568\">\ud83c\udf9f\ufe0f Weitere Informationen und Tickets:<br data-start=\"1363\" data-end=\"1366\" \/><a class=\"\" href=\"https:\/\/www.vopz.sk\/trasa\/31-schlossgarten-beruhmte-garten-der-osterreichisch-ungarischen-monarchie\" target=\"_new\" rel=\"noopener\" data-start=\"1366\" data-end=\"1568\">https:\/\/www.vopz.sk\/trasa\/31-schlossgarten-beruhmte-garten-der-osterreichisch-ungarischen-monarchie<\/a><\/p>\n<p data-start=\"4382\" data-end=\"4469\"><img loading=\"lazy\" width=\"2048\" height=\"1057\" class=\"alignnone size-full wp-image-37197\" src=\"https:\/\/www.visitbratislava.com\/wp-content\/uploads\/2017\/10\/bratislava-castle-garden-hrad-zahrada.jpg\" alt=\"\" srcset=\"https:\/\/www.visitbratislava.com\/wp-content\/uploads\/2017\/10\/bratislava-castle-garden-hrad-zahrada.jpg 2048w, https:\/\/www.visitbratislava.com\/wp-content\/uploads\/2017\/10\/bratislava-castle-garden-hrad-zahrada-400x206.jpg 400w, https:\/\/www.visitbratislava.com\/wp-content\/uploads\/2017\/10\/bratislava-castle-garden-hrad-zahrada-768x396.jpg 768w, https:\/\/www.visitbratislava.com\/wp-content\/uploads\/2017\/10\/bratislava-castle-garden-hrad-zahrada-800x413.jpg 800w, https:\/\/www.visitbratislava.com\/wp-content\/uploads\/2017\/10\/bratislava-castle-garden-hrad-zahrada-200x103.jpg 200w\" sizes=\"(max-width: 2048px) 100vw, 2048px\" \/><\/p>\n","protected":false},"excerpt":{"rendered":"<p>Entdecken Sie Bratislavas verborgene gr\u00fcne Oasen beim Wochenende der offenen Parks und G\u00e4rten. Historische Anlagen, private G\u00e4rten und sonst unzug\u00e4ngliche Orte \u00f6ffnen ausnahmsweise ihre Tore f\u00fcr die \u00d6ffentlichkeit.<\/p>\n","protected":false},"featured_media":242883,"template":"","acf":[],"event_date":{"start_date":1749168000,"end_date":1749340800},"_links":{"self":[{"href":"https:\/\/www.visitbratislava.com\/de\/wp-json\/wp\/v2\/event\/106177"}],"collection":[{"href":"https:\/\/www.visitbratislava.com\/de\/wp-json\/wp\/v2\/event"}],"about":[{"href":"https:\/\/www.visitbratislava.com\/de\/wp-json\/wp\/v2\/types\/event"}],"version-history":[{"count":12,"href":"https:\/\/www.visitbratislava.com\/de\/wp-json\/wp\/v2\/event\/106177\/revisions"}],"predecessor-version":[{"id":339032,"href":"https:\/\/www.visitbratislava.com\/de\/wp-json\/wp\/v2\/event\/106177\/revisions\/339032"}],"wp:featuredmedia":[{"embeddable":true,"href":"https:\/\/www.visitbratislava.com\/de\/wp-json\/wp\/v2\/media\/242883"}],"wp:attachment":[{"href":"https:\/\/www.visitbratislava.com\/de\/wp-json\/wp\/v2\/media?parent=106177"}],"curies":[{"name":"wp","href":"https:\/\/api.w.org\/{rel}","templated":true}]}}

<p class="" data-start="3171" data-end="3480">Das <strong data-start="3175" data-end="3222">17. Wochenende der offenen Parks und Gärten</strong> ist eine landesweite Kultur- und Bildungsinitiative, die vom <strong data-start="3284" data-end="3307">6. bis 8. Juni 2025</strong> stattfindet. Ziel ist es, die Schönheit und Bedeutung unserer Gärten und Parks hervorzuheben, das öffentliche Bewusstsein zu fördern und nachhaltige Pflege zu unterstützen.</p>
<p class="" data-start="3482" data-end="3693">Das Thema 2025 lautet europaweit <strong data-start="3515" data-end="3536">„Stein im Garten“</strong> und ist Teil der internationalen Initiative <strong data-start="3581" data-end="3608">Rendez-vous aux Jardins</strong>, die mit einem gemeinsamen Thema und Design Parks und Gärten in ganz Europa vereint.</p>
<p class="" data-start="3695" data-end="3716"><strong data-start="3695" data-end="3716">Das erwartet Sie:</strong></p>
<ul data-start="3718" data-end="4046">
<li class="" data-start="3718" data-end="3795">
<p class="" data-start="3720" data-end="3795">Führungen durch <strong data-start="3736" data-end="3770">historische und moderne Gärten</strong>, öffentlich und privat</p>
</li>
<li class="" data-start="3796" data-end="3878">
<p class="" data-start="3798" data-end="3878">Familienfreundliche Programme, Vorträge, Workshops und kulturelle Darbietungen</p>
</li>
<li class="" data-start="3879" data-end="3967">
<p class="" data-start="3881" data-end="3967">Spannende Einblicke in <strong data-start="3904" data-end="3965">Landschaftsarchitektur, Gartengestaltung und Umweltschutz</strong></p>
</li>
<li class="" data-start="3968" data-end="4046">
<p class="" data-start="3970" data-end="4046"><strong data-start="3970" data-end="3997">Einmalige Gelegenheiten</strong>, sonst verschlossene Gartenanlagen zu betreten</p>
</li>
</ul>
<p class="" data-start="4048" data-end="4271">Im Jahr 2024 nahmen<a href="https://www.vopz.sk/zahrady-a-parky" target="_blank" rel="noopener"> <strong data-start="4068" data-end="4092">119 Parks und Gärten</strong> </a>in der Slowakei teil – vom Schlossgarten bis zum kleinen Gemeinschaftspark. Entscheidend für die Teilnahme ist die <strong data-start="4208" data-end="4238">verantwortungsvolle Pflege</strong> durch Eigentümer oder Betreiber.</p>
<p class="" data-start="4273" data-end="4380"><strong data-start="4273" data-end="4380">Lassen Sie sich dieses grüne Wochenende nicht entgehen und erleben Sie Natur, Kultur und Begegnung neu.</strong></p>
<p class="" data-start="4382" data-end="4469">📍 Das vollständige Programm erscheint demnächst auf: <a class="" href="http://www.vopz.sk" target="_new" rel="noopener" data-start="4436" data-end="4469">www.vopz.sk</a></p>
<p data-start="799" data-end="964">🌿 <strong data-start="802" data-end="894">Spezialführung: Schlossgärten – berühmte Gärten der Österreichisch-Ungarischen Monarchie</strong><br data-start="894" data-end="897" />📅 <strong data-start="900" data-end="927">8. Juni 2025, 14:00 Uhr</strong><br data-start="927" data-end="930" />📍 <strong data-start="933" data-end="964">Treffpunkt siehe Ticketlink</strong></p>
<p data-start="966" data-end="1323">Im Rahmen der Veranstaltung findet eine besondere Führung durch die historischen Schlossgärten statt. Diese Gärten waren einst der Stolz ihrer Besitzer und der ganzen Stadt Pressburg. Ihre Gestaltung und ihr Wandel im Laufe der Zeit – sowohl im Rhythmus der Jahreszeiten als auch unter dem Einfluss verschiedener Epochen – stehen im Mittelpunkt der Führung.</p>
<p data-start="1325" data-end="1568">🎟️ Weitere Informationen und Tickets:<br data-start="1363" data-end="1366" /><a class="" href="https://www.vopz.sk/trasa/31-schlossgarten-beruhmte-garten-der-osterreichisch-ungarischen-monarchie" target="_new" rel="noopener" data-start="1366" data-end="1568">https://www.vopz.sk/trasa/31-schlossgarten-beruhmte-garten-der-osterreichisch-ungarischen-monarchie</a></p>
<p data-start="4382" data-end="4469"><img loading="lazy" width="2048" height="1057" class="alignnone size-full wp-image-37197" src="https://www.visitbratislava.com/wp-content/uploads/2017/10/bratislava-castle-garden-hrad-zahrada.jpg" alt="" srcset="https://www.visitbratislava.com/wp-content/uploads/2017/10/bratislava-castle-garden-hrad-zahrada.jpg 2048w, https://www.visitbratislava.com/wp-content/uploads/2017/10/bratislava-castle-garden-hrad-zahrada-400x206.jpg 400w, https://www.visitbratislava.com/wp-content/uploads/2017/10/bratislava-castle-garden-hrad-zahrada-768x396.jpg 768w, https://www.visitbratislava.com/wp-content/uploads/2017/10/bratislava-castle-garden-hrad-zahrada-800x413.jpg 800w, https://www.visitbratislava.com/wp-content/uploads/2017/10/bratislava-castle-garden-hrad-zahrada-200x103.jpg 200w" sizes="(max-width: 2048px) 100vw, 2048px" /></p>

<p>Entdecken Sie Bratislavas verborgene grüne Oasen beim Wochenende der offenen Parks und Gärten. Historische Anlagen, private Gärten und sonst unzugängliche Orte öffnen ausnahmsweise ihre Tore für die Öffentlichkeit.</p>
