{"id":12181,"date":"2016-03-08T15:46:33","date_gmt":"2016-03-08T14:46:33","guid":{"rendered":"https:\/\/www.visitbratislava.com\/de\/events\/lajos-szalay-koloman-sokol-pablo-picasso-2\/"},"modified":"2016-03-11T10:57:59","modified_gmt":"2016-03-11T09:57:59","slug":"lajos-szalay-koloman-sokol-pablo-picasso-2","status":"publish","type":"event","link":"https:\/\/www.visitbratislava.com\/de\/geschehen\/lajos-szalay-koloman-sokol-pablo-picasso-2\/","title":{"rendered":"Lajos Szalay \u2013 Koloman Sokol \u2013 Pablo Picasso in GMB"},"content":{"rendered":"<p>Die <a href=\"http:\/\/www.gmb.bratislava.sk\/\">Galerie der Stadt Bratislava <\/a>l\u00e4dt Sie zur \u00f6ffentlichen Lehrveranstaltung im M\u00e4rz ein. Der Lektor Vladislav Malastf\u00fchrt Sie am Samstag, dem <strong>12.3. um 17:00 Uhr <\/strong>durch die Ausstellung <strong>Lajos Szalay \u2013 Koloman Sokol \u2013 Pablo Picasso<\/strong>. Gleichzeitig m\u00f6chten wir Ihnen mitteilen, dass die Ausstellung um zwei Tage verl\u00e4ngert wird und somit auch am Montag und Dienstag, dem <strong>14. und 15.3.2016,<\/strong><strong>f\u00fcr Sie ge\u00f6ffnet ist<\/strong>.<\/p>\n<p>Sokol undSzalayhaben sich wahrscheinlich nie getroffen,hatten vermutlich auch keinerlei Kenntnis vom Schaffen des anderen und haben dennoch \u00fcberraschend viel gemeinsam. Sie waren in ihrem ganzen Dasein Figurenmaler, brillante Zeichner mit geradezu renaissancistischerBegabung, die sensibel die aktuelle, soziale Situation reflektierten. Das Werk beider \u00fcberragte die Gebiete ihrer Heimatl\u00e4nder und am Ort ihres Schaffens beeinflussten sie gleich mehrere K\u00fcnstlergenerationen. Bei beiden gab es mehrere Ber\u00fchrungspunkte mit dem k\u00fcnstlerischen Giganten Pablo Picasso, sodass eine gemeinsame Ausstellung aller drei Autoren f\u00fcr uns einfach zu verlockend war, als das wir diese M\u00f6glichkeit nicht genutzt h\u00e4tten.<\/p>\n","protected":false},"excerpt":{"rendered":"<p>Die Galerie der Stadt Bratislava l\u00e4dt Sie zur \u00f6ffentlichen Lehrveranstaltung im M\u00e4rz ein. Der Lektor Vladislav Malastf\u00fchrt Sie am Samstag, dem 12.3. um 17:00 Uhr durch die Ausstellung Lajos Szalay \u2013 Koloman Sokol \u2013 Pablo Picasso. Gleichzeitig m\u00f6chten wir Ihnen mitteilen, dass die Ausstellung um zwei Tage verl\u00e4ngert wird und somit auch am Montag und [&hellip;]<\/p>\n","protected":false},"featured_media":12102,"template":"","acf":[],"event_date":{"start_date":1457740800,"end_date":""},"_links":{"self":[{"href":"https:\/\/www.visitbratislava.com\/de\/wp-json\/wp\/v2\/event\/12181"}],"collection":[{"href":"https:\/\/www.visitbratislava.com\/de\/wp-json\/wp\/v2\/event"}],"about":[{"href":"https:\/\/www.visitbratislava.com\/de\/wp-json\/wp\/v2\/types\/event"}],"version-history":[{"count":0,"href":"https:\/\/www.visitbratislava.com\/de\/wp-json\/wp\/v2\/event\/12181\/revisions"}],"wp:featuredmedia":[{"embeddable":true,"href":"https:\/\/www.visitbratislava.com\/de\/wp-json\/wp\/v2\/media\/12102"}],"wp:attachment":[{"href":"https:\/\/www.visitbratislava.com\/de\/wp-json\/wp\/v2\/media?parent=12181"}],"curies":[{"name":"wp","href":"https:\/\/api.w.org\/{rel}","templated":true}]}}

<p>Die <a href="http://www.gmb.bratislava.sk/">Galerie der Stadt Bratislava </a>lädt Sie zur öffentlichen Lehrveranstaltung im März ein. Der Lektor Vladislav Malastführt Sie am Samstag, dem <strong>12.3. um 17:00 Uhr </strong>durch die Ausstellung <strong>Lajos Szalay – Koloman Sokol – Pablo Picasso</strong>. Gleichzeitig möchten wir Ihnen mitteilen, dass die Ausstellung um zwei Tage verlängert wird und somit auch am Montag und Dienstag, dem <strong>14. und 15.3.2016,</strong><strong>für Sie geöffnet ist</strong>.</p>
<p>Sokol undSzalayhaben sich wahrscheinlich nie getroffen,hatten vermutlich auch keinerlei Kenntnis vom Schaffen des anderen und haben dennoch überraschend viel gemeinsam. Sie waren in ihrem ganzen Dasein Figurenmaler, brillante Zeichner mit geradezu renaissancistischerBegabung, die sensibel die aktuelle, soziale Situation reflektierten. Das Werk beider überragte die Gebiete ihrer Heimatländer und am Ort ihres Schaffens beeinflussten sie gleich mehrere Künstlergenerationen. Bei beiden gab es mehrere Berührungspunkte mit dem künstlerischen Giganten Pablo Picasso, sodass eine gemeinsame Ausstellung aller drei Autoren für uns einfach zu verlockend war, als das wir diese Möglichkeit nicht genutzt hätten.</p>

<p>Die Galerie der Stadt Bratislava lädt Sie zur öffentlichen Lehrveranstaltung im März ein. Der Lektor Vladislav Malastführt Sie am Samstag, dem 12.3. um 17:00 Uhr durch die Ausstellung Lajos Szalay – Koloman Sokol – Pablo Picasso. Gleichzeitig möchten wir Ihnen mitteilen, dass die Ausstellung um zwei Tage verlängert wird und somit auch am Montag und [&hellip;]</p>
