{"id":128357,"date":"2022-02-16T14:04:10","date_gmt":"2022-02-16T13:04:10","guid":{"rendered":"https:\/\/www.visitbratislava.com\/?post_type=event&#038;p=128357"},"modified":"2022-02-16T14:04:10","modified_gmt":"2022-02-16T13:04:10","slug":"milan-pasteka-und-freunde","status":"publish","type":"event","link":"https:\/\/www.visitbratislava.com\/de\/geschehen\/milan-pasteka-und-freunde\/","title":{"rendered":"Milan Pa\u0161t\u00e9ka und Freunde"},"content":{"rendered":"<p>Und wer von seinen Freunden erscheint auf der Ausstellung? Pierre Soulages, Milan Laluha, Miroslav Cip\u00e1r, Rudolf Fila, Milo\u0161 Urb\u00e1sek, Jozef Jankovi\u010d, Jan Sekal, Daniel Fischer, Mari\u00e1n Mudroch, Marian Me\u0161ko,Vladim\u00edr Kordo\u0161, Milan Bo\u010dkay, Kl\u00e1ra Bo\u010dkayov\u00e1 und Laco Teren.<\/p>\n<p>Lassen Sie sich von der Magie eines K\u00fcnstlers mitrei\u00dfen, der in ung\u00fcnstigen Zeiten \u00e4u\u00dferst kraftvolle Werke geschaffen hat.<\/p>\n<div class=\"grid-container\"><div class=\"grid-container__item\"><div class=\"block\"><a href=\"https:\/\/www.visitbratislava.com\/wp-content\/uploads\/2022\/02\/DANUBIANA-Psteka-diela-2021_dsc3716-619x800.jpg\" data-fancybox=\"gallery\" data-caption=\"\"><div class=\"background\"><img src=\"https:\/\/www.visitbratislava.com\/wp-content\/uploads\/2022\/02\/DANUBIANA-Psteka-diela-2021_dsc3716-619x800.jpg\" alt=\"foto\"\/><\/div><div class=\"overlay filter-blue\"><div class=\"content\"><span class=\"zoom-button\"><\/span><\/div><\/div><\/a><\/div><\/div><div class=\"grid-container__item\"><div class=\"block\"><a href=\"https:\/\/www.visitbratislava.com\/wp-content\/uploads\/2022\/02\/DANUBIANA-Psteka-diela-2021_dsc3720-515x800.jpg\" data-fancybox=\"gallery\" data-caption=\"\"><div class=\"background\" style=\"background-image: url(https:\/\/www.visitbratislava.com\/wp-content\/uploads\/2022\/02\/DANUBIANA-Psteka-diela-2021_dsc3720-515x800.jpg)\"><\/div><div class=\"overlay filter-green\"><div class=\"content\"><span class=\"zoom-button\"><\/span><\/div><\/div><\/a><\/div><\/div><div class=\"grid-container__item\"><div class=\"block\" ><a href=\"https:\/\/www.visitbratislava.com\/wp-content\/uploads\/2022\/02\/DANUBIANA-Psteka-diela-2021_dsc3719-800x574.jpg\" data-fancybox=\"gallery\" data-caption=\"\"><div class=\"background\" style=\"background-image: url(https:\/\/www.visitbratislava.com\/wp-content\/uploads\/2022\/02\/DANUBIANA-Psteka-diela-2021_dsc3719-800x574.jpg)\"><\/div><div class=\"overlay filter-orange\"><div class=\"content\"><span class=\"zoom-button\"><\/span><\/div><\/div><\/a><\/div><\/div><div class=\"grid-container__item\"><div class=\"block\"><a href=\"https:\/\/www.visitbratislava.com\/wp-content\/uploads\/2022\/02\/Pasteka-predlzenie-800x450.jpg\" data-fancybox=\"gallery\" data-caption=\"\"><div class=\"background\" style=\"background-image: url(https:\/\/www.visitbratislava.com\/wp-content\/uploads\/2022\/02\/Pasteka-predlzenie-800x450.jpg)\"><\/div><div class=\"overlay filter-purple\"><div class=\"content\"><span class=\"zoom-button\"><\/span><\/div><\/div><\/a><\/div><\/div><div class=\"grid-container__item more\"><\/div><\/div>\n","protected":false},"excerpt":{"rendered":"<p>Diese Ausstellung findet im Jahr des 80. Geburtstags von Milan Pa\u0161t\u00e9ka statt und ist eine Erinnerung an pers\u00f6nliche Beziehungen und Begegnungen, die fr\u00fcher an verschiedenen Orten, zu verschiedenen Zeiten und zu verschiedenen Anl\u00e4ssen stattfanden.<\/p>\n","protected":false},"featured_media":128341,"template":"","acf":[],"event_date":{"start_date":1637366400,"end_date":1647129600},"_links":{"self":[{"href":"https:\/\/www.visitbratislava.com\/de\/wp-json\/wp\/v2\/event\/128357"}],"collection":[{"href":"https:\/\/www.visitbratislava.com\/de\/wp-json\/wp\/v2\/event"}],"about":[{"href":"https:\/\/www.visitbratislava.com\/de\/wp-json\/wp\/v2\/types\/event"}],"version-history":[{"count":1,"href":"https:\/\/www.visitbratislava.com\/de\/wp-json\/wp\/v2\/event\/128357\/revisions"}],"predecessor-version":[{"id":128358,"href":"https:\/\/www.visitbratislava.com\/de\/wp-json\/wp\/v2\/event\/128357\/revisions\/128358"}],"wp:featuredmedia":[{"embeddable":true,"href":"https:\/\/www.visitbratislava.com\/de\/wp-json\/wp\/v2\/media\/128341"}],"wp:attachment":[{"href":"https:\/\/www.visitbratislava.com\/de\/wp-json\/wp\/v2\/media?parent=128357"}],"curies":[{"name":"wp","href":"https:\/\/api.w.org\/{rel}","templated":true}]}}

Milan Paštéka und Freunde

<p>Und wer von seinen Freunden erscheint auf der Ausstellung? Pierre Soulages, Milan Laluha, Miroslav Cipár, Rudolf Fila, Miloš Urbásek, Jozef Jankovič, Jan Sekal, Daniel Fischer, Marián Mudroch, Marian Meško,Vladimír Kordoš, Milan Bočkay, Klára Bočkayová und Laco Teren.</p>
<p>Lassen Sie sich von der Magie eines Künstlers mitreißen, der in ungünstigen Zeiten äußerst kraftvolle Werke geschaffen hat.</p>
<div class="grid-container"><div class="grid-container__item"><div class="block"><a href="https://www.visitbratislava.com/wp-content/uploads/2022/02/DANUBIANA-Psteka-diela-2021_dsc3716-619x800.jpg" data-fancybox="gallery" data-caption=""><div class="background"><img src="https://www.visitbratislava.com/wp-content/uploads/2022/02/DANUBIANA-Psteka-diela-2021_dsc3716-619x800.jpg" alt="foto"/></div><div class="overlay filter-blue"><div class="content"><span class="zoom-button"></span></div></div></a></div></div><div class="grid-container__item"><div class="block"><a href="https://www.visitbratislava.com/wp-content/uploads/2022/02/DANUBIANA-Psteka-diela-2021_dsc3720-515x800.jpg" data-fancybox="gallery" data-caption=""><div class="background" style="background-image: url(https://www.visitbratislava.com/wp-content/uploads/2022/02/DANUBIANA-Psteka-diela-2021_dsc3720-515x800.jpg)"></div><div class="overlay filter-green"><div class="content"><span class="zoom-button"></span></div></div></a></div></div><div class="grid-container__item"><div class="block" ><a href="https://www.visitbratislava.com/wp-content/uploads/2022/02/DANUBIANA-Psteka-diela-2021_dsc3719-800x574.jpg" data-fancybox="gallery" data-caption=""><div class="background" style="background-image: url(https://www.visitbratislava.com/wp-content/uploads/2022/02/DANUBIANA-Psteka-diela-2021_dsc3719-800x574.jpg)"></div><div class="overlay filter-orange"><div class="content"><span class="zoom-button"></span></div></div></a></div></div><div class="grid-container__item"><div class="block"><a href="https://www.visitbratislava.com/wp-content/uploads/2022/02/Pasteka-predlzenie-800x450.jpg" data-fancybox="gallery" data-caption=""><div class="background" style="background-image: url(https://www.visitbratislava.com/wp-content/uploads/2022/02/Pasteka-predlzenie-800x450.jpg)"></div><div class="overlay filter-purple"><div class="content"><span class="zoom-button"></span></div></div></a></div></div><div class="grid-container__item more"></div></div>

<p>Diese Ausstellung findet im Jahr des 80. Geburtstags von Milan Paštéka statt und ist eine Erinnerung an persönliche Beziehungen und Begegnungen, die früher an verschiedenen Orten, zu verschiedenen Zeiten und zu verschiedenen Anlässen stattfanden.</p>
