{"id":129656,"date":"2022-02-25T09:40:17","date_gmt":"2022-02-25T08:40:17","guid":{"rendered":"https:\/\/www.visitbratislava.com\/?post_type=event&#038;p=129656"},"modified":"2022-08-06T15:12:01","modified_gmt":"2022-08-06T13:12:01","slug":"vukovar","status":"publish","type":"event","link":"https:\/\/www.visitbratislava.com\/de\/geschehen\/vukovar\/","title":{"rendered":"Vukovar"},"content":{"rendered":"<p>Die Ausstellung im Slowakisches Nationalmuseum &#8211; Museum der kroatischen Kultur in der Slowakei vermittelt anhand von Schwarz-Wei\u00df-Fotografien die authentische Atmosph\u00e4re, die unmittelbar nach Ende der Kriege 1991-1995 in der kroatischen Stadt Vukovar herrschte, wo Serben und Kroaten Seite an Seite lebten Jahrhunderte.<\/p>\n<p>Im Herbst 2021 es ist 30 Jahre seit der Belagerung und dem Fall von Vukovar w\u00e4hrend des Unabh\u00e4ngigkeitskrieges vergangen. Die Ereignisse gingen sp\u00e4ter als die Schlacht von Vukovar in die Geschichte ein. Es dauerte 2 Monate, 3 Wochen, 3 Tage und stand 1.800 Soldaten der Korps der Nationalgarde der Republik Kroatien und 36.000 Angeh\u00f6rigen der Jugoslawischen Volksarmee gegen\u00fcber. 1.700 Zivilisten starben dabei, 300 Menschen werden noch vermisst.<\/p>\n<p>An diesen Orten des Schreckens waren im November 1991 der Publizist Peter Kub\u00ednyi und der Fotograf Peter Leginsk\u00fd zugegen. Auf ihrem Weg nach Vukovar begegneten sie keinem einzigen Auto und sahen keinen einzigen Vogel. Sie sahen kein einziges Haus in der Stadt, das nicht, wenn nicht eingest\u00fcrzt, zumindest besch\u00e4digt war. Ein paar Leute streiften durch die Stra\u00dfen, einige w\u00fchlten in den Tr\u00fcmmern.<\/p>\n<p>Die Ausstellung wird am Dienstag, den 1. M\u00e4rz um 17.00 Uhr in den Ausstellungsr\u00e4umen des Museums in der Istrijsk\u00e1-Stra\u00dfe 68 in Bratislava er\u00f6ffnet. Nach der Vernissage wird es vom 2. M\u00e4rz bis zum 26. Mai f\u00fcr die \u00d6ffentlichkeit zug\u00e4nglich sein.<\/p>\n<p><img loading=\"lazy\" width=\"1920\" height=\"1305\" class=\"alignnone size-full wp-image-129675\" src=\"https:\/\/www.visitbratislava.com\/wp-content\/uploads\/2022\/02\/000073_1920x1280.jpg\" alt=\"\" srcset=\"https:\/\/www.visitbratislava.com\/wp-content\/uploads\/2022\/02\/000073_1920x1280.jpg 1920w, https:\/\/www.visitbratislava.com\/wp-content\/uploads\/2022\/02\/000073_1920x1280-400x272.jpg 400w, https:\/\/www.visitbratislava.com\/wp-content\/uploads\/2022\/02\/000073_1920x1280-800x544.jpg 800w, https:\/\/www.visitbratislava.com\/wp-content\/uploads\/2022\/02\/000073_1920x1280-768x522.jpg 768w, https:\/\/www.visitbratislava.com\/wp-content\/uploads\/2022\/02\/000073_1920x1280-1536x1044.jpg 1536w, https:\/\/www.visitbratislava.com\/wp-content\/uploads\/2022\/02\/000073_1920x1280-200x136.jpg 200w\" sizes=\"(max-width: 1920px) 100vw, 1920px\" \/><\/p>\n","protected":false},"excerpt":{"rendered":"<p>Jeder Krieg bringt nichts Gutes. Dies zeigt Ihnen auch eine Ausstellung der bisher unver\u00f6ffentlichten Fotografien von Petr Leginsk\u00fd aus der Stadt Vukovar w\u00e4hrend des Kroatienkrieges<\/p>\n","protected":false},"featured_media":129668,"template":"","acf":[],"event_date":{"start_date":1646179200,"end_date":1653523200},"_links":{"self":[{"href":"https:\/\/www.visitbratislava.com\/de\/wp-json\/wp\/v2\/event\/129656"}],"collection":[{"href":"https:\/\/www.visitbratislava.com\/de\/wp-json\/wp\/v2\/event"}],"about":[{"href":"https:\/\/www.visitbratislava.com\/de\/wp-json\/wp\/v2\/types\/event"}],"version-history":[{"count":2,"href":"https:\/\/www.visitbratislava.com\/de\/wp-json\/wp\/v2\/event\/129656\/revisions"}],"predecessor-version":[{"id":129681,"href":"https:\/\/www.visitbratislava.com\/de\/wp-json\/wp\/v2\/event\/129656\/revisions\/129681"}],"wp:featuredmedia":[{"embeddable":true,"href":"https:\/\/www.visitbratislava.com\/de\/wp-json\/wp\/v2\/media\/129668"}],"wp:attachment":[{"href":"https:\/\/www.visitbratislava.com\/de\/wp-json\/wp\/v2\/media?parent=129656"}],"curies":[{"name":"wp","href":"https:\/\/api.w.org\/{rel}","templated":true}]}}

<p>Die Ausstellung im Slowakisches Nationalmuseum &#8211; Museum der kroatischen Kultur in der Slowakei vermittelt anhand von Schwarz-Weiß-Fotografien die authentische Atmosphäre, die unmittelbar nach Ende der Kriege 1991-1995 in der kroatischen Stadt Vukovar herrschte, wo Serben und Kroaten Seite an Seite lebten Jahrhunderte.</p>
<p>Im Herbst 2021 es ist 30 Jahre seit der Belagerung und dem Fall von Vukovar während des Unabhängigkeitskrieges vergangen. Die Ereignisse gingen später als die Schlacht von Vukovar in die Geschichte ein. Es dauerte 2 Monate, 3 Wochen, 3 Tage und stand 1.800 Soldaten der Korps der Nationalgarde der Republik Kroatien und 36.000 Angehörigen der Jugoslawischen Volksarmee gegenüber. 1.700 Zivilisten starben dabei, 300 Menschen werden noch vermisst.</p>
<p>An diesen Orten des Schreckens waren im November 1991 der Publizist Peter Kubínyi und der Fotograf Peter Leginský zugegen. Auf ihrem Weg nach Vukovar begegneten sie keinem einzigen Auto und sahen keinen einzigen Vogel. Sie sahen kein einziges Haus in der Stadt, das nicht, wenn nicht eingestürzt, zumindest beschädigt war. Ein paar Leute streiften durch die Straßen, einige wühlten in den Trümmern.</p>
<p>Die Ausstellung wird am Dienstag, den 1. März um 17.00 Uhr in den Ausstellungsräumen des Museums in der Istrijská-Straße 68 in Bratislava eröffnet. Nach der Vernissage wird es vom 2. März bis zum 26. Mai für die Öffentlichkeit zugänglich sein.</p>
<p><img loading="lazy" width="1920" height="1305" class="alignnone size-full wp-image-129675" src="https://www.visitbratislava.com/wp-content/uploads/2022/02/000073_1920x1280.jpg" alt="" srcset="https://www.visitbratislava.com/wp-content/uploads/2022/02/000073_1920x1280.jpg 1920w, https://www.visitbratislava.com/wp-content/uploads/2022/02/000073_1920x1280-400x272.jpg 400w, https://www.visitbratislava.com/wp-content/uploads/2022/02/000073_1920x1280-800x544.jpg 800w, https://www.visitbratislava.com/wp-content/uploads/2022/02/000073_1920x1280-768x522.jpg 768w, https://www.visitbratislava.com/wp-content/uploads/2022/02/000073_1920x1280-1536x1044.jpg 1536w, https://www.visitbratislava.com/wp-content/uploads/2022/02/000073_1920x1280-200x136.jpg 200w" sizes="(max-width: 1920px) 100vw, 1920px" /></p>

<p>Jeder Krieg bringt nichts Gutes. Dies zeigt Ihnen auch eine Ausstellung der bisher unveröffentlichten Fotografien von Petr Leginský aus der Stadt Vukovar während des Kroatienkrieges</p>
