{"id":129705,"date":"2022-02-25T13:22:36","date_gmt":"2022-02-25T12:22:36","guid":{"rendered":"https:\/\/www.visitbratislava.com\/?post_type=event&#038;p=129705"},"modified":"2022-08-06T15:12:01","modified_gmt":"2022-08-06T13:12:01","slug":"92xxx22-medium-vitae","status":"publish","type":"event","link":"https:\/\/www.visitbratislava.com\/de\/geschehen\/92xxx22-medium-vitae\/","title":{"rendered":"92xxx22 medium vitae"},"content":{"rendered":"<p>Sie konzentriert sich auf die letzten drei Jahrzehnte seines aktiven Schaffens, die genau die H\u00e4lfte des Lebens des Autors darstellen, was sich schon im Namen der Ausstellung widerspiegelt. Der Zeitraum der Werkauswahl repr\u00e4sentiert die H\u00e4lfte des Lebens des Autors (medium vitae).<\/p>\n<p>Miroslav Debn\u00e1r l\u00e4sst Sie durch Innenaufnahmen nicht nur in \u00f6ffentliche R\u00e4ume blicken, die eine Inspiration sein k\u00f6nnen, sondern auch in die privaten R\u00e4umlichkeiten von Einfamilienh\u00e4usern und Wohnungen. Es repr\u00e4sentiert insgesamt 30 Interieurs, die zwischen 1992 und 2022 entstanden sind.<\/p>\n<p>Ein wesentlicher Teil der Ausstellung widmet sich der Gestaltung und Umsetzung von Innenr\u00e4umen, es gibt aber auch ein breiteres Spektrum des Schaffens des Autors, das durch \u00dcberschneidungen im Architektur- und Produktdesign gekennzeichnet ist. Unkonventionelle Design-M\u00f6belelemente und -Accessoires sind meist an ein bestimmtes Interieur und einen bestimmten Benutzer gebunden.<\/p>\n<p>Durch Visualisierungen und insbesondere Fotodokumentationen realisierter Arbeiten gibt die Ausstellung Einblicke nicht nur in \u00f6ffentliche Bereiche (B\u00fcros, Gewerbefl\u00e4chen, Wellness, Hotels), sondern auch in die Privatsph\u00e4re einzelner Einfamilienh\u00e4user und Wohnungen.<\/p>\n<p>Die Vielfalt der Herangehensweise an die L\u00f6sung eines bestimmten Raums, erg\u00e4nzt durch atypische Elemente, verleiht den Innenr\u00e4umen Einzigartigkeit und zeigt Gestaltungsm\u00f6glichkeiten auf. Jedes Problem, das der Autor l\u00f6st, hat eine andere Charakteristik und stellt damit eine andere Herausforderung, eine andere Wahrnehmung der Situation dar und bestimmt ein anderes Verhalten, eine andere Inspiration und eine Methodenwahl.<\/p>\n<p>Und hier kommt die charakteristische Kreativit\u00e4t, Nachdenklichkeit und (Scherz) des Autors voll zum Ausdruck, die sich in der endg\u00fcltigen L\u00f6sung synergetisch mit einer einzigartigen k\u00fcnstlerischen Vision, Liebe zum Detail und handwerklicher Pr\u00e4zision verbinden.<\/p>\n<div class=\"grid-container\"><div class=\"grid-container__item\"><div class=\"block\"><a href=\"https:\/\/www.visitbratislava.com\/wp-content\/uploads\/2022\/02\/92xxx22-medium-vitae-001-800x798.jpg\" data-fancybox=\"gallery\" data-caption=\"\"><div class=\"background\"><img src=\"https:\/\/www.visitbratislava.com\/wp-content\/uploads\/2022\/02\/92xxx22-medium-vitae-001-800x798.jpg\" alt=\"foto\"\/><\/div><div class=\"overlay filter-blue\"><div class=\"content\"><span class=\"zoom-button\"><\/span><\/div><\/div><\/a><\/div><\/div><div class=\"grid-container__item\"><div class=\"block\"><a href=\"https:\/\/www.visitbratislava.com\/wp-content\/uploads\/2022\/02\/92xxx22-medium-vitae-002-800x798.jpg\" data-fancybox=\"gallery\" data-caption=\"\"><div class=\"background\" style=\"background-image: url(https:\/\/www.visitbratislava.com\/wp-content\/uploads\/2022\/02\/92xxx22-medium-vitae-002-800x798.jpg)\"><\/div><div class=\"overlay filter-green\"><div class=\"content\"><span class=\"zoom-button\"><\/span><\/div><\/div><\/a><\/div><\/div><div class=\"grid-container__item more\"><\/div><\/div>\n","protected":false},"excerpt":{"rendered":"<p>Diese retrospektive Ausstellung ist eine kuratorische Auswahl von Werken von Miroslav Debn\u00e1r anl\u00e4sslich seines Jubil\u00e4ums<\/p>\n","protected":false},"featured_media":129685,"template":"","acf":[],"event_date":{"start_date":1643760000,"end_date":1645747200},"_links":{"self":[{"href":"https:\/\/www.visitbratislava.com\/de\/wp-json\/wp\/v2\/event\/129705"}],"collection":[{"href":"https:\/\/www.visitbratislava.com\/de\/wp-json\/wp\/v2\/event"}],"about":[{"href":"https:\/\/www.visitbratislava.com\/de\/wp-json\/wp\/v2\/types\/event"}],"version-history":[{"count":1,"href":"https:\/\/www.visitbratislava.com\/de\/wp-json\/wp\/v2\/event\/129705\/revisions"}],"predecessor-version":[{"id":129706,"href":"https:\/\/www.visitbratislava.com\/de\/wp-json\/wp\/v2\/event\/129705\/revisions\/129706"}],"wp:featuredmedia":[{"embeddable":true,"href":"https:\/\/www.visitbratislava.com\/de\/wp-json\/wp\/v2\/media\/129685"}],"wp:attachment":[{"href":"https:\/\/www.visitbratislava.com\/de\/wp-json\/wp\/v2\/media?parent=129705"}],"curies":[{"name":"wp","href":"https:\/\/api.w.org\/{rel}","templated":true}]}}

<p>Sie konzentriert sich auf die letzten drei Jahrzehnte seines aktiven Schaffens, die genau die Hälfte des Lebens des Autors darstellen, was sich schon im Namen der Ausstellung widerspiegelt. Der Zeitraum der Werkauswahl repräsentiert die Hälfte des Lebens des Autors (medium vitae).</p>
<p>Miroslav Debnár lässt Sie durch Innenaufnahmen nicht nur in öffentliche Räume blicken, die eine Inspiration sein können, sondern auch in die privaten Räumlichkeiten von Einfamilienhäusern und Wohnungen. Es repräsentiert insgesamt 30 Interieurs, die zwischen 1992 und 2022 entstanden sind.</p>
<p>Ein wesentlicher Teil der Ausstellung widmet sich der Gestaltung und Umsetzung von Innenräumen, es gibt aber auch ein breiteres Spektrum des Schaffens des Autors, das durch Überschneidungen im Architektur- und Produktdesign gekennzeichnet ist. Unkonventionelle Design-Möbelelemente und -Accessoires sind meist an ein bestimmtes Interieur und einen bestimmten Benutzer gebunden.</p>
<p>Durch Visualisierungen und insbesondere Fotodokumentationen realisierter Arbeiten gibt die Ausstellung Einblicke nicht nur in öffentliche Bereiche (Büros, Gewerbeflächen, Wellness, Hotels), sondern auch in die Privatsphäre einzelner Einfamilienhäuser und Wohnungen.</p>
<p>Die Vielfalt der Herangehensweise an die Lösung eines bestimmten Raums, ergänzt durch atypische Elemente, verleiht den Innenräumen Einzigartigkeit und zeigt Gestaltungsmöglichkeiten auf. Jedes Problem, das der Autor löst, hat eine andere Charakteristik und stellt damit eine andere Herausforderung, eine andere Wahrnehmung der Situation dar und bestimmt ein anderes Verhalten, eine andere Inspiration und eine Methodenwahl.</p>
<p>Und hier kommt die charakteristische Kreativität, Nachdenklichkeit und (Scherz) des Autors voll zum Ausdruck, die sich in der endgültigen Lösung synergetisch mit einer einzigartigen künstlerischen Vision, Liebe zum Detail und handwerklicher Präzision verbinden.</p>
<div class="grid-container"><div class="grid-container__item"><div class="block"><a href="https://www.visitbratislava.com/wp-content/uploads/2022/02/92xxx22-medium-vitae-001-800x798.jpg" data-fancybox="gallery" data-caption=""><div class="background"><img src="https://www.visitbratislava.com/wp-content/uploads/2022/02/92xxx22-medium-vitae-001-800x798.jpg" alt="foto"/></div><div class="overlay filter-blue"><div class="content"><span class="zoom-button"></span></div></div></a></div></div><div class="grid-container__item"><div class="block"><a href="https://www.visitbratislava.com/wp-content/uploads/2022/02/92xxx22-medium-vitae-002-800x798.jpg" data-fancybox="gallery" data-caption=""><div class="background" style="background-image: url(https://www.visitbratislava.com/wp-content/uploads/2022/02/92xxx22-medium-vitae-002-800x798.jpg)"></div><div class="overlay filter-green"><div class="content"><span class="zoom-button"></span></div></div></a></div></div><div class="grid-container__item more"></div></div>

<p>Diese retrospektive Ausstellung ist eine kuratorische Auswahl von Werken von Miroslav Debnár anlässlich seines Jubiläums</p>
