{"id":130182,"date":"2022-03-02T11:02:43","date_gmt":"2022-03-02T10:02:43","guid":{"rendered":"https:\/\/www.visitbratislava.com\/?post_type=event&#038;p=130182"},"modified":"2022-08-06T15:11:56","modified_gmt":"2022-08-06T13:11:56","slug":"martin-benka","status":"publish","type":"event","link":"https:\/\/www.visitbratislava.com\/de\/geschehen\/martin-benka\/","title":{"rendered":"Martin Benka"},"content":{"rendered":"<p>Martin Benka war ein slowakischer modernistischer Maler, der den Grundstein f\u00fcr die slowakische Malkultur legte. Er war ein interessanter \u201eRenaissance-Mann\u201c mit universellen k\u00fcnstlerischen Interessen in bildender Kunst, Musik und sogar Literatur.<\/p>\n<p>Der aus dem Marchauen-Tiefland stammende K\u00fcnstler reiste durch Europa, aber die slowakischen n\u00f6rdlichen Bergregionen wuchsen ihm ans Herz. Das nicht wiederkehrende Manuskript des Autors, das er entwickelt hat, spiegelt feinf\u00fchlig Bilder der slowakischen Natur wider.<\/p>\n<p>Martin Benka widmete sein Leben der \u00c4sthetik und Pflege der slowakischen Umwelt. Er war ein Liebhaber von Mozart und Beethoven, ein begabter Maler, Grafiker und Designer. Die Ausstellung zum 130. Geburtstag des K\u00fcnstlers pr\u00e4sentiert viele Aspekte seiner Pers\u00f6nlichkeit und seines vielf\u00e4ltigen Schaffens.<\/p>\n<p>Neben Malerei und Zeichnung widmete er sich auch der Grafik und der Musik. In seinem Atelier gr\u00fcndete er mit Freunden Streichquartette und veranstaltete Kammerkonzerte. Ein interessantes Merkmal in seiner Designarbeit sind quadratische &#8222;kubistische&#8220; Geigen, die freie Inspirationen von slowakischen Volksornamenten hervorrufen. Er schuf insgesamt dreizehn davon.<\/p>\n<p>Er entwarf Buchillustrationen, Briefmarken, Exlibris, Sgraffito, Banknoten und nicht zuletzt mehrere Schriftentw\u00fcrfe. In der Typografie kombinierte er Elemente aus Volkskunst, Ornamenten und nat\u00fcrlich seiner Lieblingsnatur. Nachdem er Memoiren und Reiseskizzen geschrieben hat, wurde Benkas schriftstellerischem Schaffen erst in den letzten Jahren die geb\u00fchrende Aufmerksamkeit geschenkt.<\/p>\n<p>Wie Martin Benka selbst sagte: \u201eIch w\u00fcrde sagen, dass es mir gelungen ist, das Gesicht der Slowakei in einer Art Synthese aus Menschen und Bergen einzufangen. Ich denke an meine Berge, wenn in meinem Studio in Martin die Musik von Beethoven und Mozart erklingt. Manchmal Ich nehme meine eigene Geige oder setze mich neben das Cimbalom. Mit jedem Saitenschlag preise ich die Weite unseres Landes, die Kraft unseres Volkes und die Poesie unserer ewig geheimnisvollen Berge.\u201c<\/p>\n<p>Im M\u00e4rz 1960 schenkte Martin Benka (1888\u20131971) einen wesentlichen Teil seiner Sammlung von rund 5.200 Kunstwerken, Korrespondenz und einer Bibliothek dem tschechoslowakischen Staat und kam anschlie\u00dfend unter die Verwaltung des Slowakischen Nationalmuseums. In seiner letzte Wille vermachte er dem Staat den Rest seines Nachlasses sowie Kunstgegenst\u00e4nde und die Einrichtung seines Atelierhauses in Martin, einer gr\u00f6\u00dferen Stadt im Norden der Slowakei. Hier er\u00f6ffneten die Slowakischen Nationalmuseen in Martin 1972 das Martin-Benka-Museum.<\/p>\n<div class=\"grid-container\"><div class=\"grid-container__item\"><div class=\"block\"><a href=\"https:\/\/www.visitbratislava.com\/wp-content\/uploads\/2022\/03\/Martin-Benka-000-800x533.jpg\" data-fancybox=\"gallery\" data-caption=\"\"><div class=\"background\"><img src=\"https:\/\/www.visitbratislava.com\/wp-content\/uploads\/2022\/03\/Martin-Benka-000-800x533.jpg\" alt=\"foto\"\/><\/div><div class=\"overlay filter-blue\"><div class=\"content\"><span class=\"zoom-button\"><\/span><\/div><\/div><\/a><\/div><\/div><div class=\"grid-container__item\"><div class=\"block\"><a href=\"https:\/\/www.visitbratislava.com\/wp-content\/uploads\/2022\/03\/Martin-Benka-001-800x533.jpg\" data-fancybox=\"gallery\" data-caption=\"\"><div class=\"background\" style=\"background-image: url(https:\/\/www.visitbratislava.com\/wp-content\/uploads\/2022\/03\/Martin-Benka-001-800x533.jpg)\"><\/div><div class=\"overlay filter-green\"><div class=\"content\"><span class=\"zoom-button\"><\/span><\/div><\/div><\/a><\/div><\/div><div class=\"grid-container__item\"><div class=\"block\" ><a href=\"https:\/\/www.visitbratislava.com\/wp-content\/uploads\/2022\/03\/Martin-Benka-002-800x533.jpg\" data-fancybox=\"gallery\" data-caption=\"\"><div class=\"background\" style=\"background-image: url(https:\/\/www.visitbratislava.com\/wp-content\/uploads\/2022\/03\/Martin-Benka-002-800x533.jpg)\"><\/div><div class=\"overlay filter-orange\"><div class=\"content\"><span class=\"zoom-button\"><\/span><\/div><\/div><\/a><\/div><\/div><div class=\"grid-container__item\"><div class=\"block\"><a href=\"https:\/\/www.visitbratislava.com\/wp-content\/uploads\/2022\/03\/Martin-Benka-003-800x533.jpg\" data-fancybox=\"gallery\" data-caption=\"\"><div class=\"background\" style=\"background-image: url(https:\/\/www.visitbratislava.com\/wp-content\/uploads\/2022\/03\/Martin-Benka-003-800x533.jpg)\"><\/div><div class=\"overlay filter-purple\"><div class=\"content\"><span class=\"zoom-button\"><\/span><\/div><\/div><\/a><\/div><\/div><div class=\"grid-container__item more\"><\/div><\/div>\n","protected":false},"excerpt":{"rendered":"<p>Der dritte Stock der Burg Bratislava wurde zu einem vor\u00fcbergehenden Zuhause f\u00fcr Werke von Martin Benka<\/p>\n","protected":false},"featured_media":130131,"template":"","acf":[],"event_date":{"start_date":1537488000,"end_date":1682899200},"_links":{"self":[{"href":"https:\/\/www.visitbratislava.com\/de\/wp-json\/wp\/v2\/event\/130182"}],"collection":[{"href":"https:\/\/www.visitbratislava.com\/de\/wp-json\/wp\/v2\/event"}],"about":[{"href":"https:\/\/www.visitbratislava.com\/de\/wp-json\/wp\/v2\/types\/event"}],"version-history":[{"count":2,"href":"https:\/\/www.visitbratislava.com\/de\/wp-json\/wp\/v2\/event\/130182\/revisions"}],"predecessor-version":[{"id":130184,"href":"https:\/\/www.visitbratislava.com\/de\/wp-json\/wp\/v2\/event\/130182\/revisions\/130184"}],"wp:featuredmedia":[{"embeddable":true,"href":"https:\/\/www.visitbratislava.com\/de\/wp-json\/wp\/v2\/media\/130131"}],"wp:attachment":[{"href":"https:\/\/www.visitbratislava.com\/de\/wp-json\/wp\/v2\/media?parent=130182"}],"curies":[{"name":"wp","href":"https:\/\/api.w.org\/{rel}","templated":true}]}}

<p>Martin Benka war ein slowakischer modernistischer Maler, der den Grundstein für die slowakische Malkultur legte. Er war ein interessanter „Renaissance-Mann“ mit universellen künstlerischen Interessen in bildender Kunst, Musik und sogar Literatur.</p>
<p>Der aus dem Marchauen-Tiefland stammende Künstler reiste durch Europa, aber die slowakischen nördlichen Bergregionen wuchsen ihm ans Herz. Das nicht wiederkehrende Manuskript des Autors, das er entwickelt hat, spiegelt feinfühlig Bilder der slowakischen Natur wider.</p>
<p>Martin Benka widmete sein Leben der Ästhetik und Pflege der slowakischen Umwelt. Er war ein Liebhaber von Mozart und Beethoven, ein begabter Maler, Grafiker und Designer. Die Ausstellung zum 130. Geburtstag des Künstlers präsentiert viele Aspekte seiner Persönlichkeit und seines vielfältigen Schaffens.</p>
<p>Neben Malerei und Zeichnung widmete er sich auch der Grafik und der Musik. In seinem Atelier gründete er mit Freunden Streichquartette und veranstaltete Kammerkonzerte. Ein interessantes Merkmal in seiner Designarbeit sind quadratische &#8222;kubistische&#8220; Geigen, die freie Inspirationen von slowakischen Volksornamenten hervorrufen. Er schuf insgesamt dreizehn davon.</p>
<p>Er entwarf Buchillustrationen, Briefmarken, Exlibris, Sgraffito, Banknoten und nicht zuletzt mehrere Schriftentwürfe. In der Typografie kombinierte er Elemente aus Volkskunst, Ornamenten und natürlich seiner Lieblingsnatur. Nachdem er Memoiren und Reiseskizzen geschrieben hat, wurde Benkas schriftstellerischem Schaffen erst in den letzten Jahren die gebührende Aufmerksamkeit geschenkt.</p>
<p>Wie Martin Benka selbst sagte: „Ich würde sagen, dass es mir gelungen ist, das Gesicht der Slowakei in einer Art Synthese aus Menschen und Bergen einzufangen. Ich denke an meine Berge, wenn in meinem Studio in Martin die Musik von Beethoven und Mozart erklingt. Manchmal Ich nehme meine eigene Geige oder setze mich neben das Cimbalom. Mit jedem Saitenschlag preise ich die Weite unseres Landes, die Kraft unseres Volkes und die Poesie unserer ewig geheimnisvollen Berge.“</p>
<p>Im März 1960 schenkte Martin Benka (1888–1971) einen wesentlichen Teil seiner Sammlung von rund 5.200 Kunstwerken, Korrespondenz und einer Bibliothek dem tschechoslowakischen Staat und kam anschließend unter die Verwaltung des Slowakischen Nationalmuseums. In seiner letzte Wille vermachte er dem Staat den Rest seines Nachlasses sowie Kunstgegenstände und die Einrichtung seines Atelierhauses in Martin, einer größeren Stadt im Norden der Slowakei. Hier eröffneten die Slowakischen Nationalmuseen in Martin 1972 das Martin-Benka-Museum.</p>
<div class="grid-container"><div class="grid-container__item"><div class="block"><a href="https://www.visitbratislava.com/wp-content/uploads/2022/03/Martin-Benka-000-800x533.jpg" data-fancybox="gallery" data-caption=""><div class="background"><img src="https://www.visitbratislava.com/wp-content/uploads/2022/03/Martin-Benka-000-800x533.jpg" alt="foto"/></div><div class="overlay filter-blue"><div class="content"><span class="zoom-button"></span></div></div></a></div></div><div class="grid-container__item"><div class="block"><a href="https://www.visitbratislava.com/wp-content/uploads/2022/03/Martin-Benka-001-800x533.jpg" data-fancybox="gallery" data-caption=""><div class="background" style="background-image: url(https://www.visitbratislava.com/wp-content/uploads/2022/03/Martin-Benka-001-800x533.jpg)"></div><div class="overlay filter-green"><div class="content"><span class="zoom-button"></span></div></div></a></div></div><div class="grid-container__item"><div class="block" ><a href="https://www.visitbratislava.com/wp-content/uploads/2022/03/Martin-Benka-002-800x533.jpg" data-fancybox="gallery" data-caption=""><div class="background" style="background-image: url(https://www.visitbratislava.com/wp-content/uploads/2022/03/Martin-Benka-002-800x533.jpg)"></div><div class="overlay filter-orange"><div class="content"><span class="zoom-button"></span></div></div></a></div></div><div class="grid-container__item"><div class="block"><a href="https://www.visitbratislava.com/wp-content/uploads/2022/03/Martin-Benka-003-800x533.jpg" data-fancybox="gallery" data-caption=""><div class="background" style="background-image: url(https://www.visitbratislava.com/wp-content/uploads/2022/03/Martin-Benka-003-800x533.jpg)"></div><div class="overlay filter-purple"><div class="content"><span class="zoom-button"></span></div></div></a></div></div><div class="grid-container__item more"></div></div>

<p>Der dritte Stock der Burg Bratislava wurde zu einem vorübergehenden Zuhause für Werke von Martin Benka</p>
