{"id":136077,"date":"2022-04-26T16:38:51","date_gmt":"2022-04-26T14:38:51","guid":{"rendered":"https:\/\/www.visitbratislava.com\/?post_type=event&#038;p=136077"},"modified":"2025-04-23T09:20:43","modified_gmt":"2025-04-23T07:20:43","slug":"festival-der-ueberlieferten-tradition","status":"publish","type":"event","link":"https:\/\/www.visitbratislava.com\/de\/geschehen\/festival-der-ueberlieferten-tradition\/","title":{"rendered":"Festival der \u00fcberlieferten Tradition"},"content":{"rendered":"<h3 data-start=\"1034\" data-end=\"1057\">Programmh\u00f6hepunkte:<\/h3>\n<p class=\"\" data-start=\"1061\" data-end=\"1179\"><strong data-start=\"1061\" data-end=\"1093\">Freitag, 16. Mai, 19:00 Uhr:<\/strong> <span class=\"relative -mx-px my-[-0.2rem] rounded px-px py-[0.2rem] transition-colors duration-100 ease-in-out\">Das Festival wird mit einem einzigartigen k\u00fcnstlerisch-diskursiven Format &#8222;tRadovanie mit&#8230;&#8220; er\u00f6ffnet, bei dem Al\u017ebeta Luk\u00e1\u010dov\u00e1, Samo Smetana, Jacqueline Rudavsky und Michal Veselsk\u00fd auftreten \u2013 bedeutende Pers\u00f6nlichkeiten aus Musik, bildender und darstellender Kunst, die mit traditioneller Kultur und deren originellen \u00dcberschneidungen in die zeitgen\u00f6ssische Kunst arbeiten.<\/span>\u200b<\/p>\n<div class=\"grid-container\"><div class=\"grid-container__item\"><div class=\"block\"><a href=\"https:\/\/www.visitbratislava.com\/wp-content\/uploads\/2022\/04\/Peter-Vajda-2-800x800.jpg\" data-fancybox=\"gallery\" data-caption=\"\"><div class=\"background\"><img src=\"https:\/\/www.visitbratislava.com\/wp-content\/uploads\/2022\/04\/Peter-Vajda-2-800x800.jpg\" alt=\"foto\"\/><\/div><div class=\"overlay filter-blue\"><div class=\"content\"><span class=\"zoom-button\"><\/span><\/div><\/div><\/a><\/div><\/div><div class=\"grid-container__item\"><div class=\"block\"><a href=\"https:\/\/www.visitbratislava.com\/wp-content\/uploads\/2022\/04\/od-zeme1-800x800.jpg\" data-fancybox=\"gallery\" data-caption=\"\"><div class=\"background\" style=\"background-image: url(https:\/\/www.visitbratislava.com\/wp-content\/uploads\/2022\/04\/od-zeme1-800x800.jpg)\"><\/div><div class=\"overlay filter-green\"><div class=\"content\"><span class=\"zoom-button\"><\/span><\/div><\/div><\/a><\/div><\/div><div class=\"grid-container__item more\"><\/div><\/div>\n<p class=\"\" data-start=\"1183\" data-end=\"1344\"><strong data-start=\"1183\" data-end=\"1218\">Samstag, 17. Mai, ab 10:00 Uhr:<\/strong> <span class=\"relative -mx-px my-[-0.2rem] rounded px-px py-[0.2rem] transition-colors duration-100 ease-in-out\">Das gesamte UMELKA-Gel\u00e4nde (Garten, Pavillon und Galerie) wird Gastgeber f\u00fcr erlebnisorientierte Tanz-, Musik- und Kreativworkshops mit Meistern ihres Fachs f\u00fcr alle Altersgruppen sein.<\/span> <span class=\"relative -mx-px my-[-0.2rem] rounded px-px py-[0.2rem] transition-colors duration-100 ease-in-out\">Neben einer Vielzahl von Aktivit\u00e4ten f\u00fcr Kinder und deren Eltern, Jugendliche, Erwachsene und Senioren wird das Programm eine spezielle &#8222;Ruhezone&#8220; f\u00fcr Besucher mit erh\u00f6hter sensorischer Empfindlichkeit umfassen (in Zusammenarbeit mit dem Verein Pr\u00edmerie).<\/span>\u200b<\/p>\n<div class=\"grid-container\"><div class=\"grid-container__item\"><div class=\"block\"><a href=\"https:\/\/www.visitbratislava.com\/wp-content\/uploads\/2022\/04\/Divadlo-z-domc\u030ceka-800x800.jpg\" data-fancybox=\"gallery\" data-caption=\"\"><div class=\"background\"><img src=\"https:\/\/www.visitbratislava.com\/wp-content\/uploads\/2022\/04\/Divadlo-z-domc\u030ceka-800x800.jpg\" alt=\"foto\"\/><\/div><div class=\"overlay filter-blue\"><div class=\"content\"><span class=\"zoom-button\"><\/span><\/div><\/div><\/a><\/div><\/div><div class=\"grid-container__item\"><div class=\"block\"><a href=\"https:\/\/www.visitbratislava.com\/wp-content\/uploads\/2022\/04\/Cirkus-Folklorikus-800x800.jpg\" data-fancybox=\"gallery\" data-caption=\"\"><div class=\"background\" style=\"background-image: url(https:\/\/www.visitbratislava.com\/wp-content\/uploads\/2022\/04\/Cirkus-Folklorikus-800x800.jpg)\"><\/div><div class=\"overlay filter-green\"><div class=\"content\"><span class=\"zoom-button\"><\/span><\/div><\/div><\/a><\/div><\/div><div class=\"grid-container__item more\"><\/div><\/div>\n<p>\ud83c\udfab <a href=\"https:\/\/goout.net\/de\/tickets\/festival-tradovania-2025\/kyheb\/\" target=\"_blank\" rel=\"noopener\"><strong>Tickets<\/strong><\/a><\/p>\n","protected":false},"excerpt":{"rendered":"<p>Das interaktive Folklorefest in Fr\u00fchlingskleidung bringt ein Festzelt voller Freude, ein ganzt\u00e4giges Programm, Erlebnistanz, Musik und Kreativworkshops mit Meistern ihres Fachs und interaktive Kunstproduktionen f\u00fcr Jung und Alt.<\/p>\n","protected":false},"featured_media":290098,"template":"","acf":[],"event_date":{"start_date":1747353600,"end_date":1747440000},"_links":{"self":[{"href":"https:\/\/www.visitbratislava.com\/de\/wp-json\/wp\/v2\/event\/136077"}],"collection":[{"href":"https:\/\/www.visitbratislava.com\/de\/wp-json\/wp\/v2\/event"}],"about":[{"href":"https:\/\/www.visitbratislava.com\/de\/wp-json\/wp\/v2\/types\/event"}],"version-history":[{"count":11,"href":"https:\/\/www.visitbratislava.com\/de\/wp-json\/wp\/v2\/event\/136077\/revisions"}],"predecessor-version":[{"id":335132,"href":"https:\/\/www.visitbratislava.com\/de\/wp-json\/wp\/v2\/event\/136077\/revisions\/335132"}],"wp:featuredmedia":[{"embeddable":true,"href":"https:\/\/www.visitbratislava.com\/de\/wp-json\/wp\/v2\/media\/290098"}],"wp:attachment":[{"href":"https:\/\/www.visitbratislava.com\/de\/wp-json\/wp\/v2\/media?parent=136077"}],"curies":[{"name":"wp","href":"https:\/\/api.w.org\/{rel}","templated":true}]}}

Festival der überlieferten Tradition

<h3 data-start="1034" data-end="1057">Programmhöhepunkte:</h3>
<p class="" data-start="1061" data-end="1179"><strong data-start="1061" data-end="1093">Freitag, 16. Mai, 19:00 Uhr:</strong> <span class="relative -mx-px my-[-0.2rem] rounded px-px py-[0.2rem] transition-colors duration-100 ease-in-out">Das Festival wird mit einem einzigartigen künstlerisch-diskursiven Format &#8222;tRadovanie mit&#8230;&#8220; eröffnet, bei dem Alžbeta Lukáčová, Samo Smetana, Jacqueline Rudavsky und Michal Veselský auftreten – bedeutende Persönlichkeiten aus Musik, bildender und darstellender Kunst, die mit traditioneller Kultur und deren originellen Überschneidungen in die zeitgenössische Kunst arbeiten.</span>​</p>
<div class="grid-container"><div class="grid-container__item"><div class="block"><a href="https://www.visitbratislava.com/wp-content/uploads/2022/04/Peter-Vajda-2-800x800.jpg" data-fancybox="gallery" data-caption=""><div class="background"><img src="https://www.visitbratislava.com/wp-content/uploads/2022/04/Peter-Vajda-2-800x800.jpg" alt="foto"/></div><div class="overlay filter-blue"><div class="content"><span class="zoom-button"></span></div></div></a></div></div><div class="grid-container__item"><div class="block"><a href="https://www.visitbratislava.com/wp-content/uploads/2022/04/od-zeme1-800x800.jpg" data-fancybox="gallery" data-caption=""><div class="background" style="background-image: url(https://www.visitbratislava.com/wp-content/uploads/2022/04/od-zeme1-800x800.jpg)"></div><div class="overlay filter-green"><div class="content"><span class="zoom-button"></span></div></div></a></div></div><div class="grid-container__item more"></div></div>
<p class="" data-start="1183" data-end="1344"><strong data-start="1183" data-end="1218">Samstag, 17. Mai, ab 10:00 Uhr:</strong> <span class="relative -mx-px my-[-0.2rem] rounded px-px py-[0.2rem] transition-colors duration-100 ease-in-out">Das gesamte UMELKA-Gelände (Garten, Pavillon und Galerie) wird Gastgeber für erlebnisorientierte Tanz-, Musik- und Kreativworkshops mit Meistern ihres Fachs für alle Altersgruppen sein.</span> <span class="relative -mx-px my-[-0.2rem] rounded px-px py-[0.2rem] transition-colors duration-100 ease-in-out">Neben einer Vielzahl von Aktivitäten für Kinder und deren Eltern, Jugendliche, Erwachsene und Senioren wird das Programm eine spezielle &#8222;Ruhezone&#8220; für Besucher mit erhöhter sensorischer Empfindlichkeit umfassen (in Zusammenarbeit mit dem Verein Prímerie).</span>​</p>
<div class="grid-container"><div class="grid-container__item"><div class="block"><a href="https://www.visitbratislava.com/wp-content/uploads/2022/04/Divadlo-z-domčeka-800x800.jpg" data-fancybox="gallery" data-caption=""><div class="background"><img src="https://www.visitbratislava.com/wp-content/uploads/2022/04/Divadlo-z-domčeka-800x800.jpg" alt="foto"/></div><div class="overlay filter-blue"><div class="content"><span class="zoom-button"></span></div></div></a></div></div><div class="grid-container__item"><div class="block"><a href="https://www.visitbratislava.com/wp-content/uploads/2022/04/Cirkus-Folklorikus-800x800.jpg" data-fancybox="gallery" data-caption=""><div class="background" style="background-image: url(https://www.visitbratislava.com/wp-content/uploads/2022/04/Cirkus-Folklorikus-800x800.jpg)"></div><div class="overlay filter-green"><div class="content"><span class="zoom-button"></span></div></div></a></div></div><div class="grid-container__item more"></div></div>
<p>🎫 <a href="https://goout.net/de/tickets/festival-tradovania-2025/kyheb/" target="_blank" rel="noopener"><strong>Tickets</strong></a></p>

<p>Das interaktive Folklorefest in Frühlingskleidung bringt ein Festzelt voller Freude, ein ganztägiges Programm, Erlebnistanz, Musik und Kreativworkshops mit Meistern ihres Fachs und interaktive Kunstproduktionen für Jung und Alt.</p>
