{"id":136296,"date":"2022-04-28T00:00:14","date_gmt":"2022-04-27T22:00:14","guid":{"rendered":"https:\/\/www.visitbratislava.com\/?post_type=event&#038;p=136296"},"modified":"2022-08-06T15:11:05","modified_gmt":"2022-08-06T13:11:05","slug":"vom-boden","status":"publish","type":"event","link":"https:\/\/www.visitbratislava.com\/de\/geschehen\/vom-boden\/","title":{"rendered":"Vom Boden"},"content":{"rendered":"<p>W\u00e4hrend des \u00fcberlieferten au\u00dfergew\u00f6hnlichen <a href=\"https:\/\/www.visitbratislava.com\/de\/geschehen\/festival-der-ueberlieferten-tradition\/\" target=\"_blank\" rel=\"noopener\"><strong>Festivals der \u00fcberlieferten Tradition<\/strong><\/a> k\u00f6nnen Sie sich auf eine originelle Musical- und Tanzproduktion freuen, die sich an den Wurzeln der Vlacher Pastoralkultur orientiert. Sie deckt diese Kultur auf und interpretiert sie f\u00fcr das zeitgen\u00f6ssische Publikum. Das Kunstwerk entstand aus dem Thema Franti\u0161ek Morong als Teil der Folklab Kunstvermittlungsplattform, die zusammen mit dem Festival unter dem Dach der NRO Drag\u00fani steht.<\/p>\n<p>Am Donnerstag, den 28. April um 19.30 Uhr k\u00f6nnen Sie im L S Studio in die slowakischen Schafszuchtgebiete umsteigen und die k\u00fcnstlerische Umsetzung der alpinen Landwirtschaftskultur genie\u00dfen. Das Autorenteam, bestehend aus den Choreografen Franti\u0161ek Morong und Radoslav Piovar\u010di mit dem Musiker Dalibor Kocian alias Stron, stellt f\u00fcnf stilvolle und k\u00fcnstlerisch unverwechselbare T\u00e4nzer in die Theaterarena.<\/p>\n<p>Die Vlacher Pastoralkultur ist in vielen kulturellen und k\u00fcnstlerischen Ausdrucksformen auf dem Gebiet der heutigen Slowakei deutlich erhalten geblieben. Diese B\u00fchneninszenierung wurde nicht versehentlich in das Festivalprogramm aufgenommen. Ende April ist eine Zeit, in der selbst echte Hirten und Hirten nach einer Winterpause Schafe feierlich zu den Schaffarmen vertreiben.<\/p>\n<p>Kommen Sie und sehen Sie, wie Ondrej Galbi\u010dka, J\u00e1n Mich\u00e1lik, Jakub Santer, J\u00e1n Z\u00e1borsk\u00fd und Michal Z\u00e1bra\u017en\u00fd dieses Thema darstellen. Die Kost\u00fcme wurden von Eva Olex\u00edkov\u00e1 und Luk\u00e1\u0161 Jur\u010do entworfen, w\u00e4hrend J\u00e1n Pta\u010din sich um Szenografie und Lichtgestaltung k\u00fcmmerte. Milan Herich, J\u00e1n Mich\u00e1lik, Fero Morong und Radoslav Piovar\u010di betreuten die Bewegungsvorbereitung der T\u00e4nzer und Barbora Morongov\u00e1 arbeitete professionell an der Produktion mit.<\/p>\n<p>Im Rahmen der Kunstvermittlungsplattform FolkLab (Folklore Labor) entstand eine eigenartige autoristische und interpretative Aussage &#8222;From the ground&#8220;, die K\u00fcnstlerinnen und K\u00fcnstler aus verschiedenen Kunstbereichen miteinander verbindet, um eine gegenseitige kreative Autorenkooperation im Hinblick auf das Erlernen traditioneller Kultur zu initiieren und anzuregen und nach wechselseitig inspirierenden und inspirierenden Wegen ihrer \u00f6ffentlichen Pr\u00e4sentation zu suchen. Das Kreativteam entschl\u00fcsselt und reflektiert das Bild der Vlacher Pastoralkultur und Heimat f\u00fcr sich.<\/p>\n<p>Klicken Sie auf das Banner, um die Facebook-Veranstaltungsseite anzuzeigen:<\/p>\n<p><a href=\"https:\/\/www.facebook.com\/events\/308388154565797\" target=\"_blank\" rel=\"noopener\"><img loading=\"lazy\" class=\"aligncenter wp-image-136281 size-full\" src=\"https:\/\/www.visitbratislava.com\/wp-content\/uploads\/2022\/04\/Od-zeme-Banner-001.jpg\" alt=\"Veranstaltung auf Facebook\" width=\"1418\" height=\"458\" srcset=\"https:\/\/www.visitbratislava.com\/wp-content\/uploads\/2022\/04\/Od-zeme-Banner-001.jpg 1418w, https:\/\/www.visitbratislava.com\/wp-content\/uploads\/2022\/04\/Od-zeme-Banner-001-400x129.jpg 400w, https:\/\/www.visitbratislava.com\/wp-content\/uploads\/2022\/04\/Od-zeme-Banner-001-800x258.jpg 800w, https:\/\/www.visitbratislava.com\/wp-content\/uploads\/2022\/04\/Od-zeme-Banner-001-768x248.jpg 768w, https:\/\/www.visitbratislava.com\/wp-content\/uploads\/2022\/04\/Od-zeme-Banner-001-200x65.jpg 200w\" sizes=\"(max-width: 1418px) 100vw, 1418px\" \/><\/a><\/p>\n<p>Klicken Sie auf das Poster, um Tickets zu kaufen:<\/p>\n<p><a href=\"https:\/\/predpredaj.zoznam.sk\/sk\/listky\/od-zeme-2022-04-28\/\" target=\"_blank\" rel=\"noopener\"><img loading=\"lazy\" class=\"aligncenter wp-image-136289 size-full\" src=\"https:\/\/www.visitbratislava.com\/wp-content\/uploads\/2022\/04\/Od-zeme-28APR22-Poster-001-scaled.jpg\" alt=\"Tickets Purchase\" width=\"1811\" height=\"2560\" srcset=\"https:\/\/www.visitbratislava.com\/wp-content\/uploads\/2022\/04\/Od-zeme-28APR22-Poster-001-scaled.jpg 1811w, https:\/\/www.visitbratislava.com\/wp-content\/uploads\/2022\/04\/Od-zeme-28APR22-Poster-001-283x400.jpg 283w, https:\/\/www.visitbratislava.com\/wp-content\/uploads\/2022\/04\/Od-zeme-28APR22-Poster-001-566x800.jpg 566w, https:\/\/www.visitbratislava.com\/wp-content\/uploads\/2022\/04\/Od-zeme-28APR22-Poster-001-768x1086.jpg 768w, https:\/\/www.visitbratislava.com\/wp-content\/uploads\/2022\/04\/Od-zeme-28APR22-Poster-001-1086x1536.jpg 1086w, https:\/\/www.visitbratislava.com\/wp-content\/uploads\/2022\/04\/Od-zeme-28APR22-Poster-001-1448x2048.jpg 1448w, https:\/\/www.visitbratislava.com\/wp-content\/uploads\/2022\/04\/Od-zeme-28APR22-Poster-001-141x200.jpg 141w\" sizes=\"(max-width: 1811px) 100vw, 1811px\" \/><\/a><\/p>\n","protected":false},"excerpt":{"rendered":"<p>Lassen Sie sich von der Show verzaubern, die Sie zu den Wurzeln zur\u00fcckf\u00fchrt. Zum Anfang, vom Boden<\/p>\n","protected":false},"featured_media":136281,"template":"","acf":[],"event_date":{"start_date":1651104000,"end_date":1651104000},"_links":{"self":[{"href":"https:\/\/www.visitbratislava.com\/de\/wp-json\/wp\/v2\/event\/136296"}],"collection":[{"href":"https:\/\/www.visitbratislava.com\/de\/wp-json\/wp\/v2\/event"}],"about":[{"href":"https:\/\/www.visitbratislava.com\/de\/wp-json\/wp\/v2\/types\/event"}],"version-history":[{"count":2,"href":"https:\/\/www.visitbratislava.com\/de\/wp-json\/wp\/v2\/event\/136296\/revisions"}],"predecessor-version":[{"id":136299,"href":"https:\/\/www.visitbratislava.com\/de\/wp-json\/wp\/v2\/event\/136296\/revisions\/136299"}],"wp:featuredmedia":[{"embeddable":true,"href":"https:\/\/www.visitbratislava.com\/de\/wp-json\/wp\/v2\/media\/136281"}],"wp:attachment":[{"href":"https:\/\/www.visitbratislava.com\/de\/wp-json\/wp\/v2\/media?parent=136296"}],"curies":[{"name":"wp","href":"https:\/\/api.w.org\/{rel}","templated":true}]}}

<p>Während des überlieferten außergewöhnlichen <a href="https://www.visitbratislava.com/de/geschehen/festival-der-ueberlieferten-tradition/" target="_blank" rel="noopener"><strong>Festivals der überlieferten Tradition</strong></a> können Sie sich auf eine originelle Musical- und Tanzproduktion freuen, die sich an den Wurzeln der Vlacher Pastoralkultur orientiert. Sie deckt diese Kultur auf und interpretiert sie für das zeitgenössische Publikum. Das Kunstwerk entstand aus dem Thema František Morong als Teil der Folklab Kunstvermittlungsplattform, die zusammen mit dem Festival unter dem Dach der NRO Dragúni steht.</p>
<p>Am Donnerstag, den 28. April um 19.30 Uhr können Sie im L S Studio in die slowakischen Schafszuchtgebiete umsteigen und die künstlerische Umsetzung der alpinen Landwirtschaftskultur genießen. Das Autorenteam, bestehend aus den Choreografen František Morong und Radoslav Piovarči mit dem Musiker Dalibor Kocian alias Stron, stellt fünf stilvolle und künstlerisch unverwechselbare Tänzer in die Theaterarena.</p>
<p>Die Vlacher Pastoralkultur ist in vielen kulturellen und künstlerischen Ausdrucksformen auf dem Gebiet der heutigen Slowakei deutlich erhalten geblieben. Diese Bühneninszenierung wurde nicht versehentlich in das Festivalprogramm aufgenommen. Ende April ist eine Zeit, in der selbst echte Hirten und Hirten nach einer Winterpause Schafe feierlich zu den Schaffarmen vertreiben.</p>
<p>Kommen Sie und sehen Sie, wie Ondrej Galbička, Ján Michálik, Jakub Santer, Ján Záborský und Michal Zábražný dieses Thema darstellen. Die Kostüme wurden von Eva Olexíková und Lukáš Jurčo entworfen, während Ján Ptačin sich um Szenografie und Lichtgestaltung kümmerte. Milan Herich, Ján Michálik, Fero Morong und Radoslav Piovarči betreuten die Bewegungsvorbereitung der Tänzer und Barbora Morongová arbeitete professionell an der Produktion mit.</p>
<p>Im Rahmen der Kunstvermittlungsplattform FolkLab (Folklore Labor) entstand eine eigenartige autoristische und interpretative Aussage &#8222;From the ground&#8220;, die Künstlerinnen und Künstler aus verschiedenen Kunstbereichen miteinander verbindet, um eine gegenseitige kreative Autorenkooperation im Hinblick auf das Erlernen traditioneller Kultur zu initiieren und anzuregen und nach wechselseitig inspirierenden und inspirierenden Wegen ihrer öffentlichen Präsentation zu suchen. Das Kreativteam entschlüsselt und reflektiert das Bild der Vlacher Pastoralkultur und Heimat für sich.</p>
<p>Klicken Sie auf das Banner, um die Facebook-Veranstaltungsseite anzuzeigen:</p>
<p><a href="https://www.facebook.com/events/308388154565797" target="_blank" rel="noopener"><img loading="lazy" class="aligncenter wp-image-136281 size-full" src="https://www.visitbratislava.com/wp-content/uploads/2022/04/Od-zeme-Banner-001.jpg" alt="Veranstaltung auf Facebook" width="1418" height="458" srcset="https://www.visitbratislava.com/wp-content/uploads/2022/04/Od-zeme-Banner-001.jpg 1418w, https://www.visitbratislava.com/wp-content/uploads/2022/04/Od-zeme-Banner-001-400x129.jpg 400w, https://www.visitbratislava.com/wp-content/uploads/2022/04/Od-zeme-Banner-001-800x258.jpg 800w, https://www.visitbratislava.com/wp-content/uploads/2022/04/Od-zeme-Banner-001-768x248.jpg 768w, https://www.visitbratislava.com/wp-content/uploads/2022/04/Od-zeme-Banner-001-200x65.jpg 200w" sizes="(max-width: 1418px) 100vw, 1418px" /></a></p>
<p>Klicken Sie auf das Poster, um Tickets zu kaufen:</p>
<p><a href="https://predpredaj.zoznam.sk/sk/listky/od-zeme-2022-04-28/" target="_blank" rel="noopener"><img loading="lazy" class="aligncenter wp-image-136289 size-full" src="https://www.visitbratislava.com/wp-content/uploads/2022/04/Od-zeme-28APR22-Poster-001-scaled.jpg" alt="Tickets Purchase" width="1811" height="2560" srcset="https://www.visitbratislava.com/wp-content/uploads/2022/04/Od-zeme-28APR22-Poster-001-scaled.jpg 1811w, https://www.visitbratislava.com/wp-content/uploads/2022/04/Od-zeme-28APR22-Poster-001-283x400.jpg 283w, https://www.visitbratislava.com/wp-content/uploads/2022/04/Od-zeme-28APR22-Poster-001-566x800.jpg 566w, https://www.visitbratislava.com/wp-content/uploads/2022/04/Od-zeme-28APR22-Poster-001-768x1086.jpg 768w, https://www.visitbratislava.com/wp-content/uploads/2022/04/Od-zeme-28APR22-Poster-001-1086x1536.jpg 1086w, https://www.visitbratislava.com/wp-content/uploads/2022/04/Od-zeme-28APR22-Poster-001-1448x2048.jpg 1448w, https://www.visitbratislava.com/wp-content/uploads/2022/04/Od-zeme-28APR22-Poster-001-141x200.jpg 141w" sizes="(max-width: 1811px) 100vw, 1811px" /></a></p>

<p>Lassen Sie sich von der Show verzaubern, die Sie zu den Wurzeln zurückführt. Zum Anfang, vom Boden</p>
