{"id":143571,"date":"2022-07-15T15:29:15","date_gmt":"2022-07-15T13:29:15","guid":{"rendered":"https:\/\/www.visitbratislava.com\/?post_type=event&#038;p=143571"},"modified":"2022-08-06T15:09:10","modified_gmt":"2022-08-06T13:09:10","slug":"uebergabe-der-jaehrlichen-euro-muenze","status":"publish","type":"event","link":"https:\/\/www.visitbratislava.com\/de\/geschehen\/uebergabe-der-jaehrlichen-euro-muenze\/","title":{"rendered":"\u00dcbergabe der j\u00e4hrlichen Euro-M\u00fcnze"},"content":{"rendered":"<p>Es wurde in limitierter Auflage von der Slowakischen Nationalbank produziert und wird am letzten Samstag im Juli an die Vertreter der Stadt \u00fcbergeben.<\/p>\n<p>Die 100-\u20ac-Goldsammler-Euro-M\u00fcnze wird sowohl Sammlern als auch Geschichtsliebhabern gefallen. Im M\u00fcnzhaus Kremnica wurden insgesamt 4.200 von Karol Li\u010dko entworfene Euro-M\u00fcnzen in Proof-Qualit\u00e4t hergestellt.<\/p>\n<p>Die M\u00fcnze, die anl\u00e4sslich des 450. Jahrestages der Kr\u00f6nung von Kaiser Rudolf II. von Deutschland ausgegeben wurde, wird am 30. Juli zwischen 14 und 15 Uhr w\u00e4hrend der Kr\u00f6nungstage in Bratislava im Rahmen des Programms auf dem Hauptplatz eingef\u00fchrt. Es wird sp\u00e4ter im Museum der Stadt Bratislava ausgestellt.<\/p>\n<p>Ein Bild der ungarischen k\u00f6niglichen Krone nimmt den unteren Teil der Vorderseite ein und steht vor einer historischen Bratislava-Darstellung, die das Zentrum des Entwurfs ausf\u00fcllt. Der Name des Ausstellungslandes \u201eSLOVENSKO\u201c befindet sich am oberen Rand des Musters, direkt \u00fcber dem slowakischen Wappen. Zwischen dem linken unteren Rand und der Krone erscheint das Ausstellungsjahr \u20182022\u2019. Rechts neben der Krone befindet sich das M\u00fcnzzeichen der M\u00fcnzhaus Kremnica (Mincov\u0148a Kremnica), bestehend aus den Buchstaben \u201eMK\u201c zwischen zwei Pr\u00e4gestempeln und den stilisierten Buchstaben \u201eKL\u201c, die sich auf den M\u00fcnzdesigner Karol Li\u010dko beziehen.<\/p>\n<p><img loading=\"lazy\" width=\"2560\" height=\"2560\" class=\"alignleft size-full wp-image-143558\" src=\"https:\/\/www.visitbratislava.com\/wp-content\/uploads\/2022\/07\/Rudolf-450-lic-scaled.jpg\" alt=\"\" srcset=\"https:\/\/www.visitbratislava.com\/wp-content\/uploads\/2022\/07\/Rudolf-450-lic-scaled.jpg 2560w, https:\/\/www.visitbratislava.com\/wp-content\/uploads\/2022\/07\/Rudolf-450-lic-400x400.jpg 400w, https:\/\/www.visitbratislava.com\/wp-content\/uploads\/2022\/07\/Rudolf-450-lic-800x800.jpg 800w, https:\/\/www.visitbratislava.com\/wp-content\/uploads\/2022\/07\/Rudolf-450-lic-150x150.jpg 150w, https:\/\/www.visitbratislava.com\/wp-content\/uploads\/2022\/07\/Rudolf-450-lic-768x768.jpg 768w, https:\/\/www.visitbratislava.com\/wp-content\/uploads\/2022\/07\/Rudolf-450-lic-1536x1536.jpg 1536w, https:\/\/www.visitbratislava.com\/wp-content\/uploads\/2022\/07\/Rudolf-450-lic-2048x2048.jpg 2048w, https:\/\/www.visitbratislava.com\/wp-content\/uploads\/2022\/07\/Rudolf-450-lic-200x200.jpg 200w, https:\/\/www.visitbratislava.com\/wp-content\/uploads\/2022\/07\/Rudolf-450-lic-184x184.jpg 184w, https:\/\/www.visitbratislava.com\/wp-content\/uploads\/2022\/07\/Rudolf-450-lic-384x384.jpg 384w, https:\/\/www.visitbratislava.com\/wp-content\/uploads\/2022\/07\/Rudolf-450-lic-784x784.jpg 784w\" sizes=\"(max-width: 2560px) 100vw, 2560px\" \/><\/p>\n<p>Die R\u00fcckseite zeigt ein Portr\u00e4t von K\u00f6nig Rudolf auf beiden Seiten mit einem halbkreisf\u00f6rmigen Perlenmuster geschm\u00fcckt. Am oberen Rand des Motivs sind die M\u00fcnzst\u00fcckelung und die W\u00e4hrung \u2018100 EURO\u2019 mit einem Punkt auf beiden Seiten eingepr\u00e4gt. Rund um den Rest des Randes, von links oben nach rechts oben, verlaufen die Aufschriften \u201eKORUNOV\u00c1CIA RUDOL\u00adFA&#8220; (Rudolfs Kr\u00f6nung) und \u201eBRATISLAVA 1572&#8243;, die durch einen Punkt getrennt sind.<\/p>\n<p><img loading=\"lazy\" width=\"2560\" height=\"2560\" class=\"alignleft size-full wp-image-143564\" src=\"https:\/\/www.visitbratislava.com\/wp-content\/uploads\/2022\/07\/Rudolf-450-rub-scaled.jpg\" alt=\"\" srcset=\"https:\/\/www.visitbratislava.com\/wp-content\/uploads\/2022\/07\/Rudolf-450-rub-scaled.jpg 2560w, https:\/\/www.visitbratislava.com\/wp-content\/uploads\/2022\/07\/Rudolf-450-rub-400x400.jpg 400w, https:\/\/www.visitbratislava.com\/wp-content\/uploads\/2022\/07\/Rudolf-450-rub-800x800.jpg 800w, https:\/\/www.visitbratislava.com\/wp-content\/uploads\/2022\/07\/Rudolf-450-rub-150x150.jpg 150w, https:\/\/www.visitbratislava.com\/wp-content\/uploads\/2022\/07\/Rudolf-450-rub-768x768.jpg 768w, https:\/\/www.visitbratislava.com\/wp-content\/uploads\/2022\/07\/Rudolf-450-rub-1536x1536.jpg 1536w, https:\/\/www.visitbratislava.com\/wp-content\/uploads\/2022\/07\/Rudolf-450-rub-2048x2048.jpg 2048w, https:\/\/www.visitbratislava.com\/wp-content\/uploads\/2022\/07\/Rudolf-450-rub-200x200.jpg 200w, https:\/\/www.visitbratislava.com\/wp-content\/uploads\/2022\/07\/Rudolf-450-rub-184x184.jpg 184w, https:\/\/www.visitbratislava.com\/wp-content\/uploads\/2022\/07\/Rudolf-450-rub-384x384.jpg 384w, https:\/\/www.visitbratislava.com\/wp-content\/uploads\/2022\/07\/Rudolf-450-rub-784x784.jpg 784w\" sizes=\"(max-width: 2560px) 100vw, 2560px\" \/><\/p>\n<p><em>Bis in die zweite H\u00e4lfte des 17. Jahrhunderts konnte kein Mensch K\u00f6nig von Ungarn werden, ohne vom Reichstag von Ungarn gew\u00e4hlt worden zu sein. Ein Herrscher, der wollte, dass sein Sohn ihm nachfolgt, musste die Adligen des Reichstags \u00fcberzeugen, ihn zu w\u00e4hlen und zu kr\u00f6nen. Nach der Kr\u00f6nung hatte das Land zwei K\u00f6nige: den regierenden Vater und den Sohn, der erst nach dem Tod seines Vaters regieren w\u00fcrde. K\u00f6nig Maximilian sicherte sich damit die Krone f\u00fcr seinen \u00e4ltesten Sohn Rudolf, der am 25. September 1572 in Pressburg gekr\u00f6nt wurde und 1576 de facto Herrscher wurde. Rudolf war auch Heiliger R\u00f6mischer Kaiser und K\u00f6nig von B\u00f6hmen. Er blieb nur ausnahmsweise in Ungarn, nachdem er sich entschieden hatte, seinen Hof und die ungarische Krone nach Prag zu verlegen. Er regierte w\u00e4hrend einer Zeit, die von der osmanischen Expansion aus dem S\u00fcden und von einem Aufstand des Adels im Zusammenhang mit protestantischen Forderungen nach mehr Religionsfreiheit gepr\u00e4gt war. 1608 \u00fcbergab Rudolf die ungarische Krone und den ungarischen Thron an seinen j\u00fcngeren Bruder Matthias.<\/em><\/p>\n<p><img loading=\"lazy\" width=\"2560\" height=\"1440\" class=\"alignleft size-full wp-image-144472\" src=\"https:\/\/www.visitbratislava.com\/wp-content\/uploads\/2022\/07\/1920x1080_BKD_programEN-scaled.jpg\" alt=\"\" srcset=\"https:\/\/www.visitbratislava.com\/wp-content\/uploads\/2022\/07\/1920x1080_BKD_programEN-scaled.jpg 2560w, https:\/\/www.visitbratislava.com\/wp-content\/uploads\/2022\/07\/1920x1080_BKD_programEN-400x225.jpg 400w, https:\/\/www.visitbratislava.com\/wp-content\/uploads\/2022\/07\/1920x1080_BKD_programEN-800x450.jpg 800w, https:\/\/www.visitbratislava.com\/wp-content\/uploads\/2022\/07\/1920x1080_BKD_programEN-768x432.jpg 768w, https:\/\/www.visitbratislava.com\/wp-content\/uploads\/2022\/07\/1920x1080_BKD_programEN-1536x864.jpg 1536w, https:\/\/www.visitbratislava.com\/wp-content\/uploads\/2022\/07\/1920x1080_BKD_programEN-2048x1152.jpg 2048w, https:\/\/www.visitbratislava.com\/wp-content\/uploads\/2022\/07\/1920x1080_BKD_programEN-200x113.jpg 200w\" sizes=\"(max-width: 2560px) 100vw, 2560px\" \/><\/p>\n","protected":false},"excerpt":{"rendered":"<p>Die diesj\u00e4hrigen Kr\u00f6nungstage in Bratislava haben ihre eigene M\u00fcnze<\/p>\n","protected":false},"featured_media":129748,"template":"","acf":[],"event_date":{"start_date":1659139200,"end_date":1659139200},"_links":{"self":[{"href":"https:\/\/www.visitbratislava.com\/de\/wp-json\/wp\/v2\/event\/143571"}],"collection":[{"href":"https:\/\/www.visitbratislava.com\/de\/wp-json\/wp\/v2\/event"}],"about":[{"href":"https:\/\/www.visitbratislava.com\/de\/wp-json\/wp\/v2\/types\/event"}],"version-history":[{"count":4,"href":"https:\/\/www.visitbratislava.com\/de\/wp-json\/wp\/v2\/event\/143571\/revisions"}],"predecessor-version":[{"id":144513,"href":"https:\/\/www.visitbratislava.com\/de\/wp-json\/wp\/v2\/event\/143571\/revisions\/144513"}],"wp:featuredmedia":[{"embeddable":true,"href":"https:\/\/www.visitbratislava.com\/de\/wp-json\/wp\/v2\/media\/129748"}],"wp:attachment":[{"href":"https:\/\/www.visitbratislava.com\/de\/wp-json\/wp\/v2\/media?parent=143571"}],"curies":[{"name":"wp","href":"https:\/\/api.w.org\/{rel}","templated":true}]}}

Übergabe der jährlichen Euro-Münze

<p>Es wurde in limitierter Auflage von der Slowakischen Nationalbank produziert und wird am letzten Samstag im Juli an die Vertreter der Stadt übergeben.</p>
<p>Die 100-€-Goldsammler-Euro-Münze wird sowohl Sammlern als auch Geschichtsliebhabern gefallen. Im Münzhaus Kremnica wurden insgesamt 4.200 von Karol Ličko entworfene Euro-Münzen in Proof-Qualität hergestellt.</p>
<p>Die Münze, die anlässlich des 450. Jahrestages der Krönung von Kaiser Rudolf II. von Deutschland ausgegeben wurde, wird am 30. Juli zwischen 14 und 15 Uhr während der Krönungstage in Bratislava im Rahmen des Programms auf dem Hauptplatz eingeführt. Es wird später im Museum der Stadt Bratislava ausgestellt.</p>
<p>Ein Bild der ungarischen königlichen Krone nimmt den unteren Teil der Vorderseite ein und steht vor einer historischen Bratislava-Darstellung, die das Zentrum des Entwurfs ausfüllt. Der Name des Ausstellungslandes „SLOVENSKO“ befindet sich am oberen Rand des Musters, direkt über dem slowakischen Wappen. Zwischen dem linken unteren Rand und der Krone erscheint das Ausstellungsjahr ‘2022’. Rechts neben der Krone befindet sich das Münzzeichen der Münzhaus Kremnica (Mincovňa Kremnica), bestehend aus den Buchstaben „MK“ zwischen zwei Prägestempeln und den stilisierten Buchstaben „KL“, die sich auf den Münzdesigner Karol Ličko beziehen.</p>
<p><img loading="lazy" width="2560" height="2560" class="alignleft size-full wp-image-143558" src="https://www.visitbratislava.com/wp-content/uploads/2022/07/Rudolf-450-lic-scaled.jpg" alt="" srcset="https://www.visitbratislava.com/wp-content/uploads/2022/07/Rudolf-450-lic-scaled.jpg 2560w, https://www.visitbratislava.com/wp-content/uploads/2022/07/Rudolf-450-lic-400x400.jpg 400w, https://www.visitbratislava.com/wp-content/uploads/2022/07/Rudolf-450-lic-800x800.jpg 800w, https://www.visitbratislava.com/wp-content/uploads/2022/07/Rudolf-450-lic-150x150.jpg 150w, https://www.visitbratislava.com/wp-content/uploads/2022/07/Rudolf-450-lic-768x768.jpg 768w, https://www.visitbratislava.com/wp-content/uploads/2022/07/Rudolf-450-lic-1536x1536.jpg 1536w, https://www.visitbratislava.com/wp-content/uploads/2022/07/Rudolf-450-lic-2048x2048.jpg 2048w, https://www.visitbratislava.com/wp-content/uploads/2022/07/Rudolf-450-lic-200x200.jpg 200w, https://www.visitbratislava.com/wp-content/uploads/2022/07/Rudolf-450-lic-184x184.jpg 184w, https://www.visitbratislava.com/wp-content/uploads/2022/07/Rudolf-450-lic-384x384.jpg 384w, https://www.visitbratislava.com/wp-content/uploads/2022/07/Rudolf-450-lic-784x784.jpg 784w" sizes="(max-width: 2560px) 100vw, 2560px" /></p>
<p>Die Rückseite zeigt ein Porträt von König Rudolf auf beiden Seiten mit einem halbkreisförmigen Perlenmuster geschmückt. Am oberen Rand des Motivs sind die Münzstückelung und die Währung ‘100 EURO’ mit einem Punkt auf beiden Seiten eingeprägt. Rund um den Rest des Randes, von links oben nach rechts oben, verlaufen die Aufschriften „KORUNOVÁCIA RUDOL­FA&#8220; (Rudolfs Krönung) und „BRATISLAVA 1572&#8243;, die durch einen Punkt getrennt sind.</p>
<p><img loading="lazy" width="2560" height="2560" class="alignleft size-full wp-image-143564" src="https://www.visitbratislava.com/wp-content/uploads/2022/07/Rudolf-450-rub-scaled.jpg" alt="" srcset="https://www.visitbratislava.com/wp-content/uploads/2022/07/Rudolf-450-rub-scaled.jpg 2560w, https://www.visitbratislava.com/wp-content/uploads/2022/07/Rudolf-450-rub-400x400.jpg 400w, https://www.visitbratislava.com/wp-content/uploads/2022/07/Rudolf-450-rub-800x800.jpg 800w, https://www.visitbratislava.com/wp-content/uploads/2022/07/Rudolf-450-rub-150x150.jpg 150w, https://www.visitbratislava.com/wp-content/uploads/2022/07/Rudolf-450-rub-768x768.jpg 768w, https://www.visitbratislava.com/wp-content/uploads/2022/07/Rudolf-450-rub-1536x1536.jpg 1536w, https://www.visitbratislava.com/wp-content/uploads/2022/07/Rudolf-450-rub-2048x2048.jpg 2048w, https://www.visitbratislava.com/wp-content/uploads/2022/07/Rudolf-450-rub-200x200.jpg 200w, https://www.visitbratislava.com/wp-content/uploads/2022/07/Rudolf-450-rub-184x184.jpg 184w, https://www.visitbratislava.com/wp-content/uploads/2022/07/Rudolf-450-rub-384x384.jpg 384w, https://www.visitbratislava.com/wp-content/uploads/2022/07/Rudolf-450-rub-784x784.jpg 784w" sizes="(max-width: 2560px) 100vw, 2560px" /></p>
<p><em>Bis in die zweite Hälfte des 17. Jahrhunderts konnte kein Mensch König von Ungarn werden, ohne vom Reichstag von Ungarn gewählt worden zu sein. Ein Herrscher, der wollte, dass sein Sohn ihm nachfolgt, musste die Adligen des Reichstags überzeugen, ihn zu wählen und zu krönen. Nach der Krönung hatte das Land zwei Könige: den regierenden Vater und den Sohn, der erst nach dem Tod seines Vaters regieren würde. König Maximilian sicherte sich damit die Krone für seinen ältesten Sohn Rudolf, der am 25. September 1572 in Pressburg gekrönt wurde und 1576 de facto Herrscher wurde. Rudolf war auch Heiliger Römischer Kaiser und König von Böhmen. Er blieb nur ausnahmsweise in Ungarn, nachdem er sich entschieden hatte, seinen Hof und die ungarische Krone nach Prag zu verlegen. Er regierte während einer Zeit, die von der osmanischen Expansion aus dem Süden und von einem Aufstand des Adels im Zusammenhang mit protestantischen Forderungen nach mehr Religionsfreiheit geprägt war. 1608 übergab Rudolf die ungarische Krone und den ungarischen Thron an seinen jüngeren Bruder Matthias.</em></p>
<p><img loading="lazy" width="2560" height="1440" class="alignleft size-full wp-image-144472" src="https://www.visitbratislava.com/wp-content/uploads/2022/07/1920x1080_BKD_programEN-scaled.jpg" alt="" srcset="https://www.visitbratislava.com/wp-content/uploads/2022/07/1920x1080_BKD_programEN-scaled.jpg 2560w, https://www.visitbratislava.com/wp-content/uploads/2022/07/1920x1080_BKD_programEN-400x225.jpg 400w, https://www.visitbratislava.com/wp-content/uploads/2022/07/1920x1080_BKD_programEN-800x450.jpg 800w, https://www.visitbratislava.com/wp-content/uploads/2022/07/1920x1080_BKD_programEN-768x432.jpg 768w, https://www.visitbratislava.com/wp-content/uploads/2022/07/1920x1080_BKD_programEN-1536x864.jpg 1536w, https://www.visitbratislava.com/wp-content/uploads/2022/07/1920x1080_BKD_programEN-2048x1152.jpg 2048w, https://www.visitbratislava.com/wp-content/uploads/2022/07/1920x1080_BKD_programEN-200x113.jpg 200w" sizes="(max-width: 2560px) 100vw, 2560px" /></p>

<p>Die diesjährigen Krönungstage in Bratislava haben ihre eigene Münze</p>
