{"id":144818,"date":"2022-07-29T15:37:48","date_gmt":"2022-07-29T13:37:48","guid":{"rendered":"https:\/\/www.visitbratislava.com\/?post_type=event&#038;p=144818"},"modified":"2024-08-13T18:25:18","modified_gmt":"2024-08-13T16:25:18","slug":"musik-fuer-modern","status":"publish","type":"event","link":"https:\/\/www.visitbratislava.com\/de\/geschehen\/musik-fuer-modern\/","title":{"rendered":"Musik f\u00fcr Modern"},"content":{"rendered":"<p><strong>Die 19. Ausgabe des Internationalen Kammermusik- und Jazzfestivals umfasst 5 Konzerte an drei Sommertagen.<\/strong> <strong>Der Eintrittspreis zu allen Konzerten ist freiwillig<\/strong>. Der Erl\u00f6s aus den Konzerten in der evangelischen Kirche ist f\u00fcr die Instandsetzung der Kirche bestimmt. Bei den Konzerten im Herrenhaus und im Neuen Hochzeitssaal k\u00f6nnen Erfrischungen und feiner Modra-Wein erworben werden.<\/p>\n<p><em>Freitag 16.8., Hof des Gutshauses in Modra<\/em><br \/>\n19:00 <strong>AMC Trio<\/strong><\/p>\n<p>Das preisgekr\u00f6nte AMC Trio pr\u00e4sentiert eigene Kompositionen, in denen es \u00fcber die etablierten Jazzpraktiken hinausgeht und zu einer Vielzahl von musikalischen Quellen greift. Das AMC Trio wurde mit Radio_Heads Awards und Esprit Awards ausgezeichnet und kann auf die Zusammenarbeit mit herausragenden amerikanischen Jazzmusikern verweisen.<\/p>\n<p><em>Samstag 17.8., Neuer Hochzeitssaal, \u0160t\u00farova 59<\/em><br \/>\n17:00 <strong>Kleines Konzert der gro\u00dfen Hoffnungen<\/strong><br \/>\nSch\u00fclerinnen und Sch\u00fcler aus vier Kunstgrundschulen zeigen ihr Talent und ihren Flei\u00df.<\/p>\n<p><em>Samstag 17.8., Neuer Trausaal, \u0160t\u00farova 59<\/em><br \/>\n19:00 <strong>Stadler Klarinettenquartett<\/strong> (CZ\/PL)<br \/>\nBl\u00e4serquintett der Slowakischen Philharmonie. Das Konzert bietet Werke vom Mittelalter bis zur Filmmusik in Bearbeitungen f\u00fcr zwei Trompeten, Posaune, Waldhorn und Tuba.<\/p>\n<p><em>Sonntag 18.8., Wild Kitchen, Alter Markt\/Moyzesova<\/em><br \/>\n9:30 <strong>Fr\u00fchst\u00fcck mit Kammermusik<\/strong>.<\/p>\n<p>Ein Fr\u00fchst\u00fcck mit einem spannenden Vortrag \u00fcber das geheimnisvolle Instrument, die Klinke, die gar nicht klirrt. Es hat eine merkw\u00fcrdige Form und einen merkw\u00fcrdigen Klang, der von den titelgebenden Experten f\u00fcr Barockmusik vorgef\u00fchrt wird: dem Zinkisten Richard \u0160eda (CZ), dem Cembalisten Adam \u0160tefunko und dem Hersteller dieses Instruments Patrik Sabo.<\/p>\n<p>Die Wild Kitchen hat ein spezielles Fr\u00fchst\u00fccksmen\u00fc vorbereitet, und f\u00fcr dieses Konzert m\u00fcssen Sie Ihre Pl\u00e4tze im Voraus direkt im Restaurant reservieren.<\/p>\n<p><em>Sonntag 18.8., Deutsche Evangelische Kirche<\/em><br \/>\n19:00 <strong>Franti\u0161ek Novotn\u00fd<\/strong> (CZ) &amp; <strong>Berger Trio<\/strong><\/p>\n<p>Das Abschlusskonzert des Festivals findet in der angenehmen K\u00fchle der deutschen evangelischen Kirche statt. Zu Gast ist die tschechische Geigenlegende Franti\u0161ek Novotn\u00fd, der von einer anderen Legende begleitet wird &#8211; dem Berger Trio. Musik von B. Smetana, B. Martin\u016f, A. Dvo\u0159\u00e1k, J. S. Bach und E. H. Grieg.<\/p>\n<p><em>Der Eintrittspreis zu allen Konzerten ist freiwillig.<\/em><\/p>\n<p><img loading=\"lazy\" width=\"1974\" height=\"960\" class=\"alignnone size-full wp-image-306394\" src=\"https:\/\/www.visitbratislava.com\/wp-content\/uploads\/2022\/07\/451784862_516815304021042_7786761750604053371_n-1.jpg\" alt=\"\" srcset=\"https:\/\/www.visitbratislava.com\/wp-content\/uploads\/2022\/07\/451784862_516815304021042_7786761750604053371_n-1.jpg 1974w, https:\/\/www.visitbratislava.com\/wp-content\/uploads\/2022\/07\/451784862_516815304021042_7786761750604053371_n-1-400x195.jpg 400w, https:\/\/www.visitbratislava.com\/wp-content\/uploads\/2022\/07\/451784862_516815304021042_7786761750604053371_n-1-800x389.jpg 800w, https:\/\/www.visitbratislava.com\/wp-content\/uploads\/2022\/07\/451784862_516815304021042_7786761750604053371_n-1-768x373.jpg 768w, https:\/\/www.visitbratislava.com\/wp-content\/uploads\/2022\/07\/451784862_516815304021042_7786761750604053371_n-1-1536x747.jpg 1536w, https:\/\/www.visitbratislava.com\/wp-content\/uploads\/2022\/07\/451784862_516815304021042_7786761750604053371_n-1-200x97.jpg 200w\" sizes=\"(max-width: 1974px) 100vw, 1974px\" \/><\/p>\n","protected":false},"excerpt":{"rendered":"<p>Ein lokales Festival mit Bedeutung \u00fcber die Region der Kleinen Karpaten hinaus. Es bringt klassische Musik und Jazz auf h\u00f6chstem Niveau in die malerische Weinstadt Modra am Fu\u00dfe der Karpaten.<\/p>\n","protected":false},"featured_media":306400,"template":"","acf":[],"event_date":{"start_date":1723766400,"end_date":1660780800},"_links":{"self":[{"href":"https:\/\/www.visitbratislava.com\/de\/wp-json\/wp\/v2\/event\/144818"}],"collection":[{"href":"https:\/\/www.visitbratislava.com\/de\/wp-json\/wp\/v2\/event"}],"about":[{"href":"https:\/\/www.visitbratislava.com\/de\/wp-json\/wp\/v2\/types\/event"}],"version-history":[{"count":4,"href":"https:\/\/www.visitbratislava.com\/de\/wp-json\/wp\/v2\/event\/144818\/revisions"}],"predecessor-version":[{"id":306415,"href":"https:\/\/www.visitbratislava.com\/de\/wp-json\/wp\/v2\/event\/144818\/revisions\/306415"}],"wp:featuredmedia":[{"embeddable":true,"href":"https:\/\/www.visitbratislava.com\/de\/wp-json\/wp\/v2\/media\/306400"}],"wp:attachment":[{"href":"https:\/\/www.visitbratislava.com\/de\/wp-json\/wp\/v2\/media?parent=144818"}],"curies":[{"name":"wp","href":"https:\/\/api.w.org\/{rel}","templated":true}]}}

Musik für Modern

<p><strong>Die 19. Ausgabe des Internationalen Kammermusik- und Jazzfestivals umfasst 5 Konzerte an drei Sommertagen.</strong> <strong>Der Eintrittspreis zu allen Konzerten ist freiwillig</strong>. Der Erlös aus den Konzerten in der evangelischen Kirche ist für die Instandsetzung der Kirche bestimmt. Bei den Konzerten im Herrenhaus und im Neuen Hochzeitssaal können Erfrischungen und feiner Modra-Wein erworben werden.</p>
<p><em>Freitag 16.8., Hof des Gutshauses in Modra</em><br />
19:00 <strong>AMC Trio</strong></p>
<p>Das preisgekrönte AMC Trio präsentiert eigene Kompositionen, in denen es über die etablierten Jazzpraktiken hinausgeht und zu einer Vielzahl von musikalischen Quellen greift. Das AMC Trio wurde mit Radio_Heads Awards und Esprit Awards ausgezeichnet und kann auf die Zusammenarbeit mit herausragenden amerikanischen Jazzmusikern verweisen.</p>
<p><em>Samstag 17.8., Neuer Hochzeitssaal, Štúrova 59</em><br />
17:00 <strong>Kleines Konzert der großen Hoffnungen</strong><br />
Schülerinnen und Schüler aus vier Kunstgrundschulen zeigen ihr Talent und ihren Fleiß.</p>
<p><em>Samstag 17.8., Neuer Trausaal, Štúrova 59</em><br />
19:00 <strong>Stadler Klarinettenquartett</strong> (CZ/PL)<br />
Bläserquintett der Slowakischen Philharmonie. Das Konzert bietet Werke vom Mittelalter bis zur Filmmusik in Bearbeitungen für zwei Trompeten, Posaune, Waldhorn und Tuba.</p>
<p><em>Sonntag 18.8., Wild Kitchen, Alter Markt/Moyzesova</em><br />
9:30 <strong>Frühstück mit Kammermusik</strong>.</p>
<p>Ein Frühstück mit einem spannenden Vortrag über das geheimnisvolle Instrument, die Klinke, die gar nicht klirrt. Es hat eine merkwürdige Form und einen merkwürdigen Klang, der von den titelgebenden Experten für Barockmusik vorgeführt wird: dem Zinkisten Richard Šeda (CZ), dem Cembalisten Adam Štefunko und dem Hersteller dieses Instruments Patrik Sabo.</p>
<p>Die Wild Kitchen hat ein spezielles Frühstücksmenü vorbereitet, und für dieses Konzert müssen Sie Ihre Plätze im Voraus direkt im Restaurant reservieren.</p>
<p><em>Sonntag 18.8., Deutsche Evangelische Kirche</em><br />
19:00 <strong>František Novotný</strong> (CZ) &amp; <strong>Berger Trio</strong></p>
<p>Das Abschlusskonzert des Festivals findet in der angenehmen Kühle der deutschen evangelischen Kirche statt. Zu Gast ist die tschechische Geigenlegende František Novotný, der von einer anderen Legende begleitet wird &#8211; dem Berger Trio. Musik von B. Smetana, B. Martinů, A. Dvořák, J. S. Bach und E. H. Grieg.</p>
<p><em>Der Eintrittspreis zu allen Konzerten ist freiwillig.</em></p>
<p><img loading="lazy" width="1974" height="960" class="alignnone size-full wp-image-306394" src="https://www.visitbratislava.com/wp-content/uploads/2022/07/451784862_516815304021042_7786761750604053371_n-1.jpg" alt="" srcset="https://www.visitbratislava.com/wp-content/uploads/2022/07/451784862_516815304021042_7786761750604053371_n-1.jpg 1974w, https://www.visitbratislava.com/wp-content/uploads/2022/07/451784862_516815304021042_7786761750604053371_n-1-400x195.jpg 400w, https://www.visitbratislava.com/wp-content/uploads/2022/07/451784862_516815304021042_7786761750604053371_n-1-800x389.jpg 800w, https://www.visitbratislava.com/wp-content/uploads/2022/07/451784862_516815304021042_7786761750604053371_n-1-768x373.jpg 768w, https://www.visitbratislava.com/wp-content/uploads/2022/07/451784862_516815304021042_7786761750604053371_n-1-1536x747.jpg 1536w, https://www.visitbratislava.com/wp-content/uploads/2022/07/451784862_516815304021042_7786761750604053371_n-1-200x97.jpg 200w" sizes="(max-width: 1974px) 100vw, 1974px" /></p>

<p>Ein lokales Festival mit Bedeutung über die Region der Kleinen Karpaten hinaus. Es bringt klassische Musik und Jazz auf höchstem Niveau in die malerische Weinstadt Modra am Fuße der Karpaten.</p>
