{"id":183804,"date":"2022-10-20T14:29:57","date_gmt":"2022-10-20T12:29:57","guid":{"rendered":"https:\/\/www.visitbratislava.com\/?post_type=event&#038;p=183804"},"modified":"2024-12-10T13:27:01","modified_gmt":"2024-12-10T12:27:01","slug":"bratislavaer-weihnachten-kommt-zurueck","status":"publish","type":"event","link":"https:\/\/www.visitbratislava.com\/de\/geschehen\/bratislavaer-weihnachten-kommt-zurueck\/","title":{"rendered":"Bratislavaer Weihnachten ist zur\u00fcck!"},"content":{"rendered":"<p>Auch wenn es im Dezember kaum noch schneit, hat das keinen Einfluss auf die Weihnachtsstimmung. Besonders abends sind die beleuchteten und weihnachtlich geschm\u00fcckten Stra\u00dfen bezaubernd. Dar\u00fcber hinaus bereichern der <a href=\"https:\/\/www.visitbratislava.com\/de\/geschehen\/hauptweihnachtsmarkt\/\" target=\"_blank\" rel=\"noopener\"><strong>Weihnachtsmarkt<\/strong> <\/a>und das <a href=\"https:\/\/bratislavskevianoce.sk\/program\/\" target=\"_blank\" rel=\"noopener\">Begleitprogramm<\/a> die Adventszeit in Bratislava.<\/p>\n<p><span style=\"font-size: 10pt; color: #ff0000;\"><em>*Bitte beachten Sie: Vom 24. Dezember bis zum 26. Dezember sind Gesch\u00e4fte, Restaurants und andere Dienstleister wegen des Nationalfeiertags geschlossen.<\/em><\/span><\/p>\n<h3><img loading=\"lazy\" width=\"1500\" height=\"1500\" class=\"alignnone size-full wp-image-197782\" src=\"https:\/\/www.visitbratislava.com\/wp-content\/uploads\/2022\/11\/event-vianocne-trhy-hrad-dom-hlavne-namestie_icon.jpg\" alt=\"\" srcset=\"https:\/\/www.visitbratislava.com\/wp-content\/uploads\/2022\/11\/event-vianocne-trhy-hrad-dom-hlavne-namestie_icon.jpg 1500w, https:\/\/www.visitbratislava.com\/wp-content\/uploads\/2022\/11\/event-vianocne-trhy-hrad-dom-hlavne-namestie_icon-400x400.jpg 400w, https:\/\/www.visitbratislava.com\/wp-content\/uploads\/2022\/11\/event-vianocne-trhy-hrad-dom-hlavne-namestie_icon-800x800.jpg 800w, https:\/\/www.visitbratislava.com\/wp-content\/uploads\/2022\/11\/event-vianocne-trhy-hrad-dom-hlavne-namestie_icon-150x150.jpg 150w, https:\/\/www.visitbratislava.com\/wp-content\/uploads\/2022\/11\/event-vianocne-trhy-hrad-dom-hlavne-namestie_icon-768x768.jpg 768w, https:\/\/www.visitbratislava.com\/wp-content\/uploads\/2022\/11\/event-vianocne-trhy-hrad-dom-hlavne-namestie_icon-200x200.jpg 200w, https:\/\/www.visitbratislava.com\/wp-content\/uploads\/2022\/11\/event-vianocne-trhy-hrad-dom-hlavne-namestie_icon-184x184.jpg 184w, https:\/\/www.visitbratislava.com\/wp-content\/uploads\/2022\/11\/event-vianocne-trhy-hrad-dom-hlavne-namestie_icon-384x384.jpg 384w, https:\/\/www.visitbratislava.com\/wp-content\/uploads\/2022\/11\/event-vianocne-trhy-hrad-dom-hlavne-namestie_icon-784x784.jpg 784w\" sizes=\"(max-width: 1500px) 100vw, 1500px\" \/><\/h3>\n<p>Seit vielen Jahren geh\u00f6rt ein <strong>Weihnachtsbaum<\/strong> untrennbar zum lokalen Weihnachtskolorit von Bratislava. Im alten Bratislava war es nicht nur ein Symbol f\u00fcr Weihnachten, sondern auch f\u00fcr die menschliche Zusammengeh\u00f6rigkeit, die die Einheimischen als Hauptbotschaft der Feiertage empfanden.<\/p>\n<p><a href=\"https:\/\/www.visitbratislava.com\/wp-content\/uploads\/2022\/10\/BKIS-Vianocna-mapa-2150x1930-FINAL.pdf\"><img loading=\"lazy\" class=\"aligncenter wp-image-269711 size-full\" src=\"https:\/\/www.visitbratislava.com\/wp-content\/uploads\/2022\/10\/Vianocne-trhy-mapa.png\" alt=\"\" width=\"1003\" height=\"897\" srcset=\"https:\/\/www.visitbratislava.com\/wp-content\/uploads\/2022\/10\/Vianocne-trhy-mapa.png 1003w, https:\/\/www.visitbratislava.com\/wp-content\/uploads\/2022\/10\/Vianocne-trhy-mapa-400x358.png 400w, https:\/\/www.visitbratislava.com\/wp-content\/uploads\/2022\/10\/Vianocne-trhy-mapa-800x715.png 800w, https:\/\/www.visitbratislava.com\/wp-content\/uploads\/2022\/10\/Vianocne-trhy-mapa-768x687.png 768w, https:\/\/www.visitbratislava.com\/wp-content\/uploads\/2022\/10\/Vianocne-trhy-mapa-200x179.png 200w\" sizes=\"(max-width: 1003px) 100vw, 1003px\" \/><\/a><\/p>\n<p>Das weihnachtliche Themenprogramm finden Sie am Franziskanerplatz. Das ganze Wochenende \u00fcber k\u00f6nnen Sie verschiedene <strong>Konzerte<\/strong> lokaler K\u00fcnstler genie\u00dfen. Sie k\u00f6nnen auch durch den <a href=\"https:\/\/bratislavskevianoce.sk\/vianocny-les\/\" target=\"_blank\" rel=\"noopener\"><strong>Weihnachtswald<\/strong> <\/a>auf dem Primacial-Platz spazieren. Wie \u00fcblich werden Bratislavaer Grundschulen und Kunstgrundschulen an der Vorbereitung beteiligt sein.<\/p>\n<p><img loading=\"lazy\" width=\"800\" height=\"533\" class=\"size-large wp-image-265358 aligncenter\" src=\"https:\/\/www.visitbratislava.com\/wp-content\/uploads\/2023\/10\/Dekan-komparz-Vianoce-Hviezdoslavovo-namestie-SND-narodne-divadlo-deti-Vianocne-trhy-02-800x533.jpg\" alt=\"\" srcset=\"https:\/\/www.visitbratislava.com\/wp-content\/uploads\/2023\/10\/Dekan-komparz-Vianoce-Hviezdoslavovo-namestie-SND-narodne-divadlo-deti-Vianocne-trhy-02-800x533.jpg 800w, https:\/\/www.visitbratislava.com\/wp-content\/uploads\/2023\/10\/Dekan-komparz-Vianoce-Hviezdoslavovo-namestie-SND-narodne-divadlo-deti-Vianocne-trhy-02-400x267.jpg 400w, https:\/\/www.visitbratislava.com\/wp-content\/uploads\/2023\/10\/Dekan-komparz-Vianoce-Hviezdoslavovo-namestie-SND-narodne-divadlo-deti-Vianocne-trhy-02-768x512.jpg 768w, https:\/\/www.visitbratislava.com\/wp-content\/uploads\/2023\/10\/Dekan-komparz-Vianoce-Hviezdoslavovo-namestie-SND-narodne-divadlo-deti-Vianocne-trhy-02-1536x1024.jpg 1536w, https:\/\/www.visitbratislava.com\/wp-content\/uploads\/2023\/10\/Dekan-komparz-Vianoce-Hviezdoslavovo-namestie-SND-narodne-divadlo-deti-Vianocne-trhy-02-2048x1365.jpg 2048w, https:\/\/www.visitbratislava.com\/wp-content\/uploads\/2023\/10\/Dekan-komparz-Vianoce-Hviezdoslavovo-namestie-SND-narodne-divadlo-deti-Vianocne-trhy-02-200x133.jpg 200w\" sizes=\"(max-width: 800px) 100vw, 800px\" \/><\/p>\n<p>Ein riesiger Weihnachtsbaum geh\u00f6rt seit vielen Jahren untrennbar zur lokalen Weihnachtsfarbe von Bratislava. Im alten Bratislava war es nicht nur ein Symbol f\u00fcr Weihnachten, sondern auch f\u00fcr die menschliche Gemeinschaft, die von den Einheimischen als Hauptbotschaft der Feiertage wahrgenommen wurde. Auch in diesem Jahr steht es wieder auf dem Hauptplatz.<\/p>\n<p>Das Adventsprogramm findet w\u00e4hrend der gesamten Weihnachtszeit auch im Klarisky-Konzertsaal statt, einzelne Stadtteile planen auch einen Weihnachtsmarkt oder ein thematisches Programm.<\/p>\n<p><span style=\"font-size: 10pt;\"><em>Die Bratislavaer Weihnachten wird von dem \u00f6rtlichen Magistrat und dem Bratislavaer Kultur- und Informationszentrum in die Hauptstadt gebracht<\/em><\/span><\/p>\n","protected":false},"excerpt":{"rendered":"<p>\ud83c\udf84 Freuen Sie sich auf die beliebtesten Feiertage des Jahres in der Metropole Slowakei. Gestalten Sie Ihre Adventszeit abwechslungsreich mit Weihnachtsm\u00e4rkten und ihrem Begleitprogramm<\/p>\n","protected":false},"featured_media":318864,"template":"","acf":[],"event_date":{"start_date":1732147200,"end_date":1736121600},"_links":{"self":[{"href":"https:\/\/www.visitbratislava.com\/de\/wp-json\/wp\/v2\/event\/183804"}],"collection":[{"href":"https:\/\/www.visitbratislava.com\/de\/wp-json\/wp\/v2\/event"}],"about":[{"href":"https:\/\/www.visitbratislava.com\/de\/wp-json\/wp\/v2\/types\/event"}],"version-history":[{"count":22,"href":"https:\/\/www.visitbratislava.com\/de\/wp-json\/wp\/v2\/event\/183804\/revisions"}],"predecessor-version":[{"id":321557,"href":"https:\/\/www.visitbratislava.com\/de\/wp-json\/wp\/v2\/event\/183804\/revisions\/321557"}],"wp:featuredmedia":[{"embeddable":true,"href":"https:\/\/www.visitbratislava.com\/de\/wp-json\/wp\/v2\/media\/318864"}],"wp:attachment":[{"href":"https:\/\/www.visitbratislava.com\/de\/wp-json\/wp\/v2\/media?parent=183804"}],"curies":[{"name":"wp","href":"https:\/\/api.w.org\/{rel}","templated":true}]}}

Bratislavaer Weihnachten ist zurück!

<p>Auch wenn es im Dezember kaum noch schneit, hat das keinen Einfluss auf die Weihnachtsstimmung. Besonders abends sind die beleuchteten und weihnachtlich geschmückten Straßen bezaubernd. Darüber hinaus bereichern der <a href="https://www.visitbratislava.com/de/geschehen/hauptweihnachtsmarkt/" target="_blank" rel="noopener"><strong>Weihnachtsmarkt</strong> </a>und das <a href="https://bratislavskevianoce.sk/program/" target="_blank" rel="noopener">Begleitprogramm</a> die Adventszeit in Bratislava.</p>
<p><span style="font-size: 10pt; color: #ff0000;"><em>*Bitte beachten Sie: Vom 24. Dezember bis zum 26. Dezember sind Geschäfte, Restaurants und andere Dienstleister wegen des Nationalfeiertags geschlossen.</em></span></p>
<h3><img loading="lazy" width="1500" height="1500" class="alignnone size-full wp-image-197782" src="https://www.visitbratislava.com/wp-content/uploads/2022/11/event-vianocne-trhy-hrad-dom-hlavne-namestie_icon.jpg" alt="" srcset="https://www.visitbratislava.com/wp-content/uploads/2022/11/event-vianocne-trhy-hrad-dom-hlavne-namestie_icon.jpg 1500w, https://www.visitbratislava.com/wp-content/uploads/2022/11/event-vianocne-trhy-hrad-dom-hlavne-namestie_icon-400x400.jpg 400w, https://www.visitbratislava.com/wp-content/uploads/2022/11/event-vianocne-trhy-hrad-dom-hlavne-namestie_icon-800x800.jpg 800w, https://www.visitbratislava.com/wp-content/uploads/2022/11/event-vianocne-trhy-hrad-dom-hlavne-namestie_icon-150x150.jpg 150w, https://www.visitbratislava.com/wp-content/uploads/2022/11/event-vianocne-trhy-hrad-dom-hlavne-namestie_icon-768x768.jpg 768w, https://www.visitbratislava.com/wp-content/uploads/2022/11/event-vianocne-trhy-hrad-dom-hlavne-namestie_icon-200x200.jpg 200w, https://www.visitbratislava.com/wp-content/uploads/2022/11/event-vianocne-trhy-hrad-dom-hlavne-namestie_icon-184x184.jpg 184w, https://www.visitbratislava.com/wp-content/uploads/2022/11/event-vianocne-trhy-hrad-dom-hlavne-namestie_icon-384x384.jpg 384w, https://www.visitbratislava.com/wp-content/uploads/2022/11/event-vianocne-trhy-hrad-dom-hlavne-namestie_icon-784x784.jpg 784w" sizes="(max-width: 1500px) 100vw, 1500px" /></h3>
<p>Seit vielen Jahren gehört ein <strong>Weihnachtsbaum</strong> untrennbar zum lokalen Weihnachtskolorit von Bratislava. Im alten Bratislava war es nicht nur ein Symbol für Weihnachten, sondern auch für die menschliche Zusammengehörigkeit, die die Einheimischen als Hauptbotschaft der Feiertage empfanden.</p>
<p><a href="https://www.visitbratislava.com/wp-content/uploads/2022/10/BKIS-Vianocna-mapa-2150x1930-FINAL.pdf"><img loading="lazy" class="aligncenter wp-image-269711 size-full" src="https://www.visitbratislava.com/wp-content/uploads/2022/10/Vianocne-trhy-mapa.png" alt="" width="1003" height="897" srcset="https://www.visitbratislava.com/wp-content/uploads/2022/10/Vianocne-trhy-mapa.png 1003w, https://www.visitbratislava.com/wp-content/uploads/2022/10/Vianocne-trhy-mapa-400x358.png 400w, https://www.visitbratislava.com/wp-content/uploads/2022/10/Vianocne-trhy-mapa-800x715.png 800w, https://www.visitbratislava.com/wp-content/uploads/2022/10/Vianocne-trhy-mapa-768x687.png 768w, https://www.visitbratislava.com/wp-content/uploads/2022/10/Vianocne-trhy-mapa-200x179.png 200w" sizes="(max-width: 1003px) 100vw, 1003px" /></a></p>
<p>Das weihnachtliche Themenprogramm finden Sie am Franziskanerplatz. Das ganze Wochenende über können Sie verschiedene <strong>Konzerte</strong> lokaler Künstler genießen. Sie können auch durch den <a href="https://bratislavskevianoce.sk/vianocny-les/" target="_blank" rel="noopener"><strong>Weihnachtswald</strong> </a>auf dem Primacial-Platz spazieren. Wie üblich werden Bratislavaer Grundschulen und Kunstgrundschulen an der Vorbereitung beteiligt sein.</p>
<p><img loading="lazy" width="800" height="533" class="size-large wp-image-265358 aligncenter" src="https://www.visitbratislava.com/wp-content/uploads/2023/10/Dekan-komparz-Vianoce-Hviezdoslavovo-namestie-SND-narodne-divadlo-deti-Vianocne-trhy-02-800x533.jpg" alt="" srcset="https://www.visitbratislava.com/wp-content/uploads/2023/10/Dekan-komparz-Vianoce-Hviezdoslavovo-namestie-SND-narodne-divadlo-deti-Vianocne-trhy-02-800x533.jpg 800w, https://www.visitbratislava.com/wp-content/uploads/2023/10/Dekan-komparz-Vianoce-Hviezdoslavovo-namestie-SND-narodne-divadlo-deti-Vianocne-trhy-02-400x267.jpg 400w, https://www.visitbratislava.com/wp-content/uploads/2023/10/Dekan-komparz-Vianoce-Hviezdoslavovo-namestie-SND-narodne-divadlo-deti-Vianocne-trhy-02-768x512.jpg 768w, https://www.visitbratislava.com/wp-content/uploads/2023/10/Dekan-komparz-Vianoce-Hviezdoslavovo-namestie-SND-narodne-divadlo-deti-Vianocne-trhy-02-1536x1024.jpg 1536w, https://www.visitbratislava.com/wp-content/uploads/2023/10/Dekan-komparz-Vianoce-Hviezdoslavovo-namestie-SND-narodne-divadlo-deti-Vianocne-trhy-02-2048x1365.jpg 2048w, https://www.visitbratislava.com/wp-content/uploads/2023/10/Dekan-komparz-Vianoce-Hviezdoslavovo-namestie-SND-narodne-divadlo-deti-Vianocne-trhy-02-200x133.jpg 200w" sizes="(max-width: 800px) 100vw, 800px" /></p>
<p>Ein riesiger Weihnachtsbaum gehört seit vielen Jahren untrennbar zur lokalen Weihnachtsfarbe von Bratislava. Im alten Bratislava war es nicht nur ein Symbol für Weihnachten, sondern auch für die menschliche Gemeinschaft, die von den Einheimischen als Hauptbotschaft der Feiertage wahrgenommen wurde. Auch in diesem Jahr steht es wieder auf dem Hauptplatz.</p>
<p>Das Adventsprogramm findet während der gesamten Weihnachtszeit auch im Klarisky-Konzertsaal statt, einzelne Stadtteile planen auch einen Weihnachtsmarkt oder ein thematisches Programm.</p>
<p><span style="font-size: 10pt;"><em>Die Bratislavaer Weihnachten wird von dem örtlichen Magistrat und dem Bratislavaer Kultur- und Informationszentrum in die Hauptstadt gebracht</em></span></p>

<p>🎄 Freuen Sie sich auf die beliebtesten Feiertage des Jahres in der Metropole Slowakei. Gestalten Sie Ihre Adventszeit abwechslungsreich mit Weihnachtsmärkten und ihrem Begleitprogramm</p>
