{"id":203000,"date":"2022-12-06T11:54:18","date_gmt":"2022-12-06T10:54:18","guid":{"rendered":"https:\/\/www.visitbratislava.com\/?post_type=event&#038;p=203000"},"modified":"2022-12-06T11:54:18","modified_gmt":"2022-12-06T10:54:18","slug":"weisse-weihnachten-von-lucie-bila","status":"publish","type":"event","link":"https:\/\/www.visitbratislava.com\/de\/geschehen\/weisse-weihnachten-von-lucie-bila\/","title":{"rendered":"Wei\u00dfe Weihnachten von Lucie B\u00edl\u00e1"},"content":{"rendered":"<p>Adventskonzerte sind seit langem eine Herzensangelegenheit eines beliebten K\u00fcnstlers mit slowakischen Wurzeln. Es ist bekannt, dass ihr Vater Jozef Za\u0148\u00e1k aus Bratislavaer Stadtteil Petr\u017ealka stammt. Vielleicht hat Lucie deshalb eine sehr intensive Beziehung zum slowakischen Publikum.<\/p>\n<p>Lucie B\u00edl\u00e1 mit Klavierbegleitung von Petr Mal\u00e1sek wird daher in der Adventszeit die Slowakei bereisen. So wird sie in zw\u00f6lf slowakischen St\u00e4dten auftreten und auch Bratislava mit ihrer traditionellen Vorweihnachtsreise besuchen.<\/p>\n<p>Sie wird am dritten Dezember mit dem Orchester und Chor von Petr Mal\u00e1sek und dem tschechischen Knabenchor Boni pueri in Bratislavas NTC Arena auftreten. Weihnachtskonzerte des 20-fachen Goldene Nachtigall-Preistr\u00e4gers haben immer eine unwiederholbare Atmosph\u00e4re. Sie k\u00f6nnen sich am 16. Dezember selbst \u00fcberzeugen.<\/p>\n<p><img loading=\"lazy\" width=\"800\" height=\"533\" class=\"alignleft size-full wp-image-202967\" src=\"https:\/\/www.visitbratislava.com\/wp-content\/uploads\/2022\/12\/Lucie-Bila-001.jpg\" alt=\"\" srcset=\"https:\/\/www.visitbratislava.com\/wp-content\/uploads\/2022\/12\/Lucie-Bila-001.jpg 800w, https:\/\/www.visitbratislava.com\/wp-content\/uploads\/2022\/12\/Lucie-Bila-001-400x267.jpg 400w, https:\/\/www.visitbratislava.com\/wp-content\/uploads\/2022\/12\/Lucie-Bila-001-768x512.jpg 768w, https:\/\/www.visitbratislava.com\/wp-content\/uploads\/2022\/12\/Lucie-Bila-001-200x133.jpg 200w\" sizes=\"(max-width: 800px) 100vw, 800px\" \/><\/p>\n<p>Mit traditionellen Weihnachtskonzerten, die Liebe, Ruhe und die magische Atmosph\u00e4re des nahenden Heiligabends atmen, macht die S\u00e4ngerin die Vorweihnachtszeit f\u00fcr ihre Fans seit mehreren Jahren angenehmer. Dieses Jahr wird es nicht anders sein. Das Repertoire dieser Konzerte ist dieser magischen Jahreszeit angepasst.<\/p>\n<p>Gemeinsam mit dem Pianisten und Musikproduzenten Petr Mal\u00e1sek haben sie zu diesem Anlass eine Reihe neuer Songs ausgew\u00e4hlt, die zu den erfolgreichsten Melodien der Welt geh\u00f6ren und perfekt auf die sch\u00f6nsten Tage des Jahres abgestimmt sind.<\/p>\n<div class=\"grid-container\"><div class=\"grid-container__item\"><div class=\"block\"><a href=\"https:\/\/www.visitbratislava.com\/wp-content\/uploads\/2022\/12\/Lucie-Bila-002.jpg\" data-fancybox=\"gallery\" data-caption=\"\"><div class=\"background\"><img src=\"https:\/\/www.visitbratislava.com\/wp-content\/uploads\/2022\/12\/Lucie-Bila-002.jpg\" alt=\"foto\"\/><\/div><div class=\"overlay filter-blue\"><div class=\"content\"><span class=\"zoom-button\"><\/span><\/div><\/div><\/a><\/div><\/div><div class=\"grid-container__item\"><div class=\"block\"><a href=\"https:\/\/www.visitbratislava.com\/wp-content\/uploads\/2022\/12\/Lucie-Bila-003-598x800.jpg\" data-fancybox=\"gallery\" data-caption=\"\"><div class=\"background\" style=\"background-image: url(https:\/\/www.visitbratislava.com\/wp-content\/uploads\/2022\/12\/Lucie-Bila-003-598x800.jpg)\"><\/div><div class=\"overlay filter-green\"><div class=\"content\"><span class=\"zoom-button\"><\/span><\/div><\/div><\/a><\/div><\/div><div class=\"grid-container__item more\"><\/div><\/div>\n<p>Lucie B\u00edl\u00e1 ist seit vielen Jahren eine der beliebtesten Gesangspers\u00f6nlichkeiten mit einem breiten Spektrum an Schwerpunkten. Sie ist eine der erfolgreichsten Performerinnen der slowakischen und tschechischen Musikszene. Man konnte sie in mehreren popul\u00e4ren Musicals wie Les Mis\u00e9rables, Garten der irdischen Freuden, Dracula, Excalibur oder Der Rattenf\u00e4nger sehen. Ihre Heimatb\u00fchne ist Divadlo Ta Fantastika, wo sie fast drei Jahre lang in der Titelrolle des Musicals &#8222;Johanna von Orl\u00e9ans&#8220; und &#8222;Liebe ist Liebe&#8220; auftrat.<\/p>\n<p>Im Film konnte man Lucie B\u00edl\u00e1 zum Beispiel im erfolgreichen M\u00e4rchen Die Prinzessin aus der M\u00fchle, in den Filmen King Ubu, Zeit der Schulden oder in der TV-M\u00e4rchenserie \u00dcber verlorene Liebe in der Rolle der w\u00fcrdigen Spinnenfrau sehen.<\/p>\n<p>Im Bereich der Popmusik ver\u00f6ffentlichte Lucie B\u00edl\u00e1 eine Reihe von Soloalben, mit denen sie erfolgreich die Rangliste der heimischen Charts erobert. Zu ihren gr\u00f6\u00dften Hits geh\u00f6ren die Songs \u201eAve Maria\u201c, \u201eLove is Love\u201c, \u201eTrouba\u201c, \u201eEsemes\u201c oder \u201eMiluji t\u011b\u201c, die fast jeder kennt. Ihre Begegnung und langj\u00e4hrige kreative Zusammenarbeit mit dem Autorenduo Soukup \/Osvaldov\u00e1 sowie ihre B\u00fchnenpartnerschaft mit dem Pianisten und Komponisten Petr Mal\u00e1sek sind als die schicksalhafteste zu bezeichnen.<\/p>\n<p>Verpassen Sie nicht ein unvergessliches Musikerlebnis und genie\u00dfen Sie die Adventszeit mit dem beliebtesten tschechischen S\u00e4nger.<\/p>\n<p>Klicken Sie auf das Banner, um die Facebook-Veranstaltungsseite anzuzeigen:<\/p>\n<p><a href=\"https:\/\/www.facebook.com\/events\/401483652032448\" target=\"_blank\" rel=\"noopener\"><img loading=\"lazy\" class=\"alignleft wp-image-202985 size-full\" src=\"https:\/\/www.visitbratislava.com\/wp-content\/uploads\/2022\/12\/Biele-Vianoce-Lucie-Bilej-2022-Banner.jpg\" alt=\"\" width=\"800\" height=\"376\" srcset=\"https:\/\/www.visitbratislava.com\/wp-content\/uploads\/2022\/12\/Biele-Vianoce-Lucie-Bilej-2022-Banner.jpg 800w, https:\/\/www.visitbratislava.com\/wp-content\/uploads\/2022\/12\/Biele-Vianoce-Lucie-Bilej-2022-Banner-400x188.jpg 400w, https:\/\/www.visitbratislava.com\/wp-content\/uploads\/2022\/12\/Biele-Vianoce-Lucie-Bilej-2022-Banner-768x361.jpg 768w, https:\/\/www.visitbratislava.com\/wp-content\/uploads\/2022\/12\/Biele-Vianoce-Lucie-Bilej-2022-Banner-200x94.jpg 200w\" sizes=\"(max-width: 800px) 100vw, 800px\" \/><\/a><\/p>\n<p>Klicken Sie auf das Bild, um Tickets zu kaufen:<\/p>\n<p><a href=\"https:\/\/www.ticketportal.sk\/event\/BILE-VANOCE-LUCIE-BILE?idp=189275\" target=\"_blank\" rel=\"noopener\"><img loading=\"lazy\" class=\"alignleft wp-image-202991 size-full\" src=\"https:\/\/www.visitbratislava.com\/wp-content\/uploads\/2022\/12\/Biele-Vianoce-Lucie-Bilej-001.jpg\" alt=\"\" width=\"2362\" height=\"2362\" srcset=\"https:\/\/www.visitbratislava.com\/wp-content\/uploads\/2022\/12\/Biele-Vianoce-Lucie-Bilej-001.jpg 2362w, https:\/\/www.visitbratislava.com\/wp-content\/uploads\/2022\/12\/Biele-Vianoce-Lucie-Bilej-001-400x400.jpg 400w, https:\/\/www.visitbratislava.com\/wp-content\/uploads\/2022\/12\/Biele-Vianoce-Lucie-Bilej-001-800x800.jpg 800w, https:\/\/www.visitbratislava.com\/wp-content\/uploads\/2022\/12\/Biele-Vianoce-Lucie-Bilej-001-150x150.jpg 150w, https:\/\/www.visitbratislava.com\/wp-content\/uploads\/2022\/12\/Biele-Vianoce-Lucie-Bilej-001-768x768.jpg 768w, https:\/\/www.visitbratislava.com\/wp-content\/uploads\/2022\/12\/Biele-Vianoce-Lucie-Bilej-001-1536x1536.jpg 1536w, https:\/\/www.visitbratislava.com\/wp-content\/uploads\/2022\/12\/Biele-Vianoce-Lucie-Bilej-001-2048x2048.jpg 2048w, https:\/\/www.visitbratislava.com\/wp-content\/uploads\/2022\/12\/Biele-Vianoce-Lucie-Bilej-001-200x200.jpg 200w, https:\/\/www.visitbratislava.com\/wp-content\/uploads\/2022\/12\/Biele-Vianoce-Lucie-Bilej-001-184x184.jpg 184w, https:\/\/www.visitbratislava.com\/wp-content\/uploads\/2022\/12\/Biele-Vianoce-Lucie-Bilej-001-384x384.jpg 384w, https:\/\/www.visitbratislava.com\/wp-content\/uploads\/2022\/12\/Biele-Vianoce-Lucie-Bilej-001-784x784.jpg 784w\" sizes=\"(max-width: 2362px) 100vw, 2362px\" \/><\/a><\/p>\n","protected":false},"excerpt":{"rendered":"<p>Die erfolgreichste tschechische S\u00e4ngerin kehrt zu den Vorweihnachtsb\u00fchnen zur\u00fcck<\/p>\n","protected":false},"featured_media":202961,"template":"","acf":[],"event_date":{"start_date":1671148800,"end_date":1671148800},"_links":{"self":[{"href":"https:\/\/www.visitbratislava.com\/de\/wp-json\/wp\/v2\/event\/203000"}],"collection":[{"href":"https:\/\/www.visitbratislava.com\/de\/wp-json\/wp\/v2\/event"}],"about":[{"href":"https:\/\/www.visitbratislava.com\/de\/wp-json\/wp\/v2\/types\/event"}],"version-history":[{"count":2,"href":"https:\/\/www.visitbratislava.com\/de\/wp-json\/wp\/v2\/event\/203000\/revisions"}],"predecessor-version":[{"id":203003,"href":"https:\/\/www.visitbratislava.com\/de\/wp-json\/wp\/v2\/event\/203000\/revisions\/203003"}],"wp:featuredmedia":[{"embeddable":true,"href":"https:\/\/www.visitbratislava.com\/de\/wp-json\/wp\/v2\/media\/202961"}],"wp:attachment":[{"href":"https:\/\/www.visitbratislava.com\/de\/wp-json\/wp\/v2\/media?parent=203000"}],"curies":[{"name":"wp","href":"https:\/\/api.w.org\/{rel}","templated":true}]}}

Weiße Weihnachten von Lucie Bílá

<p>Adventskonzerte sind seit langem eine Herzensangelegenheit eines beliebten Künstlers mit slowakischen Wurzeln. Es ist bekannt, dass ihr Vater Jozef Zaňák aus Bratislavaer Stadtteil Petržalka stammt. Vielleicht hat Lucie deshalb eine sehr intensive Beziehung zum slowakischen Publikum.</p>
<p>Lucie Bílá mit Klavierbegleitung von Petr Malásek wird daher in der Adventszeit die Slowakei bereisen. So wird sie in zwölf slowakischen Städten auftreten und auch Bratislava mit ihrer traditionellen Vorweihnachtsreise besuchen.</p>
<p>Sie wird am dritten Dezember mit dem Orchester und Chor von Petr Malásek und dem tschechischen Knabenchor Boni pueri in Bratislavas NTC Arena auftreten. Weihnachtskonzerte des 20-fachen Goldene Nachtigall-Preisträgers haben immer eine unwiederholbare Atmosphäre. Sie können sich am 16. Dezember selbst überzeugen.</p>
<p><img loading="lazy" width="800" height="533" class="alignleft size-full wp-image-202967" src="https://www.visitbratislava.com/wp-content/uploads/2022/12/Lucie-Bila-001.jpg" alt="" srcset="https://www.visitbratislava.com/wp-content/uploads/2022/12/Lucie-Bila-001.jpg 800w, https://www.visitbratislava.com/wp-content/uploads/2022/12/Lucie-Bila-001-400x267.jpg 400w, https://www.visitbratislava.com/wp-content/uploads/2022/12/Lucie-Bila-001-768x512.jpg 768w, https://www.visitbratislava.com/wp-content/uploads/2022/12/Lucie-Bila-001-200x133.jpg 200w" sizes="(max-width: 800px) 100vw, 800px" /></p>
<p>Mit traditionellen Weihnachtskonzerten, die Liebe, Ruhe und die magische Atmosphäre des nahenden Heiligabends atmen, macht die Sängerin die Vorweihnachtszeit für ihre Fans seit mehreren Jahren angenehmer. Dieses Jahr wird es nicht anders sein. Das Repertoire dieser Konzerte ist dieser magischen Jahreszeit angepasst.</p>
<p>Gemeinsam mit dem Pianisten und Musikproduzenten Petr Malásek haben sie zu diesem Anlass eine Reihe neuer Songs ausgewählt, die zu den erfolgreichsten Melodien der Welt gehören und perfekt auf die schönsten Tage des Jahres abgestimmt sind.</p>
<div class="grid-container"><div class="grid-container__item"><div class="block"><a href="https://www.visitbratislava.com/wp-content/uploads/2022/12/Lucie-Bila-002.jpg" data-fancybox="gallery" data-caption=""><div class="background"><img src="https://www.visitbratislava.com/wp-content/uploads/2022/12/Lucie-Bila-002.jpg" alt="foto"/></div><div class="overlay filter-blue"><div class="content"><span class="zoom-button"></span></div></div></a></div></div><div class="grid-container__item"><div class="block"><a href="https://www.visitbratislava.com/wp-content/uploads/2022/12/Lucie-Bila-003-598x800.jpg" data-fancybox="gallery" data-caption=""><div class="background" style="background-image: url(https://www.visitbratislava.com/wp-content/uploads/2022/12/Lucie-Bila-003-598x800.jpg)"></div><div class="overlay filter-green"><div class="content"><span class="zoom-button"></span></div></div></a></div></div><div class="grid-container__item more"></div></div>
<p>Lucie Bílá ist seit vielen Jahren eine der beliebtesten Gesangspersönlichkeiten mit einem breiten Spektrum an Schwerpunkten. Sie ist eine der erfolgreichsten Performerinnen der slowakischen und tschechischen Musikszene. Man konnte sie in mehreren populären Musicals wie Les Misérables, Garten der irdischen Freuden, Dracula, Excalibur oder Der Rattenfänger sehen. Ihre Heimatbühne ist Divadlo Ta Fantastika, wo sie fast drei Jahre lang in der Titelrolle des Musicals &#8222;Johanna von Orléans&#8220; und &#8222;Liebe ist Liebe&#8220; auftrat.</p>
<p>Im Film konnte man Lucie Bílá zum Beispiel im erfolgreichen Märchen Die Prinzessin aus der Mühle, in den Filmen King Ubu, Zeit der Schulden oder in der TV-Märchenserie Über verlorene Liebe in der Rolle der würdigen Spinnenfrau sehen.</p>
<p>Im Bereich der Popmusik veröffentlichte Lucie Bílá eine Reihe von Soloalben, mit denen sie erfolgreich die Rangliste der heimischen Charts erobert. Zu ihren größten Hits gehören die Songs „Ave Maria“, „Love is Love“, „Trouba“, „Esemes“ oder „Miluji tě“, die fast jeder kennt. Ihre Begegnung und langjährige kreative Zusammenarbeit mit dem Autorenduo Soukup /Osvaldová sowie ihre Bühnenpartnerschaft mit dem Pianisten und Komponisten Petr Malásek sind als die schicksalhafteste zu bezeichnen.</p>
<p>Verpassen Sie nicht ein unvergessliches Musikerlebnis und genießen Sie die Adventszeit mit dem beliebtesten tschechischen Sänger.</p>
<p>Klicken Sie auf das Banner, um die Facebook-Veranstaltungsseite anzuzeigen:</p>
<p><a href="https://www.facebook.com/events/401483652032448" target="_blank" rel="noopener"><img loading="lazy" class="alignleft wp-image-202985 size-full" src="https://www.visitbratislava.com/wp-content/uploads/2022/12/Biele-Vianoce-Lucie-Bilej-2022-Banner.jpg" alt="" width="800" height="376" srcset="https://www.visitbratislava.com/wp-content/uploads/2022/12/Biele-Vianoce-Lucie-Bilej-2022-Banner.jpg 800w, https://www.visitbratislava.com/wp-content/uploads/2022/12/Biele-Vianoce-Lucie-Bilej-2022-Banner-400x188.jpg 400w, https://www.visitbratislava.com/wp-content/uploads/2022/12/Biele-Vianoce-Lucie-Bilej-2022-Banner-768x361.jpg 768w, https://www.visitbratislava.com/wp-content/uploads/2022/12/Biele-Vianoce-Lucie-Bilej-2022-Banner-200x94.jpg 200w" sizes="(max-width: 800px) 100vw, 800px" /></a></p>
<p>Klicken Sie auf das Bild, um Tickets zu kaufen:</p>
<p><a href="https://www.ticketportal.sk/event/BILE-VANOCE-LUCIE-BILE?idp=189275" target="_blank" rel="noopener"><img loading="lazy" class="alignleft wp-image-202991 size-full" src="https://www.visitbratislava.com/wp-content/uploads/2022/12/Biele-Vianoce-Lucie-Bilej-001.jpg" alt="" width="2362" height="2362" srcset="https://www.visitbratislava.com/wp-content/uploads/2022/12/Biele-Vianoce-Lucie-Bilej-001.jpg 2362w, https://www.visitbratislava.com/wp-content/uploads/2022/12/Biele-Vianoce-Lucie-Bilej-001-400x400.jpg 400w, https://www.visitbratislava.com/wp-content/uploads/2022/12/Biele-Vianoce-Lucie-Bilej-001-800x800.jpg 800w, https://www.visitbratislava.com/wp-content/uploads/2022/12/Biele-Vianoce-Lucie-Bilej-001-150x150.jpg 150w, https://www.visitbratislava.com/wp-content/uploads/2022/12/Biele-Vianoce-Lucie-Bilej-001-768x768.jpg 768w, https://www.visitbratislava.com/wp-content/uploads/2022/12/Biele-Vianoce-Lucie-Bilej-001-1536x1536.jpg 1536w, https://www.visitbratislava.com/wp-content/uploads/2022/12/Biele-Vianoce-Lucie-Bilej-001-2048x2048.jpg 2048w, https://www.visitbratislava.com/wp-content/uploads/2022/12/Biele-Vianoce-Lucie-Bilej-001-200x200.jpg 200w, https://www.visitbratislava.com/wp-content/uploads/2022/12/Biele-Vianoce-Lucie-Bilej-001-184x184.jpg 184w, https://www.visitbratislava.com/wp-content/uploads/2022/12/Biele-Vianoce-Lucie-Bilej-001-384x384.jpg 384w, https://www.visitbratislava.com/wp-content/uploads/2022/12/Biele-Vianoce-Lucie-Bilej-001-784x784.jpg 784w" sizes="(max-width: 2362px) 100vw, 2362px" /></a></p>

<p>Die erfolgreichste tschechische Sängerin kehrt zu den Vorweihnachtsbühnen zurück</p>
