{"id":203049,"date":"2022-12-06T14:33:34","date_gmt":"2022-12-06T13:33:34","guid":{"rendered":"https:\/\/www.visitbratislava.com\/?post_type=event&#038;p=203049"},"modified":"2022-12-06T14:33:34","modified_gmt":"2022-12-06T13:33:34","slug":"slowakische-nationalgalerie-teil-eroeffnet-neue-raeumlichkeiten","status":"publish","type":"event","link":"https:\/\/www.visitbratislava.com\/de\/geschehen\/slowakische-nationalgalerie-teil-eroeffnet-neue-raeumlichkeiten\/","title":{"rendered":"Slowakische Nationalgalerie (teil-)er\u00f6ffnet neue R\u00e4umlichkeiten"},"content":{"rendered":"<p>Die neuen R\u00e4umlichkeiten sind am Sonntag, den 11. Dezember, ab 10.00 Uhr f\u00fcr die \u00d6ffentlichkeit zug\u00e4nglich. Bei dieser Gelegenheit k\u00f6nnen Sie ein ganzt\u00e4giges Programm bis 20.00 Uhr, zwei Startausstellungen, ein spezielles Projekt von Kunstwerken, die mit der Architektur zusammentreffen, und ein einzigartiges Erlebnis der unwiederholbaren Neuheit genie\u00dfen, auf die wir alle lange gewartet haben.<\/p>\n<div class=\"grid-container\"><div class=\"grid-container__item\"><div class=\"block\"><a href=\"https:\/\/www.visitbratislava.com\/wp-content\/uploads\/2022\/12\/BTB_2022_Narodna-galeria_volne-pouzitie-30-800x533.jpg\" data-fancybox=\"gallery\" data-caption=\"\"><div class=\"background\"><img src=\"https:\/\/www.visitbratislava.com\/wp-content\/uploads\/2022\/12\/BTB_2022_Narodna-galeria_volne-pouzitie-30-800x533.jpg\" alt=\"foto\"\/><\/div><div class=\"overlay filter-blue\"><div class=\"content\"><span class=\"zoom-button\"><\/span><\/div><\/div><\/a><\/div><\/div><div class=\"grid-container__item\"><div class=\"block\"><a href=\"https:\/\/www.visitbratislava.com\/wp-content\/uploads\/2022\/12\/BTB_2022_Narodna-galeria_volne-pouzitie-800x533.jpg\" data-fancybox=\"gallery\" data-caption=\"\"><div class=\"background\" style=\"background-image: url(https:\/\/www.visitbratislava.com\/wp-content\/uploads\/2022\/12\/BTB_2022_Narodna-galeria_volne-pouzitie-800x533.jpg)\"><\/div><div class=\"overlay filter-green\"><div class=\"content\"><span class=\"zoom-button\"><\/span><\/div><\/div><\/a><\/div><\/div><div class=\"grid-container__item more\"><\/div><\/div>\n<p>Die Ausstellung \u201eProlog. 12 Farben der Realit\u00e4t\u201c f\u00fchrt Sie zum ersten Mal durch den Neubau. In zw\u00f6lf thematischen Ausstellungssituationen sehen Sie Werke alter, moderner und zeitgen\u00f6ssischer Kunst aus SNG-Sammlungen in gegenseitigen Dialogen und mehr oder weniger \u00fcberraschenden Beziehungen.<\/p>\n<p>Eine weitere Neuheit wird die interaktive Ausstellung \u201eEs ist K(uns)t!\u201c sein, in der wir die h\u00e4ufigsten Fragen des Publikums rund um die Kunst beantworten werden.<\/p>\n<p>Die letzte Schicht wird die Ausstellung des Geb\u00e4udes \u201eKunst im \u00f6ffentlichen Raum\u201c selbst sein. Seine verschiedenen Ecken wurden mit Kunst im Geiste der alten Palasttraditionen erg\u00e4nzt. Bei einem Spaziergang durch die Galerie haben Sie die M\u00f6glichkeit, \u00fcberrascht und erstaunt zu sein und sicherzustellen, dass Kunst und Architektur kompatibel sind.<\/p>\n<p>W\u00e4hrend des Sonntagser\u00f6ffnungstages steht Ihnen kostenlos ein Pop-up-Caf\u00e9, ein Ex Libris Buchladen in SNG mit eigenem Merch und Katalogen, eine Fotowand und eine Karte der Gegend zur Verf\u00fcgung.<\/p>\n<div class=\"grid-container\"><div class=\"grid-container__item\"><div class=\"block\"><a href=\"https:\/\/www.visitbratislava.com\/wp-content\/uploads\/2022\/12\/BTB_2022_Narodna-galeria_volne-pouzitie-9-800x533.jpg\" data-fancybox=\"gallery\" data-caption=\"\"><div class=\"background\"><img src=\"https:\/\/www.visitbratislava.com\/wp-content\/uploads\/2022\/12\/BTB_2022_Narodna-galeria_volne-pouzitie-9-800x533.jpg\" alt=\"foto\"\/><\/div><div class=\"overlay filter-blue\"><div class=\"content\"><span class=\"zoom-button\"><\/span><\/div><\/div><\/a><\/div><\/div><div class=\"grid-container__item\"><div class=\"block\"><a href=\"https:\/\/www.visitbratislava.com\/wp-content\/uploads\/2022\/12\/BTB_2022_Narodna-galeria_volne-pouzitie-21-800x533.jpg\" data-fancybox=\"gallery\" data-caption=\"\"><div class=\"background\" style=\"background-image: url(https:\/\/www.visitbratislava.com\/wp-content\/uploads\/2022\/12\/BTB_2022_Narodna-galeria_volne-pouzitie-21-800x533.jpg)\"><\/div><div class=\"overlay filter-green\"><div class=\"content\"><span class=\"zoom-button\"><\/span><\/div><\/div><\/a><\/div><\/div><div class=\"grid-container__item more\"><\/div><\/div>\n<h3>Programm<\/h3>\n<p><strong>10.00 Uhr | Herzlich willkommen! \u00d6ffnen der Tore<\/strong><\/p>\n<p><strong>10.00 bis 18.00 Uhr | Kreativ-Expedition: Abenteuer mit Ester N<\/strong><br \/>\nEntdecken Sie das neue SNG-Geb\u00e4ude mit der ganzen Familie! Durch die Geschichte der zw\u00f6lfj\u00e4hrigen Heldin des Buches Wo ist Esther N? erkunden Sie verschiedene Orte \u2013 auch die, die Sie normalerweise nicht zu sehen bekommen. Sie werden interessante Details, Ecken, Abgr\u00fcnde und Ansichten bemerken und neue R\u00e4ume f\u00fcr kreative Aufgaben genie\u00dfen. Begeben Sie sich auf ein Abenteuer mit einer Karte der Galerie!<\/p>\n<p><strong>10.00 bis 19.00 Uhr | Filmvorf\u00fchrung und Fotoprojektion: Galerie auf dem Bildschirm<\/strong><br \/>\nLernen Sie die SNG durch archivierte audiovisuelle Dokumente und Videos kennen! Wir zeigen den ganzen Tag im Kino<\/p>\n<p><strong>11.00 Uhr | Dialog: Es ist K(uns)t!<\/strong><br \/>\nMuss Kunst immer sch\u00f6n sein? Wer ist der K\u00fcnstler? Brauchen Kunstwerke Titel? Wenn Sie \u00fcber \u00e4hnliche Fragen r\u00e4tseln, nehmen Sie an einem Dialog mit der Galeristin Barbora Tribulov\u00e1 teil. Sie stellt den Leitfaden zur Ausstellung Es ist K(uns)t! und das gleichnamige Buch vor, mit dem Sie die Grundprinzipien der bildenden Kunst entdecken k\u00f6nnen<\/p>\n<p><strong>13.00 Uhr | Spaziergang: Kunst in der Architektur I \u2013 Angewandte Kunst<\/strong><br \/>\nInterpretation von Kuratorin Viera Kleinov\u00e1 von ausgew\u00e4hlten Werken der angewandten Kunst, die im Rahmen des Projekts Art in the Public Space zu Elementen der Architektur der neuen SNG geworden sind<\/p>\n<p><strong>14.00 Uhr | Vorstellung eines Architekturf\u00fchrers: Wei\u00df und Rot<\/strong><br \/>\nErwecken Sie mit uns eine neue Publikation zum Leben \u2013 ein F\u00fchrer, der Sie durch das rekonstruierte Gel\u00e4nde der SNG f\u00fchrt. Geschichten und interessante Fakten werden von der Herausgeberin und Koautorin des Textes, der Kuratorin Eva Kotl\u00e1rikov\u00e1, pr\u00e4sentiert<\/p>\n<p><strong>14.00 bis 17.00 Uhr | Workshop: Skizzieren, zeichnen, erstellen<\/strong><br \/>\nErleben Sie die Atmosph\u00e4re eines Architekturateliers \u2013 entwerfen, zeichnen und erstellen Sie in diesem Workshop f\u00fcr Familien mit Kindern ein Modell eines Geb\u00e4udes<\/p>\n<p><strong>17.00 bis 18.00 Uhr | Vortrag: Projektgalerie<\/strong><br \/>\nVortrag im Kino von Pavol Pa\u0148\u00e1k und Martin Kus\u00fd (BKP\u0160 Architects), Autoren des SNG-Rekonstruktionsprojekts<\/p>\n<p><strong>17.00 bis 20.00 Uhr | DJ-Set Palo \u010cejka<\/strong><br \/>\nKommen Sie in Bewegung mit das neue SNG w\u00e4hrend eines 3-st\u00fcndigen Sets<\/p>\n<p><strong>18.00 Uhr | Spaziergang: Kunst in der Architektur II \u2013 Skulptur<\/strong><br \/>\nInterpretation ausgew\u00e4hlter skulpturaler Werke durch Kuratorin Vladim\u00edra B\u00fcngerov\u00e1, die im Rahmen des Projekts Kunst im \u00f6ffentlichen Raum zu Elementen der Architektur der neuen SNG geworden sind<\/p>\n<p><strong>19.00 Uhr | Tanzperformance: Komplementarit\u00e4t<\/strong><br \/>\nDie ikonische Br\u00fccke wird in einer Tanzperformance zu den ausgestellten Arbeiten von Stano Filko RETROOQS.F. 12 Farben der Realit\u00e4t (Choreografie: Petra Fornayov\u00e1) zum Leben erweckt<\/p>\n<p><strong>20.00 Uhr | Danke! Schlie\u00dfen der Tore<\/strong><\/p>\n<p>Klicken Sie auf das Banner, um die Facebook-Veranstaltungsseite anzuzeigen:<\/p>\n<p><a href=\"https:\/\/www.facebook.com\/events\/2982110325417076\" target=\"_blank\" rel=\"noopener\"><img loading=\"lazy\" class=\"alignleft wp-image-203040 size-full\" src=\"https:\/\/www.visitbratislava.com\/wp-content\/uploads\/2022\/12\/Nova-SNG-2022-Promo.png\" alt=\"\" width=\"960\" height=\"960\" srcset=\"https:\/\/www.visitbratislava.com\/wp-content\/uploads\/2022\/12\/Nova-SNG-2022-Promo.png 960w, https:\/\/www.visitbratislava.com\/wp-content\/uploads\/2022\/12\/Nova-SNG-2022-Promo-400x400.png 400w, https:\/\/www.visitbratislava.com\/wp-content\/uploads\/2022\/12\/Nova-SNG-2022-Promo-800x800.png 800w, https:\/\/www.visitbratislava.com\/wp-content\/uploads\/2022\/12\/Nova-SNG-2022-Promo-150x150.png 150w, https:\/\/www.visitbratislava.com\/wp-content\/uploads\/2022\/12\/Nova-SNG-2022-Promo-768x768.png 768w, https:\/\/www.visitbratislava.com\/wp-content\/uploads\/2022\/12\/Nova-SNG-2022-Promo-200x200.png 200w, https:\/\/www.visitbratislava.com\/wp-content\/uploads\/2022\/12\/Nova-SNG-2022-Promo-184x184.png 184w, https:\/\/www.visitbratislava.com\/wp-content\/uploads\/2022\/12\/Nova-SNG-2022-Promo-384x384.png 384w, https:\/\/www.visitbratislava.com\/wp-content\/uploads\/2022\/12\/Nova-SNG-2022-Promo-784x784.png 784w\" sizes=\"(max-width: 960px) 100vw, 960px\" \/><\/a><\/p>\n","protected":false},"excerpt":{"rendered":"<p>Nach einem langen und m\u00fchsamen Umbau wird die neue Slowakische Nationalgalerie (SNG) in Bratislava er\u00f6ffnet<\/p>\n","protected":false},"featured_media":203008,"template":"","acf":[],"event_date":{"start_date":1670716800,"end_date":1670716800},"_links":{"self":[{"href":"https:\/\/www.visitbratislava.com\/de\/wp-json\/wp\/v2\/event\/203049"}],"collection":[{"href":"https:\/\/www.visitbratislava.com\/de\/wp-json\/wp\/v2\/event"}],"about":[{"href":"https:\/\/www.visitbratislava.com\/de\/wp-json\/wp\/v2\/types\/event"}],"version-history":[{"count":2,"href":"https:\/\/www.visitbratislava.com\/de\/wp-json\/wp\/v2\/event\/203049\/revisions"}],"predecessor-version":[{"id":203051,"href":"https:\/\/www.visitbratislava.com\/de\/wp-json\/wp\/v2\/event\/203049\/revisions\/203051"}],"wp:featuredmedia":[{"embeddable":true,"href":"https:\/\/www.visitbratislava.com\/de\/wp-json\/wp\/v2\/media\/203008"}],"wp:attachment":[{"href":"https:\/\/www.visitbratislava.com\/de\/wp-json\/wp\/v2\/media?parent=203049"}],"curies":[{"name":"wp","href":"https:\/\/api.w.org\/{rel}","templated":true}]}}

Slowakische Nationalgalerie (teil-)eröffnet neue Räumlichkeiten

<p>Die neuen Räumlichkeiten sind am Sonntag, den 11. Dezember, ab 10.00 Uhr für die Öffentlichkeit zugänglich. Bei dieser Gelegenheit können Sie ein ganztägiges Programm bis 20.00 Uhr, zwei Startausstellungen, ein spezielles Projekt von Kunstwerken, die mit der Architektur zusammentreffen, und ein einzigartiges Erlebnis der unwiederholbaren Neuheit genießen, auf die wir alle lange gewartet haben.</p>
<div class="grid-container"><div class="grid-container__item"><div class="block"><a href="https://www.visitbratislava.com/wp-content/uploads/2022/12/BTB_2022_Narodna-galeria_volne-pouzitie-30-800x533.jpg" data-fancybox="gallery" data-caption=""><div class="background"><img src="https://www.visitbratislava.com/wp-content/uploads/2022/12/BTB_2022_Narodna-galeria_volne-pouzitie-30-800x533.jpg" alt="foto"/></div><div class="overlay filter-blue"><div class="content"><span class="zoom-button"></span></div></div></a></div></div><div class="grid-container__item"><div class="block"><a href="https://www.visitbratislava.com/wp-content/uploads/2022/12/BTB_2022_Narodna-galeria_volne-pouzitie-800x533.jpg" data-fancybox="gallery" data-caption=""><div class="background" style="background-image: url(https://www.visitbratislava.com/wp-content/uploads/2022/12/BTB_2022_Narodna-galeria_volne-pouzitie-800x533.jpg)"></div><div class="overlay filter-green"><div class="content"><span class="zoom-button"></span></div></div></a></div></div><div class="grid-container__item more"></div></div>
<p>Die Ausstellung „Prolog. 12 Farben der Realität“ führt Sie zum ersten Mal durch den Neubau. In zwölf thematischen Ausstellungssituationen sehen Sie Werke alter, moderner und zeitgenössischer Kunst aus SNG-Sammlungen in gegenseitigen Dialogen und mehr oder weniger überraschenden Beziehungen.</p>
<p>Eine weitere Neuheit wird die interaktive Ausstellung „Es ist K(uns)t!“ sein, in der wir die häufigsten Fragen des Publikums rund um die Kunst beantworten werden.</p>
<p>Die letzte Schicht wird die Ausstellung des Gebäudes „Kunst im öffentlichen Raum“ selbst sein. Seine verschiedenen Ecken wurden mit Kunst im Geiste der alten Palasttraditionen ergänzt. Bei einem Spaziergang durch die Galerie haben Sie die Möglichkeit, überrascht und erstaunt zu sein und sicherzustellen, dass Kunst und Architektur kompatibel sind.</p>
<p>Während des Sonntagseröffnungstages steht Ihnen kostenlos ein Pop-up-Café, ein Ex Libris Buchladen in SNG mit eigenem Merch und Katalogen, eine Fotowand und eine Karte der Gegend zur Verfügung.</p>
<div class="grid-container"><div class="grid-container__item"><div class="block"><a href="https://www.visitbratislava.com/wp-content/uploads/2022/12/BTB_2022_Narodna-galeria_volne-pouzitie-9-800x533.jpg" data-fancybox="gallery" data-caption=""><div class="background"><img src="https://www.visitbratislava.com/wp-content/uploads/2022/12/BTB_2022_Narodna-galeria_volne-pouzitie-9-800x533.jpg" alt="foto"/></div><div class="overlay filter-blue"><div class="content"><span class="zoom-button"></span></div></div></a></div></div><div class="grid-container__item"><div class="block"><a href="https://www.visitbratislava.com/wp-content/uploads/2022/12/BTB_2022_Narodna-galeria_volne-pouzitie-21-800x533.jpg" data-fancybox="gallery" data-caption=""><div class="background" style="background-image: url(https://www.visitbratislava.com/wp-content/uploads/2022/12/BTB_2022_Narodna-galeria_volne-pouzitie-21-800x533.jpg)"></div><div class="overlay filter-green"><div class="content"><span class="zoom-button"></span></div></div></a></div></div><div class="grid-container__item more"></div></div>
<h3>Programm</h3>
<p><strong>10.00 Uhr | Herzlich willkommen! Öffnen der Tore</strong></p>
<p><strong>10.00 bis 18.00 Uhr | Kreativ-Expedition: Abenteuer mit Ester N</strong><br />
Entdecken Sie das neue SNG-Gebäude mit der ganzen Familie! Durch die Geschichte der zwölfjährigen Heldin des Buches Wo ist Esther N? erkunden Sie verschiedene Orte – auch die, die Sie normalerweise nicht zu sehen bekommen. Sie werden interessante Details, Ecken, Abgründe und Ansichten bemerken und neue Räume für kreative Aufgaben genießen. Begeben Sie sich auf ein Abenteuer mit einer Karte der Galerie!</p>
<p><strong>10.00 bis 19.00 Uhr | Filmvorführung und Fotoprojektion: Galerie auf dem Bildschirm</strong><br />
Lernen Sie die SNG durch archivierte audiovisuelle Dokumente und Videos kennen! Wir zeigen den ganzen Tag im Kino</p>
<p><strong>11.00 Uhr | Dialog: Es ist K(uns)t!</strong><br />
Muss Kunst immer schön sein? Wer ist der Künstler? Brauchen Kunstwerke Titel? Wenn Sie über ähnliche Fragen rätseln, nehmen Sie an einem Dialog mit der Galeristin Barbora Tribulová teil. Sie stellt den Leitfaden zur Ausstellung Es ist K(uns)t! und das gleichnamige Buch vor, mit dem Sie die Grundprinzipien der bildenden Kunst entdecken können</p>
<p><strong>13.00 Uhr | Spaziergang: Kunst in der Architektur I – Angewandte Kunst</strong><br />
Interpretation von Kuratorin Viera Kleinová von ausgewählten Werken der angewandten Kunst, die im Rahmen des Projekts Art in the Public Space zu Elementen der Architektur der neuen SNG geworden sind</p>
<p><strong>14.00 Uhr | Vorstellung eines Architekturführers: Weiß und Rot</strong><br />
Erwecken Sie mit uns eine neue Publikation zum Leben – ein Führer, der Sie durch das rekonstruierte Gelände der SNG führt. Geschichten und interessante Fakten werden von der Herausgeberin und Koautorin des Textes, der Kuratorin Eva Kotláriková, präsentiert</p>
<p><strong>14.00 bis 17.00 Uhr | Workshop: Skizzieren, zeichnen, erstellen</strong><br />
Erleben Sie die Atmosphäre eines Architekturateliers – entwerfen, zeichnen und erstellen Sie in diesem Workshop für Familien mit Kindern ein Modell eines Gebäudes</p>
<p><strong>17.00 bis 18.00 Uhr | Vortrag: Projektgalerie</strong><br />
Vortrag im Kino von Pavol Paňák und Martin Kusý (BKPŠ Architects), Autoren des SNG-Rekonstruktionsprojekts</p>
<p><strong>17.00 bis 20.00 Uhr | DJ-Set Palo Čejka</strong><br />
Kommen Sie in Bewegung mit das neue SNG während eines 3-stündigen Sets</p>
<p><strong>18.00 Uhr | Spaziergang: Kunst in der Architektur II – Skulptur</strong><br />
Interpretation ausgewählter skulpturaler Werke durch Kuratorin Vladimíra Büngerová, die im Rahmen des Projekts Kunst im öffentlichen Raum zu Elementen der Architektur der neuen SNG geworden sind</p>
<p><strong>19.00 Uhr | Tanzperformance: Komplementarität</strong><br />
Die ikonische Brücke wird in einer Tanzperformance zu den ausgestellten Arbeiten von Stano Filko RETROOQS.F. 12 Farben der Realität (Choreografie: Petra Fornayová) zum Leben erweckt</p>
<p><strong>20.00 Uhr | Danke! Schließen der Tore</strong></p>
<p>Klicken Sie auf das Banner, um die Facebook-Veranstaltungsseite anzuzeigen:</p>
<p><a href="https://www.facebook.com/events/2982110325417076" target="_blank" rel="noopener"><img loading="lazy" class="alignleft wp-image-203040 size-full" src="https://www.visitbratislava.com/wp-content/uploads/2022/12/Nova-SNG-2022-Promo.png" alt="" width="960" height="960" srcset="https://www.visitbratislava.com/wp-content/uploads/2022/12/Nova-SNG-2022-Promo.png 960w, https://www.visitbratislava.com/wp-content/uploads/2022/12/Nova-SNG-2022-Promo-400x400.png 400w, https://www.visitbratislava.com/wp-content/uploads/2022/12/Nova-SNG-2022-Promo-800x800.png 800w, https://www.visitbratislava.com/wp-content/uploads/2022/12/Nova-SNG-2022-Promo-150x150.png 150w, https://www.visitbratislava.com/wp-content/uploads/2022/12/Nova-SNG-2022-Promo-768x768.png 768w, https://www.visitbratislava.com/wp-content/uploads/2022/12/Nova-SNG-2022-Promo-200x200.png 200w, https://www.visitbratislava.com/wp-content/uploads/2022/12/Nova-SNG-2022-Promo-184x184.png 184w, https://www.visitbratislava.com/wp-content/uploads/2022/12/Nova-SNG-2022-Promo-384x384.png 384w, https://www.visitbratislava.com/wp-content/uploads/2022/12/Nova-SNG-2022-Promo-784x784.png 784w" sizes="(max-width: 960px) 100vw, 960px" /></a></p>

<p>Nach einem langen und mühsamen Umbau wird die neue Slowakische Nationalgalerie (SNG) in Bratislava eröffnet</p>
