{"id":22152,"date":"2016-08-19T17:39:29","date_gmt":"2016-08-19T15:39:29","guid":{"rendered":"https:\/\/www.visitbratislava.com\/de\/?post_type=event&#038;p=22152"},"modified":"2025-09-17T12:34:24","modified_gmt":"2025-09-17T10:34:24","slug":"guter-markt-auf-panenska-strasse","status":"publish","type":"event","link":"https:\/\/www.visitbratislava.com\/de\/geschehen\/guter-markt-auf-panenska-strasse\/","title":{"rendered":"Guter Markt auf Panensk\u00e1 Stra\u00dfe"},"content":{"rendered":"<p data-start=\"2164\" data-end=\"2545\">Am <strong data-start=\"2167\" data-end=\"2202\">Samstag, den 20. September 2025<\/strong>, von <strong data-start=\"2208\" data-end=\"2231\">10:00 bis 17:00 Uhr<\/strong> verwandeln sich die <strong data-start=\"2252\" data-end=\"2271\">Panensk\u00e1-Stra\u00dfe<\/strong> und ihre Umgebung erneut in ein lebendiges Zentrum voller Kultur, Kreativit\u00e4t und Begegnungen. Der <strong data-start=\"2371\" data-end=\"2398\"><a href=\"https:\/\/www.facebook.com\/events\/2719163431607925\/?active_tab=discussion\" target=\"_blank\" rel=\"noopener\">Dobr\u00fd trh<\/a> (Guter Markt)<\/strong> z\u00e4hlt zu den beliebtesten Stra\u00dfenfesten Bratislavas und bringt Einheimische, G\u00e4ste, K\u00fcnstler:innen, Handwerker:innen und Nachbar:innen zusammen.<\/p>\n<h2 data-start=\"2547\" data-end=\"2587\">Thema: Die Kunst des Zusammenlebens<\/h2>\n<p data-start=\"2588\" data-end=\"2914\">Die Herbstausgabe widmet sich erneut dem Thema <strong data-start=\"2635\" data-end=\"2669\">\u201eDie Kunst des Zusammenlebens\u201c<\/strong>. Kooperation, Austausch und neue Formen des gemeinschaftlichen Lebens im urbanen Raum stehen im Mittelpunkt. Kultur und Kreativit\u00e4t gelten dabei als entscheidende Werkzeuge zur St\u00e4rkung von Nachbarschaften und zur F\u00f6rderung guter Beziehungen.<\/p>\n<h2 data-start=\"2916\" data-end=\"2940\">Wo findet es statt?<\/h2>\n<p data-start=\"2941\" data-end=\"3141\">Der Dobr\u00fd trh findet auf der <strong data-start=\"2970\" data-end=\"2989\">Panensk\u00e1-Stra\u00dfe<\/strong> statt und breitet sich auch auf die <strong data-start=\"3026\" data-end=\"3075\">L\u00fdcejna-, Konventn\u00e1- und Podjavorinsk\u00e1-Stra\u00dfe<\/strong> aus. Ein Teil des Programms ist im <strong data-start=\"3111\" data-end=\"3127\">Alten Lyzeum<\/strong> zu erleben.<\/p>\n<h3 data-start=\"2539\" data-end=\"2572\">\ud83d\udecd Mehr als 200 Marktst\u00e4nde<\/h3>\n<p data-start=\"2573\" data-end=\"2635\">Der Gute Markt bietet authentische und hochwertige Produkte:<\/p>\n<ul data-start=\"2636\" data-end=\"2789\">\n<li data-start=\"2636\" data-end=\"2663\">\n<p data-start=\"2638\" data-end=\"2663\">Slow Fashion und Design<\/p>\n<\/li>\n<li data-start=\"2664\" data-end=\"2694\">\n<p data-start=\"2666\" data-end=\"2694\">kulinarische Spezialit\u00e4ten<\/p>\n<\/li>\n<li data-start=\"2695\" data-end=\"2725\">\n<p data-start=\"2697\" data-end=\"2725\">B\u00fccher f\u00fcr Lesebegeisterte<\/p>\n<\/li>\n<li data-start=\"2726\" data-end=\"2751\">\n<p data-start=\"2728\" data-end=\"2751\">handgemachte Kosmetik<\/p>\n<\/li>\n<li data-start=\"2752\" data-end=\"2789\">\n<p data-start=\"2754\" data-end=\"2789\">Produkte f\u00fcr Kinder und Haustiere<\/p>\n<\/li>\n<\/ul>\n<hr data-start=\"2791\" data-end=\"2794\" \/>\n<h3 data-start=\"2796\" data-end=\"2829\">\ud83c\udfa8 Workshops den ganzen Tag<\/h3>\n<ul data-start=\"2830\" data-end=\"2943\">\n<li data-start=\"2830\" data-end=\"2864\">\n<p data-start=\"2832\" data-end=\"2864\">Schmuck- und Stickereiarbeiten<\/p>\n<\/li>\n<li data-start=\"2865\" data-end=\"2889\">\n<p data-start=\"2867\" data-end=\"2889\">einen Schal stricken<\/p>\n<\/li>\n<li data-start=\"2890\" data-end=\"2943\">\n<p data-start=\"2892\" data-end=\"2943\">Trommelkreis, Samba-Kreis, Multi-Genre-Tanzfl\u00e4che<\/p>\n<\/li>\n<\/ul>\n<hr data-start=\"2945\" data-end=\"2948\" \/>\n<h3 data-start=\"2950\" data-end=\"3006\">\ud83e\uddd6 Entspannungszone \u2013 <em data-start=\"2976\" data-end=\"3004\">Abschalten und Ausdampfen!<\/em><\/h3>\n<ul data-start=\"3007\" data-end=\"3115\">\n<li data-start=\"3007\" data-end=\"3074\">\n<p data-start=\"3009\" data-end=\"3074\">Sauna-Rituale mit traditionellen Aufguss-Zeremonien (st\u00fcndlich)<\/p>\n<\/li>\n<li data-start=\"3075\" data-end=\"3087\">\n<p data-start=\"3077\" data-end=\"3087\">Massagen<\/p>\n<\/li>\n<li data-start=\"3088\" data-end=\"3115\">\n<p data-start=\"3090\" data-end=\"3115\">Barber-Dienstleistungen<\/p>\n<\/li>\n<\/ul>\n<hr data-start=\"3117\" data-end=\"3120\" \/>\n<h3 data-start=\"3122\" data-end=\"3160\">\ud83e\udd1d Solidarit\u00e4tszone (Hof Nr. 13)<\/h3>\n<p data-start=\"3161\" data-end=\"3213\">In Zusammenarbeit mit der <strong data-start=\"3187\" data-end=\"3210\">Volkswagen Stiftung<\/strong>:<\/p>\n<ul data-start=\"3214\" data-end=\"3426\">\n<li data-start=\"3214\" data-end=\"3305\">\n<p data-start=\"3216\" data-end=\"3305\">Diskussionen zu Umweltschutz, Familienfinanzen oder den Auswirkungen totalit\u00e4rer Regime<\/p>\n<\/li>\n<li data-start=\"3306\" data-end=\"3426\">\n<p data-start=\"3308\" data-end=\"3426\">Vorstellung der Initiative <strong data-start=\"3335\" data-end=\"3363\">Starten wir die Slowakei<\/strong> \u2013 ein Zuschuss von 2.500 \u20ac f\u00fcr lokale Nachbarschaftsprojekte<\/p>\n<\/li>\n<\/ul>\n<hr data-start=\"3428\" data-end=\"3431\" \/>\n<h3 data-start=\"3433\" data-end=\"3478\">\ud83c\udf0d Entdecke die Welt \u2013 [fj\u00fa\u017en] Festival<\/h3>\n<p data-start=\"3479\" data-end=\"3564\">Thema: <strong data-start=\"3486\" data-end=\"3493\">Mut<\/strong> \u2013 Slogan <em data-start=\"3503\" data-end=\"3562\">\u201eTrau dich, die Welt zu entdecken, die wir zuhause haben\u201c<\/em><\/p>\n<ul data-start=\"3565\" data-end=\"3739\">\n<li data-start=\"3565\" data-end=\"3610\">\n<p data-start=\"3567\" data-end=\"3610\">Musik aus der Slowakei und aus aller Welt<\/p>\n<\/li>\n<li data-start=\"3611\" data-end=\"3659\">\n<p data-start=\"3613\" data-end=\"3659\">t\u00fcrkische Ebru-Maltechnik (Malen auf Wasser)<\/p>\n<\/li>\n<li data-start=\"3660\" data-end=\"3701\">\n<p data-start=\"3662\" data-end=\"3701\">Armbandflechten, Postkartengestaltung<\/p>\n<\/li>\n<li data-start=\"3702\" data-end=\"3739\">\n<p data-start=\"3704\" data-end=\"3739\">Theater f\u00fcr Kinder und Erwachsene<\/p>\n<\/li>\n<\/ul>\n<hr data-start=\"3741\" data-end=\"3744\" \/>\n<h3 data-start=\"3746\" data-end=\"3768\">\ud83c\udfb6 Musikprogramm<\/h3>\n<p data-start=\"3769\" data-end=\"3808\">Zum ersten Mal im <strong data-start=\"3787\" data-end=\"3805\">Haus der Musik<\/strong>:<\/p>\n<ul data-start=\"3809\" data-end=\"3879\">\n<li data-start=\"3809\" data-end=\"3833\">\n<p data-start=\"3811\" data-end=\"3833\">World Music Festival<\/p>\n<\/li>\n<li data-start=\"3834\" data-end=\"3879\">\n<p data-start=\"3836\" data-end=\"3879\">Festival der j\u00fcdischen Kultur <em data-start=\"3866\" data-end=\"3877\">Mazel Tov<\/em><\/p>\n<\/li>\n<\/ul>\n<hr data-start=\"3881\" data-end=\"3884\" \/>\n<h3 data-start=\"3886\" data-end=\"3910\">\ud83c\udf93 F\u00fcr Studierende<\/h3>\n<p data-start=\"3911\" data-end=\"4002\"><strong data-start=\"3911\" data-end=\"3938\">Student Welcome Weekend<\/strong> \u2013 eine Neuheit in Bratislava, das auch am Sonntag weitergeht:<\/p>\n<ul data-start=\"4003\" data-end=\"4244\">\n<li data-start=\"4003\" data-end=\"4056\">\n<p data-start=\"4005\" data-end=\"4056\">Diskussionen, Workshops, Gemeinschaftsaktivit\u00e4ten<\/p>\n<\/li>\n<li data-start=\"4057\" data-end=\"4093\">\n<p data-start=\"4059\" data-end=\"4093\">KOLO auf R\u00e4dern (Fahrradprojekt)<\/p>\n<\/li>\n<li data-start=\"4094\" data-end=\"4244\">\n<p data-start=\"4096\" data-end=\"4244\">Programm auf Slowakisch und Englisch<br data-start=\"4132\" data-end=\"4135\" \/>Bratislava zeigt sich als <strong data-start=\"4161\" data-end=\"4182\">Stadt der Talente<\/strong> \u2013 ein Ort zum Studieren, Leben und Gemeinschaften aufbauen.<\/p>\n<\/li>\n<\/ul>\n<h2 data-start=\"3566\" data-end=\"3579\">Eintritt<\/h2>\n<p data-start=\"3580\" data-end=\"3737\">Der Eintritt ist <strong data-start=\"3597\" data-end=\"3611\">freiwillig<\/strong>. Beitr\u00e4ge der Besucher:innen helfen den Organisatorinnen, den Dobr\u00fd trh in der bekannten und beliebten Form weiterzuf\u00fchren.<\/p>\n<h2 data-start=\"3739\" data-end=\"3751\">Hinweis<\/h2>\n<p data-start=\"3752\" data-end=\"3919\">W\u00e4hrend der Veranstaltung k\u00f6nnen <strong data-start=\"3785\" data-end=\"3813\">Foto- und Videoaufnahmen<\/strong> gemacht werden. Mit der Teilnahme geben Besucher:innen ihre Zustimmung zur Verwendung dieser Aufnahmen.<\/p>\n<p data-start=\"3921\" data-end=\"4140\">\ud83d\udc49 Der <strong data-start=\"3928\" data-end=\"3941\">Dobr\u00fd trh<\/strong> ist nicht nur ein Markt \u2013 er ist eine <strong data-start=\"3980\" data-end=\"4015\">kultige Institution Bratislavas<\/strong>. Jede Ausgabe verwandelt die Stra\u00dfen der Stadt in eine B\u00fchne f\u00fcr Gemeinschaft, Kreativit\u00e4t und unvergessliche Begegnungen.<\/p>\n<div class=\"grid-container\"><div class=\"grid-container__item\"><div class=\"block\"><a href=\"https:\/\/www.visitbratislava.com\/wp-content\/uploads\/2016\/03\/dobry-trh-800x533.jpg\" data-fancybox=\"gallery\" data-caption=\"\"><div class=\"background\"><img src=\"https:\/\/www.visitbratislava.com\/wp-content\/uploads\/2016\/03\/dobry-trh-800x533.jpg\" alt=\"foto\"\/><\/div><div class=\"overlay filter-blue\"><div class=\"content\"><span class=\"zoom-button\"><\/span><\/div><\/div><\/a><\/div><\/div><div class=\"grid-container__item\"><div class=\"block\"><a href=\"https:\/\/www.visitbratislava.com\/wp-content\/uploads\/2023\/04\/dt-fb-4-800x533.jpg\" data-fancybox=\"gallery\" data-caption=\"\"><div class=\"background\" style=\"background-image: url(https:\/\/www.visitbratislava.com\/wp-content\/uploads\/2023\/04\/dt-fb-4-800x533.jpg)\"><\/div><div class=\"overlay filter-green\"><div class=\"content\"><span class=\"zoom-button\"><\/span><\/div><\/div><\/a><\/div><\/div><div class=\"grid-container__item\"><div class=\"block\" ><a href=\"https:\/\/www.visitbratislava.com\/wp-content\/uploads\/2016\/11\/dobry-trh-800x533.jpg\" data-fancybox=\"gallery\" data-caption=\"\"><div class=\"background\" style=\"background-image: url(https:\/\/www.visitbratislava.com\/wp-content\/uploads\/2016\/11\/dobry-trh-800x533.jpg)\"><\/div><div class=\"overlay filter-orange\"><div class=\"content\"><span class=\"zoom-button\"><\/span><\/div><\/div><\/a><\/div><\/div><div class=\"grid-container__item\"><div class=\"block\"><a href=\"https:\/\/www.visitbratislava.com\/wp-content\/uploads\/2014\/10\/dt-fb-3-800x533.jpg\" data-fancybox=\"gallery\" data-caption=\"\"><div class=\"background\" style=\"background-image: url(https:\/\/www.visitbratislava.com\/wp-content\/uploads\/2014\/10\/dt-fb-3-800x533.jpg)\"><\/div><div class=\"overlay filter-purple\"><div class=\"content\"><span class=\"zoom-button\"><\/span><\/div><\/div><\/a><\/div><\/div><div class=\"grid-container__item more\"><\/div><\/div>\n","protected":false},"excerpt":{"rendered":"<p>Die wichtigste Gemeinschaftsveranstaltung in Bratislava, bei der nicht nur Einheimische willkommen sind, sondern auch Bewohner anderer Stadtteile, Besucher, Touristen und Fl\u00fcchtlinge. Neben St\u00e4nden mit hochwertigen Lebensmitteln, originellem Design, B\u00fcchern, Accessoires und Kleidung bietet der Gute Markt viele Erlebnisse &#8211; \u00fcberraschende Kunstinstallationen, au\u00dfergew\u00f6hnliche Konzerte, Workshops f\u00fcr Kinder und Erwachsene, Treffen mit Freunden und interessanten Menschen. <\/p>\n","protected":false},"featured_media":4589,"template":"","acf":[],"event_date":{"start_date":1758326400,"end_date":1758326400},"_links":{"self":[{"href":"https:\/\/www.visitbratislava.com\/de\/wp-json\/wp\/v2\/event\/22152"}],"collection":[{"href":"https:\/\/www.visitbratislava.com\/de\/wp-json\/wp\/v2\/event"}],"about":[{"href":"https:\/\/www.visitbratislava.com\/de\/wp-json\/wp\/v2\/types\/event"}],"version-history":[{"count":6,"href":"https:\/\/www.visitbratislava.com\/de\/wp-json\/wp\/v2\/event\/22152\/revisions"}],"predecessor-version":[{"id":352755,"href":"https:\/\/www.visitbratislava.com\/de\/wp-json\/wp\/v2\/event\/22152\/revisions\/352755"}],"wp:featuredmedia":[{"embeddable":true,"href":"https:\/\/www.visitbratislava.com\/de\/wp-json\/wp\/v2\/media\/4589"}],"wp:attachment":[{"href":"https:\/\/www.visitbratislava.com\/de\/wp-json\/wp\/v2\/media?parent=22152"}],"curies":[{"name":"wp","href":"https:\/\/api.w.org\/{rel}","templated":true}]}}

Guter Markt auf Panenská Straße

<p data-start="2164" data-end="2545">Am <strong data-start="2167" data-end="2202">Samstag, den 20. September 2025</strong>, von <strong data-start="2208" data-end="2231">10:00 bis 17:00 Uhr</strong> verwandeln sich die <strong data-start="2252" data-end="2271">Panenská-Straße</strong> und ihre Umgebung erneut in ein lebendiges Zentrum voller Kultur, Kreativität und Begegnungen. Der <strong data-start="2371" data-end="2398"><a href="https://www.facebook.com/events/2719163431607925/?active_tab=discussion" target="_blank" rel="noopener">Dobrý trh</a> (Guter Markt)</strong> zählt zu den beliebtesten Straßenfesten Bratislavas und bringt Einheimische, Gäste, Künstler:innen, Handwerker:innen und Nachbar:innen zusammen.</p>
<h2 data-start="2547" data-end="2587">Thema: Die Kunst des Zusammenlebens</h2>
<p data-start="2588" data-end="2914">Die Herbstausgabe widmet sich erneut dem Thema <strong data-start="2635" data-end="2669">„Die Kunst des Zusammenlebens“</strong>. Kooperation, Austausch und neue Formen des gemeinschaftlichen Lebens im urbanen Raum stehen im Mittelpunkt. Kultur und Kreativität gelten dabei als entscheidende Werkzeuge zur Stärkung von Nachbarschaften und zur Förderung guter Beziehungen.</p>
<h2 data-start="2916" data-end="2940">Wo findet es statt?</h2>
<p data-start="2941" data-end="3141">Der Dobrý trh findet auf der <strong data-start="2970" data-end="2989">Panenská-Straße</strong> statt und breitet sich auch auf die <strong data-start="3026" data-end="3075">Lýcejna-, Konventná- und Podjavorinská-Straße</strong> aus. Ein Teil des Programms ist im <strong data-start="3111" data-end="3127">Alten Lyzeum</strong> zu erleben.</p>
<h3 data-start="2539" data-end="2572">🛍 Mehr als 200 Marktstände</h3>
<p data-start="2573" data-end="2635">Der Gute Markt bietet authentische und hochwertige Produkte:</p>
<ul data-start="2636" data-end="2789">
<li data-start="2636" data-end="2663">
<p data-start="2638" data-end="2663">Slow Fashion und Design</p>
</li>
<li data-start="2664" data-end="2694">
<p data-start="2666" data-end="2694">kulinarische Spezialitäten</p>
</li>
<li data-start="2695" data-end="2725">
<p data-start="2697" data-end="2725">Bücher für Lesebegeisterte</p>
</li>
<li data-start="2726" data-end="2751">
<p data-start="2728" data-end="2751">handgemachte Kosmetik</p>
</li>
<li data-start="2752" data-end="2789">
<p data-start="2754" data-end="2789">Produkte für Kinder und Haustiere</p>
</li>
</ul>
<hr data-start="2791" data-end="2794" />
<h3 data-start="2796" data-end="2829">🎨 Workshops den ganzen Tag</h3>
<ul data-start="2830" data-end="2943">
<li data-start="2830" data-end="2864">
<p data-start="2832" data-end="2864">Schmuck- und Stickereiarbeiten</p>
</li>
<li data-start="2865" data-end="2889">
<p data-start="2867" data-end="2889">einen Schal stricken</p>
</li>
<li data-start="2890" data-end="2943">
<p data-start="2892" data-end="2943">Trommelkreis, Samba-Kreis, Multi-Genre-Tanzfläche</p>
</li>
</ul>
<hr data-start="2945" data-end="2948" />
<h3 data-start="2950" data-end="3006">🧖 Entspannungszone – <em data-start="2976" data-end="3004">Abschalten und Ausdampfen!</em></h3>
<ul data-start="3007" data-end="3115">
<li data-start="3007" data-end="3074">
<p data-start="3009" data-end="3074">Sauna-Rituale mit traditionellen Aufguss-Zeremonien (stündlich)</p>
</li>
<li data-start="3075" data-end="3087">
<p data-start="3077" data-end="3087">Massagen</p>
</li>
<li data-start="3088" data-end="3115">
<p data-start="3090" data-end="3115">Barber-Dienstleistungen</p>
</li>
</ul>
<hr data-start="3117" data-end="3120" />
<h3 data-start="3122" data-end="3160">🤝 Solidaritätszone (Hof Nr. 13)</h3>
<p data-start="3161" data-end="3213">In Zusammenarbeit mit der <strong data-start="3187" data-end="3210">Volkswagen Stiftung</strong>:</p>
<ul data-start="3214" data-end="3426">
<li data-start="3214" data-end="3305">
<p data-start="3216" data-end="3305">Diskussionen zu Umweltschutz, Familienfinanzen oder den Auswirkungen totalitärer Regime</p>
</li>
<li data-start="3306" data-end="3426">
<p data-start="3308" data-end="3426">Vorstellung der Initiative <strong data-start="3335" data-end="3363">Starten wir die Slowakei</strong> – ein Zuschuss von 2.500 € für lokale Nachbarschaftsprojekte</p>
</li>
</ul>
<hr data-start="3428" data-end="3431" />
<h3 data-start="3433" data-end="3478">🌍 Entdecke die Welt – [fjúžn] Festival</h3>
<p data-start="3479" data-end="3564">Thema: <strong data-start="3486" data-end="3493">Mut</strong> – Slogan <em data-start="3503" data-end="3562">„Trau dich, die Welt zu entdecken, die wir zuhause haben“</em></p>
<ul data-start="3565" data-end="3739">
<li data-start="3565" data-end="3610">
<p data-start="3567" data-end="3610">Musik aus der Slowakei und aus aller Welt</p>
</li>
<li data-start="3611" data-end="3659">
<p data-start="3613" data-end="3659">türkische Ebru-Maltechnik (Malen auf Wasser)</p>
</li>
<li data-start="3660" data-end="3701">
<p data-start="3662" data-end="3701">Armbandflechten, Postkartengestaltung</p>
</li>
<li data-start="3702" data-end="3739">
<p data-start="3704" data-end="3739">Theater für Kinder und Erwachsene</p>
</li>
</ul>
<hr data-start="3741" data-end="3744" />
<h3 data-start="3746" data-end="3768">🎶 Musikprogramm</h3>
<p data-start="3769" data-end="3808">Zum ersten Mal im <strong data-start="3787" data-end="3805">Haus der Musik</strong>:</p>
<ul data-start="3809" data-end="3879">
<li data-start="3809" data-end="3833">
<p data-start="3811" data-end="3833">World Music Festival</p>
</li>
<li data-start="3834" data-end="3879">
<p data-start="3836" data-end="3879">Festival der jüdischen Kultur <em data-start="3866" data-end="3877">Mazel Tov</em></p>
</li>
</ul>
<hr data-start="3881" data-end="3884" />
<h3 data-start="3886" data-end="3910">🎓 Für Studierende</h3>
<p data-start="3911" data-end="4002"><strong data-start="3911" data-end="3938">Student Welcome Weekend</strong> – eine Neuheit in Bratislava, das auch am Sonntag weitergeht:</p>
<ul data-start="4003" data-end="4244">
<li data-start="4003" data-end="4056">
<p data-start="4005" data-end="4056">Diskussionen, Workshops, Gemeinschaftsaktivitäten</p>
</li>
<li data-start="4057" data-end="4093">
<p data-start="4059" data-end="4093">KOLO auf Rädern (Fahrradprojekt)</p>
</li>
<li data-start="4094" data-end="4244">
<p data-start="4096" data-end="4244">Programm auf Slowakisch und Englisch<br data-start="4132" data-end="4135" />Bratislava zeigt sich als <strong data-start="4161" data-end="4182">Stadt der Talente</strong> – ein Ort zum Studieren, Leben und Gemeinschaften aufbauen.</p>
</li>
</ul>
<h2 data-start="3566" data-end="3579">Eintritt</h2>
<p data-start="3580" data-end="3737">Der Eintritt ist <strong data-start="3597" data-end="3611">freiwillig</strong>. Beiträge der Besucher:innen helfen den Organisatorinnen, den Dobrý trh in der bekannten und beliebten Form weiterzuführen.</p>
<h2 data-start="3739" data-end="3751">Hinweis</h2>
<p data-start="3752" data-end="3919">Während der Veranstaltung können <strong data-start="3785" data-end="3813">Foto- und Videoaufnahmen</strong> gemacht werden. Mit der Teilnahme geben Besucher:innen ihre Zustimmung zur Verwendung dieser Aufnahmen.</p>
<p data-start="3921" data-end="4140">👉 Der <strong data-start="3928" data-end="3941">Dobrý trh</strong> ist nicht nur ein Markt – er ist eine <strong data-start="3980" data-end="4015">kultige Institution Bratislavas</strong>. Jede Ausgabe verwandelt die Straßen der Stadt in eine Bühne für Gemeinschaft, Kreativität und unvergessliche Begegnungen.</p>
<div class="grid-container"><div class="grid-container__item"><div class="block"><a href="https://www.visitbratislava.com/wp-content/uploads/2016/03/dobry-trh-800x533.jpg" data-fancybox="gallery" data-caption=""><div class="background"><img src="https://www.visitbratislava.com/wp-content/uploads/2016/03/dobry-trh-800x533.jpg" alt="foto"/></div><div class="overlay filter-blue"><div class="content"><span class="zoom-button"></span></div></div></a></div></div><div class="grid-container__item"><div class="block"><a href="https://www.visitbratislava.com/wp-content/uploads/2023/04/dt-fb-4-800x533.jpg" data-fancybox="gallery" data-caption=""><div class="background" style="background-image: url(https://www.visitbratislava.com/wp-content/uploads/2023/04/dt-fb-4-800x533.jpg)"></div><div class="overlay filter-green"><div class="content"><span class="zoom-button"></span></div></div></a></div></div><div class="grid-container__item"><div class="block" ><a href="https://www.visitbratislava.com/wp-content/uploads/2016/11/dobry-trh-800x533.jpg" data-fancybox="gallery" data-caption=""><div class="background" style="background-image: url(https://www.visitbratislava.com/wp-content/uploads/2016/11/dobry-trh-800x533.jpg)"></div><div class="overlay filter-orange"><div class="content"><span class="zoom-button"></span></div></div></a></div></div><div class="grid-container__item"><div class="block"><a href="https://www.visitbratislava.com/wp-content/uploads/2014/10/dt-fb-3-800x533.jpg" data-fancybox="gallery" data-caption=""><div class="background" style="background-image: url(https://www.visitbratislava.com/wp-content/uploads/2014/10/dt-fb-3-800x533.jpg)"></div><div class="overlay filter-purple"><div class="content"><span class="zoom-button"></span></div></div></a></div></div><div class="grid-container__item more"></div></div>

<p>Die wichtigste Gemeinschaftsveranstaltung in Bratislava, bei der nicht nur Einheimische willkommen sind, sondern auch Bewohner anderer Stadtteile, Besucher, Touristen und Flüchtlinge. Neben Ständen mit hochwertigen Lebensmitteln, originellem Design, Büchern, Accessoires und Kleidung bietet der Gute Markt viele Erlebnisse &#8211; überraschende Kunstinstallationen, außergewöhnliche Konzerte, Workshops für Kinder und Erwachsene, Treffen mit Freunden und interessanten Menschen. </p>
