{"id":22426,"date":"2016-09-02T11:49:36","date_gmt":"2016-09-02T09:49:36","guid":{"rendered":"https:\/\/www.visitbratislava.com\/de\/?post_type=event&#038;p=22426"},"modified":"2025-08-28T13:28:31","modified_gmt":"2025-08-28T11:28:31","slug":"golden-age-festival","status":"publish","type":"event","link":"https:\/\/www.visitbratislava.com\/de\/geschehen\/golden-age-festival\/","title":{"rendered":"Golden Age Festival \u2013 10. Jubil\u00e4umsausgabe"},"content":{"rendered":"<p data-start=\"3456\" data-end=\"3589\"><strong data-start=\"3456\" data-end=\"3469\">\ud83d\udcc5 Datum:<\/strong> 20.\u201321. September 2025<br data-start=\"3492\" data-end=\"3495\" \/><strong data-start=\"3495\" data-end=\"3507\">\ud83d\udccd Orte:<\/strong> Slowakischer Rundfunk \u2013 Gro\u00dfes Konzertstudio &amp; Buchhandlung Panta Rhei (Aupark)<\/p>\n<hr data-start=\"3591\" data-end=\"3594\" \/>\n<h2 data-start=\"3596\" data-end=\"3641\">\ud83c\udfb7 Samstag, 20. September \u2013 Konzertabend<\/h2>\n<p data-start=\"3643\" data-end=\"3972\">Der H\u00f6hepunkt des Festivals: zwei gro\u00dfe Konzerte an einem Abend! Erleben Sie das slowakische Spitzenensemble <strong data-start=\"3752\" data-end=\"3770\">Fats Jazz Band<\/strong> gemeinsam mit den T\u00e4nzern von B-SWING sowie das weltber\u00fchmte Orchester <strong data-start=\"3842\" data-end=\"3890\">Andrej Hermlin and His Swing Dance Orchestra<\/strong> aus Deutschland. Den Abschluss bildet eine spontane Jam Session aller K\u00fcnstler.<\/p>\n<p data-start=\"3974\" data-end=\"4052\"><strong data-start=\"3974\" data-end=\"3982\">Ort:<\/strong> Slowakischer Rundfunk, Gro\u00dfes Konzertstudio<br data-start=\"4026\" data-end=\"4029\" \/><strong data-start=\"4029\" data-end=\"4040\">Beginn:<\/strong> 19:00 Uhr<\/p>\n<p data-start=\"3974\" data-end=\"4052\"><img loading=\"lazy\" width=\"1024\" height=\"682\" class=\"alignnone size-full wp-image-349863\" src=\"https:\/\/www.visitbratislava.com\/wp-content\/uploads\/2016\/09\/Adrej-Hermlin-and-his-Swing-Dance-Orchestra\u00a9UweHauth2.jpg\" alt=\"\" srcset=\"https:\/\/www.visitbratislava.com\/wp-content\/uploads\/2016\/09\/Adrej-Hermlin-and-his-Swing-Dance-Orchestra\u00a9UweHauth2.jpg 1024w, https:\/\/www.visitbratislava.com\/wp-content\/uploads\/2016\/09\/Adrej-Hermlin-and-his-Swing-Dance-Orchestra\u00a9UweHauth2-400x266.jpg 400w, https:\/\/www.visitbratislava.com\/wp-content\/uploads\/2016\/09\/Adrej-Hermlin-and-his-Swing-Dance-Orchestra\u00a9UweHauth2-800x533.jpg 800w, https:\/\/www.visitbratislava.com\/wp-content\/uploads\/2016\/09\/Adrej-Hermlin-and-his-Swing-Dance-Orchestra\u00a9UweHauth2-768x512.jpg 768w, https:\/\/www.visitbratislava.com\/wp-content\/uploads\/2016\/09\/Adrej-Hermlin-and-his-Swing-Dance-Orchestra\u00a9UweHauth2-200x133.jpg 200w\" sizes=\"(max-width: 1024px) 100vw, 1024px\" \/><\/p>\n<p data-start=\"4054\" data-end=\"4069\"><strong data-start=\"4054\" data-end=\"4067\">Programm:<\/strong><\/p>\n<ul data-start=\"4070\" data-end=\"4435\">\n<li data-start=\"4070\" data-end=\"4234\">\n<p data-start=\"4072\" data-end=\"4159\"><strong data-start=\"4072\" data-end=\"4096\">19:00 FATS JAZZ BAND<\/strong><br data-start=\"4096\" data-end=\"4099\" \/>\ud83c\udfa5 <a class=\"decorated-link\" href=\"https:\/\/www.youtube.com\/watch?v=QFAOV2anM84&amp;utm_source=chatgpt.com\" target=\"_new\" rel=\"noopener\" data-start=\"4105\" data-end=\"4157\">Video<\/a><\/p>\n<ul data-start=\"4163\" data-end=\"4234\">\n<li data-start=\"4163\" data-end=\"4234\">\n<p data-start=\"4165\" data-end=\"4234\">Tanzg\u00e4ste <strong data-start=\"4175\" data-end=\"4186\">B-SWING<\/strong><br data-start=\"4186\" data-end=\"4189\" \/>\ud83c\udfa5 <a class=\"decorated-link\" href=\"https:\/\/tinyurl.com\/2natt3df?utm_source=chatgpt.com\" target=\"_new\" rel=\"noopener\" data-start=\"4195\" data-end=\"4232\">Video<\/a><\/p>\n<\/li>\n<\/ul>\n<\/li>\n<li data-start=\"4236\" data-end=\"4373\">\n<p data-start=\"4238\" data-end=\"4373\"><strong data-start=\"4238\" data-end=\"4292\">20:45 ANDREJ HERMLIN AND HIS SWING DANCE ORCHESTRA<\/strong><br data-start=\"4292\" data-end=\"4295\" \/>\ud83c\udfa5 <a class=\"decorated-link\" href=\"https:\/\/shorturl.at\/ixUcF?utm_source=chatgpt.com\" target=\"_new\" rel=\"noopener\" data-start=\"4301\" data-end=\"4337\">Video 1<\/a> | <a class=\"decorated-link\" href=\"https:\/\/rb.gy\/rbjf6x?utm_source=chatgpt.com\" target=\"_new\" rel=\"noopener\" data-start=\"4340\" data-end=\"4371\">Video 2<\/a><\/p>\n<\/li>\n<li data-start=\"4375\" data-end=\"4435\">\n<p data-start=\"4377\" data-end=\"4435\"><strong data-start=\"4377\" data-end=\"4388\">Finale:<\/strong> Improvisierte Jam Session aller Mitwirkenden<\/p>\n<\/li>\n<\/ul>\n<p data-start=\"4437\" data-end=\"4628\"><strong data-start=\"4437\" data-end=\"4452\">\ud83c\udf9f Tickets:<\/strong> <a class=\"decorated-link\" href=\"https:\/\/www.ticketportal.sk\/event\/GOLDEN_AGE_FESTIVAL?idpartner=528&amp;utm_source=chatgpt.com\" target=\"_new\" rel=\"noopener\" data-start=\"4453\" data-end=\"4536\">Ticketportal<\/a><br data-start=\"4536\" data-end=\"4539\" \/><strong data-start=\"4539\" data-end=\"4561\">\ud83d\udcf2 Facebook-Event:<\/strong> <a class=\"decorated-link\" href=\"https:\/\/www.facebook.com\/events\/4078367765814375?utm_source=chatgpt.com\" target=\"_new\" rel=\"noopener\" data-start=\"4562\" data-end=\"4626\">hier ansehen<\/a><\/p>\n<p data-start=\"4437\" data-end=\"4628\"><img loading=\"lazy\" width=\"1800\" height=\"1200\" class=\"alignnone size-full wp-image-349851\" src=\"https:\/\/www.visitbratislava.com\/wp-content\/uploads\/2016\/09\/Adrej-Hermlin-and-his-Swing-Dance-Orchestra.jpg\" alt=\"\" srcset=\"https:\/\/www.visitbratislava.com\/wp-content\/uploads\/2016\/09\/Adrej-Hermlin-and-his-Swing-Dance-Orchestra.jpg 1800w, https:\/\/www.visitbratislava.com\/wp-content\/uploads\/2016\/09\/Adrej-Hermlin-and-his-Swing-Dance-Orchestra-400x267.jpg 400w, https:\/\/www.visitbratislava.com\/wp-content\/uploads\/2016\/09\/Adrej-Hermlin-and-his-Swing-Dance-Orchestra-800x533.jpg 800w, https:\/\/www.visitbratislava.com\/wp-content\/uploads\/2016\/09\/Adrej-Hermlin-and-his-Swing-Dance-Orchestra-768x512.jpg 768w, https:\/\/www.visitbratislava.com\/wp-content\/uploads\/2016\/09\/Adrej-Hermlin-and-his-Swing-Dance-Orchestra-1536x1024.jpg 1536w, https:\/\/www.visitbratislava.com\/wp-content\/uploads\/2016\/09\/Adrej-Hermlin-and-his-Swing-Dance-Orchestra-200x133.jpg 200w\" sizes=\"(max-width: 1800px) 100vw, 1800px\" \/><\/p>\n<hr data-start=\"4630\" data-end=\"4633\" \/>\n<h2 data-start=\"4635\" data-end=\"4675\">\ud83c\udfb6 Sonntag, 21. September \u2013 Vortrag<\/h2>\n<p data-start=\"4677\" data-end=\"4995\">Zum ersten Mal erweitert das Festival sein Programm mit einem kulturellen Vortrag. Die Musikwissenschaftlerin <strong data-start=\"4787\" data-end=\"4806\">Agata Schindler<\/strong>, Autorin von <em data-start=\"4820\" data-end=\"4837\">Mali\u010dk\u00e1 slzi\u010dka<\/em>, stellt das bewegte Leben des slowakischen Swing-Komponisten <strong data-start=\"4899\" data-end=\"4915\">Karol Elbert<\/strong> vor, der w\u00e4hrend des Zweiten Weltkriegs wegen seiner Herkunft verfolgt wurde.<\/p>\n<p data-start=\"4997\" data-end=\"5063\"><strong data-start=\"4997\" data-end=\"5005\">Ort:<\/strong> Buchhandlung Panta Rhei, Aupark<br data-start=\"5037\" data-end=\"5040\" \/><strong data-start=\"5040\" data-end=\"5051\">Beginn:<\/strong> 18:00 Uhr<\/p>\n<ul data-start=\"5065\" data-end=\"5223\">\n<li data-start=\"5065\" data-end=\"5141\">\n<p data-start=\"5067\" data-end=\"5141\">Vortrag: <em data-start=\"5076\" data-end=\"5139\">Karol Elbert \u2013 Meister des Swings und slowakischer Evergreens<\/em><\/p>\n<\/li>\n<li data-start=\"5142\" data-end=\"5223\">\n<p data-start=\"5144\" data-end=\"5223\">Referentin: Agata Schindler (Musikwissenschaftlerin und Autorin, Deutschland)<\/p>\n<\/li>\n<\/ul>\n<p data-start=\"5225\" data-end=\"5336\"><strong data-start=\"5225\" data-end=\"5245\">\ud83c\udd93 Eintritt frei<\/strong><br data-start=\"5245\" data-end=\"5248\" \/><strong data-start=\"5248\" data-end=\"5270\">\ud83d\udcf2 Facebook-Event:<\/strong> <a class=\"decorated-link\" href=\"https:\/\/www.facebook.com\/events\/766718639456934?utm_source=chatgpt.com\" target=\"_new\" rel=\"noopener\" data-start=\"5271\" data-end=\"5334\">hier ansehen<\/a><\/p>\n<p data-start=\"5225\" data-end=\"5336\"><img loading=\"lazy\" width=\"2560\" height=\"1639\" class=\"alignnone size-full wp-image-349857\" src=\"https:\/\/www.visitbratislava.com\/wp-content\/uploads\/2016\/09\/FB_prispevok-scaled.jpg\" alt=\"\" srcset=\"https:\/\/www.visitbratislava.com\/wp-content\/uploads\/2016\/09\/FB_prispevok-scaled.jpg 2560w, https:\/\/www.visitbratislava.com\/wp-content\/uploads\/2016\/09\/FB_prispevok-400x256.jpg 400w, https:\/\/www.visitbratislava.com\/wp-content\/uploads\/2016\/09\/FB_prispevok-800x512.jpg 800w, https:\/\/www.visitbratislava.com\/wp-content\/uploads\/2016\/09\/FB_prispevok-768x492.jpg 768w, https:\/\/www.visitbratislava.com\/wp-content\/uploads\/2016\/09\/FB_prispevok-1536x984.jpg 1536w, https:\/\/www.visitbratislava.com\/wp-content\/uploads\/2016\/09\/FB_prispevok-2048x1312.jpg 2048w, https:\/\/www.visitbratislava.com\/wp-content\/uploads\/2016\/09\/FB_prispevok-200x128.jpg 200w\" sizes=\"(max-width: 2560px) 100vw, 2560px\" \/><\/p>\n<hr data-start=\"5338\" data-end=\"5341\" \/>\n<h2 data-start=\"5343\" data-end=\"5368\">\u2139\ufe0f \u00dcber das Festival<\/h2>\n<p data-start=\"5370\" data-end=\"5670\">Das Golden Age Festival ist das einzige internationale Festival f\u00fcr authentischen traditionellen Jazz in der Slowakei. Die 10. Ausgabe steht unter dem Motto <em data-start=\"5527\" data-end=\"5553\">Jazz unter Unterdr\u00fcckung<\/em> \u2013 eine Erinnerung daran, wie Jazz einst Freude, Satire und Hoffnung schenkte, selbst in Zeiten politischer Krisen.<\/p>\n<p data-start=\"5672\" data-end=\"5692\"><strong data-start=\"5672\" data-end=\"5690\">K\u00fcnstler 2025:<\/strong><\/p>\n<ul data-start=\"5693\" data-end=\"5919\">\n<li data-start=\"5693\" data-end=\"5828\">\n<p data-start=\"5695\" data-end=\"5828\"><strong data-start=\"5695\" data-end=\"5743\">Andrej Hermlin and His Swing Dance Orchestra<\/strong> \u2013 international gefeiert, u. a. von <em data-start=\"5780\" data-end=\"5800\">The New York Times<\/em>, <em data-start=\"5802\" data-end=\"5810\">Forbes<\/em> und <em data-start=\"5815\" data-end=\"5825\">LA Times<\/em>.<\/p>\n<\/li>\n<li data-start=\"5829\" data-end=\"5919\">\n<p data-start=\"5831\" data-end=\"5919\"><strong data-start=\"5831\" data-end=\"5849\">Fats Jazz Band<\/strong> \u2013 f\u00fchrendes slowakisches Jazzensemble mit internationalem Renommee.<\/p>\n<\/li>\n<\/ul>\n","protected":false},"excerpt":{"rendered":"<p>Reisen Sie 100 Jahre zur\u00fcck in die Zeit des Hot Jazz und Swings! Das Golden Age Festival feiert 2025 sein 10-j\u00e4hriges Bestehen in Bratislava und bringt die authentische Musik der 1920er bis 1950er Jahre zur\u00fcck auf die B\u00fchne. Ein Wochenende lang verwandelt sich die slowakische Hauptstadt in ein pulsierendes Zentrum des Jazz mit internationalen Orchestern, Tanz und spannenden Geschichten.<\/p>\n","protected":false},"featured_media":349844,"template":"","acf":[],"event_date":{"start_date":1758326400,"end_date":1758412800},"_links":{"self":[{"href":"https:\/\/www.visitbratislava.com\/de\/wp-json\/wp\/v2\/event\/22426"}],"collection":[{"href":"https:\/\/www.visitbratislava.com\/de\/wp-json\/wp\/v2\/event"}],"about":[{"href":"https:\/\/www.visitbratislava.com\/de\/wp-json\/wp\/v2\/types\/event"}],"version-history":[{"count":4,"href":"https:\/\/www.visitbratislava.com\/de\/wp-json\/wp\/v2\/event\/22426\/revisions"}],"predecessor-version":[{"id":349895,"href":"https:\/\/www.visitbratislava.com\/de\/wp-json\/wp\/v2\/event\/22426\/revisions\/349895"}],"wp:featuredmedia":[{"embeddable":true,"href":"https:\/\/www.visitbratislava.com\/de\/wp-json\/wp\/v2\/media\/349844"}],"wp:attachment":[{"href":"https:\/\/www.visitbratislava.com\/de\/wp-json\/wp\/v2\/media?parent=22426"}],"curies":[{"name":"wp","href":"https:\/\/api.w.org\/{rel}","templated":true}]}}

Golden Age Festival – 10. Jubiläumsausgabe

<p data-start="3456" data-end="3589"><strong data-start="3456" data-end="3469">📅 Datum:</strong> 20.–21. September 2025<br data-start="3492" data-end="3495" /><strong data-start="3495" data-end="3507">📍 Orte:</strong> Slowakischer Rundfunk – Großes Konzertstudio &amp; Buchhandlung Panta Rhei (Aupark)</p>
<hr data-start="3591" data-end="3594" />
<h2 data-start="3596" data-end="3641">🎷 Samstag, 20. September – Konzertabend</h2>
<p data-start="3643" data-end="3972">Der Höhepunkt des Festivals: zwei große Konzerte an einem Abend! Erleben Sie das slowakische Spitzenensemble <strong data-start="3752" data-end="3770">Fats Jazz Band</strong> gemeinsam mit den Tänzern von B-SWING sowie das weltberühmte Orchester <strong data-start="3842" data-end="3890">Andrej Hermlin and His Swing Dance Orchestra</strong> aus Deutschland. Den Abschluss bildet eine spontane Jam Session aller Künstler.</p>
<p data-start="3974" data-end="4052"><strong data-start="3974" data-end="3982">Ort:</strong> Slowakischer Rundfunk, Großes Konzertstudio<br data-start="4026" data-end="4029" /><strong data-start="4029" data-end="4040">Beginn:</strong> 19:00 Uhr</p>
<p data-start="3974" data-end="4052"><img loading="lazy" width="1024" height="682" class="alignnone size-full wp-image-349863" src="https://www.visitbratislava.com/wp-content/uploads/2016/09/Adrej-Hermlin-and-his-Swing-Dance-Orchestra©UweHauth2.jpg" alt="" srcset="https://www.visitbratislava.com/wp-content/uploads/2016/09/Adrej-Hermlin-and-his-Swing-Dance-Orchestra©UweHauth2.jpg 1024w, https://www.visitbratislava.com/wp-content/uploads/2016/09/Adrej-Hermlin-and-his-Swing-Dance-Orchestra©UweHauth2-400x266.jpg 400w, https://www.visitbratislava.com/wp-content/uploads/2016/09/Adrej-Hermlin-and-his-Swing-Dance-Orchestra©UweHauth2-800x533.jpg 800w, https://www.visitbratislava.com/wp-content/uploads/2016/09/Adrej-Hermlin-and-his-Swing-Dance-Orchestra©UweHauth2-768x512.jpg 768w, https://www.visitbratislava.com/wp-content/uploads/2016/09/Adrej-Hermlin-and-his-Swing-Dance-Orchestra©UweHauth2-200x133.jpg 200w" sizes="(max-width: 1024px) 100vw, 1024px" /></p>
<p data-start="4054" data-end="4069"><strong data-start="4054" data-end="4067">Programm:</strong></p>
<ul data-start="4070" data-end="4435">
<li data-start="4070" data-end="4234">
<p data-start="4072" data-end="4159"><strong data-start="4072" data-end="4096">19:00 FATS JAZZ BAND</strong><br data-start="4096" data-end="4099" />🎥 <a class="decorated-link" href="https://www.youtube.com/watch?v=QFAOV2anM84&amp;utm_source=chatgpt.com" target="_new" rel="noopener" data-start="4105" data-end="4157">Video</a></p>
<ul data-start="4163" data-end="4234">
<li data-start="4163" data-end="4234">
<p data-start="4165" data-end="4234">Tanzgäste <strong data-start="4175" data-end="4186">B-SWING</strong><br data-start="4186" data-end="4189" />🎥 <a class="decorated-link" href="https://tinyurl.com/2natt3df?utm_source=chatgpt.com" target="_new" rel="noopener" data-start="4195" data-end="4232">Video</a></p>
</li>
</ul>
</li>
<li data-start="4236" data-end="4373">
<p data-start="4238" data-end="4373"><strong data-start="4238" data-end="4292">20:45 ANDREJ HERMLIN AND HIS SWING DANCE ORCHESTRA</strong><br data-start="4292" data-end="4295" />🎥 <a class="decorated-link" href="https://shorturl.at/ixUcF?utm_source=chatgpt.com" target="_new" rel="noopener" data-start="4301" data-end="4337">Video 1</a> | <a class="decorated-link" href="https://rb.gy/rbjf6x?utm_source=chatgpt.com" target="_new" rel="noopener" data-start="4340" data-end="4371">Video 2</a></p>
</li>
<li data-start="4375" data-end="4435">
<p data-start="4377" data-end="4435"><strong data-start="4377" data-end="4388">Finale:</strong> Improvisierte Jam Session aller Mitwirkenden</p>
</li>
</ul>
<p data-start="4437" data-end="4628"><strong data-start="4437" data-end="4452">🎟 Tickets:</strong> <a class="decorated-link" href="https://www.ticketportal.sk/event/GOLDEN_AGE_FESTIVAL?idpartner=528&amp;utm_source=chatgpt.com" target="_new" rel="noopener" data-start="4453" data-end="4536">Ticketportal</a><br data-start="4536" data-end="4539" /><strong data-start="4539" data-end="4561">📲 Facebook-Event:</strong> <a class="decorated-link" href="https://www.facebook.com/events/4078367765814375?utm_source=chatgpt.com" target="_new" rel="noopener" data-start="4562" data-end="4626">hier ansehen</a></p>
<p data-start="4437" data-end="4628"><img loading="lazy" width="1800" height="1200" class="alignnone size-full wp-image-349851" src="https://www.visitbratislava.com/wp-content/uploads/2016/09/Adrej-Hermlin-and-his-Swing-Dance-Orchestra.jpg" alt="" srcset="https://www.visitbratislava.com/wp-content/uploads/2016/09/Adrej-Hermlin-and-his-Swing-Dance-Orchestra.jpg 1800w, https://www.visitbratislava.com/wp-content/uploads/2016/09/Adrej-Hermlin-and-his-Swing-Dance-Orchestra-400x267.jpg 400w, https://www.visitbratislava.com/wp-content/uploads/2016/09/Adrej-Hermlin-and-his-Swing-Dance-Orchestra-800x533.jpg 800w, https://www.visitbratislava.com/wp-content/uploads/2016/09/Adrej-Hermlin-and-his-Swing-Dance-Orchestra-768x512.jpg 768w, https://www.visitbratislava.com/wp-content/uploads/2016/09/Adrej-Hermlin-and-his-Swing-Dance-Orchestra-1536x1024.jpg 1536w, https://www.visitbratislava.com/wp-content/uploads/2016/09/Adrej-Hermlin-and-his-Swing-Dance-Orchestra-200x133.jpg 200w" sizes="(max-width: 1800px) 100vw, 1800px" /></p>
<hr data-start="4630" data-end="4633" />
<h2 data-start="4635" data-end="4675">🎶 Sonntag, 21. September – Vortrag</h2>
<p data-start="4677" data-end="4995">Zum ersten Mal erweitert das Festival sein Programm mit einem kulturellen Vortrag. Die Musikwissenschaftlerin <strong data-start="4787" data-end="4806">Agata Schindler</strong>, Autorin von <em data-start="4820" data-end="4837">Maličká slzička</em>, stellt das bewegte Leben des slowakischen Swing-Komponisten <strong data-start="4899" data-end="4915">Karol Elbert</strong> vor, der während des Zweiten Weltkriegs wegen seiner Herkunft verfolgt wurde.</p>
<p data-start="4997" data-end="5063"><strong data-start="4997" data-end="5005">Ort:</strong> Buchhandlung Panta Rhei, Aupark<br data-start="5037" data-end="5040" /><strong data-start="5040" data-end="5051">Beginn:</strong> 18:00 Uhr</p>
<ul data-start="5065" data-end="5223">
<li data-start="5065" data-end="5141">
<p data-start="5067" data-end="5141">Vortrag: <em data-start="5076" data-end="5139">Karol Elbert – Meister des Swings und slowakischer Evergreens</em></p>
</li>
<li data-start="5142" data-end="5223">
<p data-start="5144" data-end="5223">Referentin: Agata Schindler (Musikwissenschaftlerin und Autorin, Deutschland)</p>
</li>
</ul>
<p data-start="5225" data-end="5336"><strong data-start="5225" data-end="5245">🆓 Eintritt frei</strong><br data-start="5245" data-end="5248" /><strong data-start="5248" data-end="5270">📲 Facebook-Event:</strong> <a class="decorated-link" href="https://www.facebook.com/events/766718639456934?utm_source=chatgpt.com" target="_new" rel="noopener" data-start="5271" data-end="5334">hier ansehen</a></p>
<p data-start="5225" data-end="5336"><img loading="lazy" width="2560" height="1639" class="alignnone size-full wp-image-349857" src="https://www.visitbratislava.com/wp-content/uploads/2016/09/FB_prispevok-scaled.jpg" alt="" srcset="https://www.visitbratislava.com/wp-content/uploads/2016/09/FB_prispevok-scaled.jpg 2560w, https://www.visitbratislava.com/wp-content/uploads/2016/09/FB_prispevok-400x256.jpg 400w, https://www.visitbratislava.com/wp-content/uploads/2016/09/FB_prispevok-800x512.jpg 800w, https://www.visitbratislava.com/wp-content/uploads/2016/09/FB_prispevok-768x492.jpg 768w, https://www.visitbratislava.com/wp-content/uploads/2016/09/FB_prispevok-1536x984.jpg 1536w, https://www.visitbratislava.com/wp-content/uploads/2016/09/FB_prispevok-2048x1312.jpg 2048w, https://www.visitbratislava.com/wp-content/uploads/2016/09/FB_prispevok-200x128.jpg 200w" sizes="(max-width: 2560px) 100vw, 2560px" /></p>
<hr data-start="5338" data-end="5341" />
<h2 data-start="5343" data-end="5368">ℹ️ Über das Festival</h2>
<p data-start="5370" data-end="5670">Das Golden Age Festival ist das einzige internationale Festival für authentischen traditionellen Jazz in der Slowakei. Die 10. Ausgabe steht unter dem Motto <em data-start="5527" data-end="5553">Jazz unter Unterdrückung</em> – eine Erinnerung daran, wie Jazz einst Freude, Satire und Hoffnung schenkte, selbst in Zeiten politischer Krisen.</p>
<p data-start="5672" data-end="5692"><strong data-start="5672" data-end="5690">Künstler 2025:</strong></p>
<ul data-start="5693" data-end="5919">
<li data-start="5693" data-end="5828">
<p data-start="5695" data-end="5828"><strong data-start="5695" data-end="5743">Andrej Hermlin and His Swing Dance Orchestra</strong> – international gefeiert, u. a. von <em data-start="5780" data-end="5800">The New York Times</em>, <em data-start="5802" data-end="5810">Forbes</em> und <em data-start="5815" data-end="5825">LA Times</em>.</p>
</li>
<li data-start="5829" data-end="5919">
<p data-start="5831" data-end="5919"><strong data-start="5831" data-end="5849">Fats Jazz Band</strong> – führendes slowakisches Jazzensemble mit internationalem Renommee.</p>
</li>
</ul>

<p>Reisen Sie 100 Jahre zurück in die Zeit des Hot Jazz und Swings! Das Golden Age Festival feiert 2025 sein 10-jähriges Bestehen in Bratislava und bringt die authentische Musik der 1920er bis 1950er Jahre zurück auf die Bühne. Ein Wochenende lang verwandelt sich die slowakische Hauptstadt in ein pulsierendes Zentrum des Jazz mit internationalen Orchestern, Tanz und spannenden Geschichten.</p>
