{"id":256253,"date":"2023-08-25T13:23:27","date_gmt":"2023-08-25T11:23:27","guid":{"rendered":"https:\/\/www.visitbratislava.com\/?post_type=event&#038;p=256253"},"modified":"2024-09-19T13:25:40","modified_gmt":"2024-09-19T11:25:40","slug":"fjuzn-festival","status":"publish","type":"event","link":"https:\/\/www.visitbratislava.com\/de\/geschehen\/fjuzn-festival\/","title":{"rendered":"[fj\u00fa\u017en] festival"},"content":{"rendered":"<p>\u201e<em>Viele von uns machen sich auf die Reise in L\u00e4nder, die uns von den Werten her n\u00e4her sind, in denen wir uns sicherer f\u00fchlen, oder weil wir dort unsere Familie und Lieben, Arbeit oder Studienerf\u00fcllung finden. Wir bringen neue Perspektiven und Erfahrungen mit, die andere bereichern und inspirieren. Die Forschung zeigt, dass wir umso weniger in zwischenmenschliche Konflikte geraten, je mehr Identit\u00e4ten wir erleben. Das [fj\u00fa\u017en]-Festival wird das Leben von Menschen mit Wurzeln in anderen L\u00e4ndern und Kulturen, die einen integralen Bestandteil der slowakischen Gesellschaft bilden, n\u00e4her bringen. Wir glauben, dass der pers\u00f6nliche Kontakt der beste Weg ist, um Barrieren auf beiden Seiten abzubauen<\/em>\u201c, sagt Veronika Fishbone Vl\u010dkov\u00e1, Direktorin der Milan \u0160ime\u010dka Foundation.<\/p>\n<p><strong>Er\u00f6ffnung des Festivals &#8211; Humans of [fj\u00fa\u017en]: Wenn man keine Wurzeln schlagen kann<\/strong><\/p>\n<p>Er\u00f6ffnet wird das Festival mit einer Kontaktausstellung Humans of [fj\u00fa\u017en]: When You Can&#8217;t Take Root, mit den Geschichten von Karin aus Armenien, Maryna und Ulya aus der Ukraine, Michal mit vietnamesischen Wurzeln, Mirna aus dem Irak und Parminder aus Indien. Die Besucher k\u00f6nnen F\u00fchrungen und Musik des amerikanischen Musikers Jeff Kirk genie\u00dfen. Die Ausstellung wurde von Al\u017ebeta Kutliakov\u00e1, Juraj Mydla und Al\u017ebeta Vrzgula vorbereitet und wird bis zum 28. September im Eurovea zu sehen sein.<\/p>\n<p><strong>Konzerte, Gemeinschaftsveranstaltungen, Partys, gastronomische Erlebnisse und ein Programm f\u00fcr Kinder<\/strong><\/p>\n<p><strong>Musikliebhaber k\u00f6nnen sich auf die einzigartige Konzertreihe Konektiv [fj\u00fa\u017en] Night freuen<\/strong>, in der sich verschiedene Musikgenres und Kulturen vermischen &#8211; Musiker der nationalen Mehrheit treffen in k\u00fcnstlerischer Zusammenarbeit mit Musikern aus dem Ausland aufeinander. Das DJ-Duo <strong>Killa Selfie aus Charkiw<\/strong> verbindet elektronische Tanzmusik mit ukrainischer Folklore und wird die Musik zum Leben erwecken.<\/p>\n<p>\u201e<em>In Zusammenarbeit mit dem Partyveranstalter M\u00e4sokombinat haben wir auch dieses Jahr wieder eine Party voller Electronica, Rap und Lo-Fi Beats vorbereitet. Headliner ist der Berliner DJ Logic1000, dazu kommen Auftritte von Fobia Kid, dem afrikanischen Rapper Ormay, Juresh Fallgrapp und Neorge, FOM mit Lara Aba Hamdan und Miklei. In der j\u00e4hrlich von Jonat\u00e1n Pastir\u010d\u00e1k kuratierten Konzertreihe Equal mischen sich traditionelle Elemente mit futuristischen, von iranisch-finnischer Psychedelia bis zu avantgardistischer chinesischer Electronica. Aktuelle Musik ohne Genrebeschr\u00e4nkungen wird von der neuen Clubreihe FAQ pr\u00e4sentiert<\/em>\u201c, so Martin Brix, Leiter des Festivals.<\/p>\n<p><strong>Zum Musikprogramm geh\u00f6rt auch<\/strong> ein Konzert der aus Eriwan, Armenien, stammenden <strong>Karin Sarkisian<\/strong>, einer der diesj\u00e4hrigen Humans of [fujn], die mit dem Streichquartett The Ladies Ensemble, Klavier, Saxophon, Gitarre und Kontrabass \u00fcberwiegend armenische Volkslieder in einem einzigartigen Ethno-Jazz-Arrangement vortr\u00e4gt.<\/p>\n<p><strong>Die [fj\u00fa\u017en]-Zone ist ein traditioneller <a href=\"https:\/\/www.visitbratislava.com\/de\/geschehen\/guter-markt-auf-panenska-strasse\/\">Bestandteil des samst\u00e4glichen Guten Marktes<\/a><\/strong>. Jung und Alt k\u00f6nnen sich auf ein reichhaltiges Programm freuen und Menschen aus verschiedenen Gemeinschaften treffen. Das Festival wird im Geiste der Gemeinschaft mit einem Picknick im Pr\u00fcgerka-Garten fortgesetzt, wo die Besucher einen herbstlichen ukrainischen Brunch mit Magnificent Picnic, einen Workshop der K\u00fcnstlerin Evgenia Kazarez zum Thema Mutterschaft und ein interaktives Zirkusspiel f\u00fcr Kinder namens Don&#8217;t Be Afraid! CirKusKus.<\/p>\n<p><strong>Auch die Liebhaber von gastronomischen Erlebnissen kommen auf ihre Kosten<\/strong>. Die Besucher k\u00f6nnen sich auf den Gastro-Magie-Workshop mit Naomi Huzovi\u010dov\u00e1 freuen, bei dem sie neue Rezepte mit traditionellen slowakischen Zutaten ausprobieren, oder auf einen kommentierten Gastro-Spaziergang mit Foodblogger Choj, bei dem sie die fremden Geschm\u00e4cker von Bratislava kennenlernen.<\/p>\n<p><strong>B\u00fccherliebhaber werden von der Leseparty [fj\u00fa\u017en] Books &amp; Beats begeistert sein<\/strong>, einem einzigartigen Abend voller Lesungen und Gespr\u00e4che mit neuen Leuten, begleitet von einem DJ-Set von Sasha Mamaev alias Gonsa.<\/p>\n<p>Im Rahmen des Festivals findet auch eine Diskussion mit dem Titel \u201e<strong>Dissent Fr\u00fcher und Heute: Wer war Milan \u0160ime\u010dka?<\/strong>\u201c statt, mit der an die Pers\u00f6nlichkeit des bedeutenden tschechoslowakischen Dissidenten und Philosophen erinnert wird. Im R\u00f3mer-Haus in Bratislava findet eine Autorenlesung und Diskussion mit der \u00f6sterreichischen Autorin <strong>Susanne Gregor<\/strong> statt, die ihren Roman <em>Freier Fal<\/em>l vorstellen wird.<\/p>\n<p>Zu den Veranstaltungen geh\u00f6rt auch die <strong>Stand-up-Show Joke&#8217;s On You<\/strong> mit internationalen Komikern wie Siavash und Nasi aus dem Iran, Nibal aus Syrien und Terence Hartnett aus den USA. Die Diskussionsreihe \u201e<strong>\u00c4pfel &amp; Birnen: Wurzeln &amp; Konflikt<\/strong>\u201c wird tiefgreifende Debatten \u00fcber die Entscheidung zwischen dem Verlassen und dem Verbleiben in der Heimat f\u00fchren, an denen die Schauspielerin Laura Za\u010dkov\u00e1, der Schauspieler Tom\u00e1\u0161 E\u0161tok und der Regisseur Bohdan Mete\u0148kany\u010d teilnehmen.<\/p>\n<p>Auf dem Programm stehen au\u00dferdem ein gef\u00fchrter <strong>Stadtspaziergang mit Philippe Cochard<\/strong> und der Dokumentarfilm Central Stage: Slovakia, der die pers\u00f6nliche Reise eines deutsch-franz\u00f6sischen Freiwilligen in der Slowakei dokumentiert.<\/p>\n<p>Liebhaber zeitgen\u00f6ssischer Kunst k\u00f6nnen sich auf einen <strong>Vortrag von Lucie Gregorova Stach von der Slowakischen Nationalgalerie<\/strong> freuen, die die k\u00fcnstlerische Vielfalt von den 1950er Jahren bis heute vorstellen wird. <strong>Die \u00dcbersetzung erfolgt in englischer Sprache<\/strong>. Die visuelle Kunst wird durch die Ausstellungen Roots, Humans of [fujun]: When You Can&#8217;t Put Down Roots und Archipelago x Humans of [fujn] 2024.<\/p>\n<p>\u201e<em>Das [fj\u00fa\u017en]-Festival ist traditionell ein Ort, an dem sich Menschen aus verschiedenen Kulturen treffen, Erfahrungen austauschen und das gegenseitige Verst\u00e4ndnis f\u00f6rdern k\u00f6nnen. Auch die diesj\u00e4hrige Ausgabe bietet eine einzigartige Mischung aus Kunst, Musik, Diskussionen, Gastronomie und Gemeinschaftsveranstaltungen, die das Festival zu einem festen Bestandteil der Kulturszene Bratislavas macht<\/em>\u201c, so Martin Brix, Leiter des [fj\u00fa\u017en] Festivals.<\/p>\n<p><a href=\"https:\/\/www.festival.fjuzn.sk\/index.php?lang=en\"><strong>Das ausf\u00fchrliche Festivalprogramm finden Sie unter www.festival.fjuzn.sk in englischer Sprache<\/strong><\/a><\/p>\n<p><img loading=\"lazy\" width=\"1920\" height=\"1005\" class=\"alignnone size-full wp-image-310369\" src=\"https:\/\/www.visitbratislava.com\/wp-content\/uploads\/2023\/08\/456482076_1042517930927202_436175808871789455_n.jpg\" alt=\"\" srcset=\"https:\/\/www.visitbratislava.com\/wp-content\/uploads\/2023\/08\/456482076_1042517930927202_436175808871789455_n.jpg 1920w, https:\/\/www.visitbratislava.com\/wp-content\/uploads\/2023\/08\/456482076_1042517930927202_436175808871789455_n-400x209.jpg 400w, https:\/\/www.visitbratislava.com\/wp-content\/uploads\/2023\/08\/456482076_1042517930927202_436175808871789455_n-800x419.jpg 800w, https:\/\/www.visitbratislava.com\/wp-content\/uploads\/2023\/08\/456482076_1042517930927202_436175808871789455_n-768x402.jpg 768w, https:\/\/www.visitbratislava.com\/wp-content\/uploads\/2023\/08\/456482076_1042517930927202_436175808871789455_n-1536x804.jpg 1536w, https:\/\/www.visitbratislava.com\/wp-content\/uploads\/2023\/08\/456482076_1042517930927202_436175808871789455_n-200x105.jpg 200w\" sizes=\"(max-width: 1920px) 100vw, 1920px\" \/><\/p>\n<p><strong>\u00dcber das Festival [fj\u00fa\u017en]<\/strong><\/p>\n<p>Das Festival [fj\u00fa\u017en] wird seit 2006 von der Milan \u0160ime\u010dka Stiftung organisiert und hat sich allm\u00e4hlich zur gr\u00f6\u00dften genre\u00fcbergreifenden und multikulturellen Veranstaltung zum Thema Migration und Ausl\u00e4nder in der Slowakei entwickelt. Es geht \u00fcber eine einzelne Kunstgattung hinaus und bietet ein reichhaltiges Programm mit Konzerten, Ausstellungen, Literatur, Theater, Film, Workshops, Vortr\u00e4gen und Pr\u00e4sentationen, Diskussionen, Gemeinschaftsveranstaltungen, Kinderprogramm, Schulveranstaltungen und vielen anderen Aktivit\u00e4ten.<\/p>\n<p>Gegenw\u00e4rtig konzentriert sich das Jahresprogramm der Stiftung [fj\u00fa\u017en] darauf, die Sichtbarkeit von Ausl\u00e4ndern und ausl\u00e4ndischen Frauen bei uns zu erh\u00f6hen und Gemeinschaftsprojekte neuer Minderheiten (Migranten, neue religi\u00f6se Gruppen) vorzustellen. Neben dem Festival f\u00fchren wir eine Vielzahl von Aktivit\u00e4ten durch, wie die Feier des Weltfl\u00fcchtlingstages, die [fu\u00fen]-Spazierg\u00e4nge, das Portal www.fjuzn.sk. Und seit 2019 gibt es auch [fj\u00fa\u017en]-Veranstaltungen in Bewegung, bei denen wir das Leben und die Kultur ausl\u00e4ndischer M\u00e4nner und Frauen in St\u00e4dten in der Slowakei vorstellen.<\/p>\n","protected":false},"excerpt":{"rendered":"<p>Die 19. Ausgabe des [fju\u017en]-Festivals, der gr\u00f6\u00dften genre\u00fcbergreifenden Veranstaltung zum Thema Ausl\u00e4nder, steht unter dem Motto \u201e Wurzeln\u201c. Das reichhaltige Programm besteht aus mehr als zwanzig Veranstaltungen, die die Organisatoren in Zusammenarbeit mit Ausl\u00e4ndergemeinden und -organisationen vorbereitet haben. Interessante Ausstellungen, einzigartige Konzerte, Gemeinschaftsveranstaltungen, eine unkonventionelle Leseparty, Aktivit\u00e4ten f\u00fcr Kinder sowie ein Gastro-Workshop oder ein gef\u00fchrter Spaziergang werden die Besucher mit K\u00fcnstlern aus verschiedenen L\u00e4ndern bekannt machen.<\/p>\n","protected":false},"featured_media":310375,"template":"","acf":[],"event_date":{"start_date":1726790400,"end_date":1727481600},"_links":{"self":[{"href":"https:\/\/www.visitbratislava.com\/de\/wp-json\/wp\/v2\/event\/256253"}],"collection":[{"href":"https:\/\/www.visitbratislava.com\/de\/wp-json\/wp\/v2\/event"}],"about":[{"href":"https:\/\/www.visitbratislava.com\/de\/wp-json\/wp\/v2\/types\/event"}],"version-history":[{"count":7,"href":"https:\/\/www.visitbratislava.com\/de\/wp-json\/wp\/v2\/event\/256253\/revisions"}],"predecessor-version":[{"id":310386,"href":"https:\/\/www.visitbratislava.com\/de\/wp-json\/wp\/v2\/event\/256253\/revisions\/310386"}],"wp:featuredmedia":[{"embeddable":true,"href":"https:\/\/www.visitbratislava.com\/de\/wp-json\/wp\/v2\/media\/310375"}],"wp:attachment":[{"href":"https:\/\/www.visitbratislava.com\/de\/wp-json\/wp\/v2\/media?parent=256253"}],"curies":[{"name":"wp","href":"https:\/\/api.w.org\/{rel}","templated":true}]}}

[fjúžn] festival

<p>„<em>Viele von uns machen sich auf die Reise in Länder, die uns von den Werten her näher sind, in denen wir uns sicherer fühlen, oder weil wir dort unsere Familie und Lieben, Arbeit oder Studienerfüllung finden. Wir bringen neue Perspektiven und Erfahrungen mit, die andere bereichern und inspirieren. Die Forschung zeigt, dass wir umso weniger in zwischenmenschliche Konflikte geraten, je mehr Identitäten wir erleben. Das [fjúžn]-Festival wird das Leben von Menschen mit Wurzeln in anderen Ländern und Kulturen, die einen integralen Bestandteil der slowakischen Gesellschaft bilden, näher bringen. Wir glauben, dass der persönliche Kontakt der beste Weg ist, um Barrieren auf beiden Seiten abzubauen</em>“, sagt Veronika Fishbone Vlčková, Direktorin der Milan Šimečka Foundation.</p>
<p><strong>Eröffnung des Festivals &#8211; Humans of [fjúžn]: Wenn man keine Wurzeln schlagen kann</strong></p>
<p>Eröffnet wird das Festival mit einer Kontaktausstellung Humans of [fjúžn]: When You Can&#8217;t Take Root, mit den Geschichten von Karin aus Armenien, Maryna und Ulya aus der Ukraine, Michal mit vietnamesischen Wurzeln, Mirna aus dem Irak und Parminder aus Indien. Die Besucher können Führungen und Musik des amerikanischen Musikers Jeff Kirk genießen. Die Ausstellung wurde von Alžbeta Kutliaková, Juraj Mydla und Alžbeta Vrzgula vorbereitet und wird bis zum 28. September im Eurovea zu sehen sein.</p>
<p><strong>Konzerte, Gemeinschaftsveranstaltungen, Partys, gastronomische Erlebnisse und ein Programm für Kinder</strong></p>
<p><strong>Musikliebhaber können sich auf die einzigartige Konzertreihe Konektiv [fjúžn] Night freuen</strong>, in der sich verschiedene Musikgenres und Kulturen vermischen &#8211; Musiker der nationalen Mehrheit treffen in künstlerischer Zusammenarbeit mit Musikern aus dem Ausland aufeinander. Das DJ-Duo <strong>Killa Selfie aus Charkiw</strong> verbindet elektronische Tanzmusik mit ukrainischer Folklore und wird die Musik zum Leben erwecken.</p>
<p>„<em>In Zusammenarbeit mit dem Partyveranstalter Mäsokombinat haben wir auch dieses Jahr wieder eine Party voller Electronica, Rap und Lo-Fi Beats vorbereitet. Headliner ist der Berliner DJ Logic1000, dazu kommen Auftritte von Fobia Kid, dem afrikanischen Rapper Ormay, Juresh Fallgrapp und Neorge, FOM mit Lara Aba Hamdan und Miklei. In der jährlich von Jonatán Pastirčák kuratierten Konzertreihe Equal mischen sich traditionelle Elemente mit futuristischen, von iranisch-finnischer Psychedelia bis zu avantgardistischer chinesischer Electronica. Aktuelle Musik ohne Genrebeschränkungen wird von der neuen Clubreihe FAQ präsentiert</em>“, so Martin Brix, Leiter des Festivals.</p>
<p><strong>Zum Musikprogramm gehört auch</strong> ein Konzert der aus Eriwan, Armenien, stammenden <strong>Karin Sarkisian</strong>, einer der diesjährigen Humans of [fujn], die mit dem Streichquartett The Ladies Ensemble, Klavier, Saxophon, Gitarre und Kontrabass überwiegend armenische Volkslieder in einem einzigartigen Ethno-Jazz-Arrangement vorträgt.</p>
<p><strong>Die [fjúžn]-Zone ist ein traditioneller <a href="https://www.visitbratislava.com/de/geschehen/guter-markt-auf-panenska-strasse/">Bestandteil des samstäglichen Guten Marktes</a></strong>. Jung und Alt können sich auf ein reichhaltiges Programm freuen und Menschen aus verschiedenen Gemeinschaften treffen. Das Festival wird im Geiste der Gemeinschaft mit einem Picknick im Prügerka-Garten fortgesetzt, wo die Besucher einen herbstlichen ukrainischen Brunch mit Magnificent Picnic, einen Workshop der Künstlerin Evgenia Kazarez zum Thema Mutterschaft und ein interaktives Zirkusspiel für Kinder namens Don&#8217;t Be Afraid! CirKusKus.</p>
<p><strong>Auch die Liebhaber von gastronomischen Erlebnissen kommen auf ihre Kosten</strong>. Die Besucher können sich auf den Gastro-Magie-Workshop mit Naomi Huzovičová freuen, bei dem sie neue Rezepte mit traditionellen slowakischen Zutaten ausprobieren, oder auf einen kommentierten Gastro-Spaziergang mit Foodblogger Choj, bei dem sie die fremden Geschmäcker von Bratislava kennenlernen.</p>
<p><strong>Bücherliebhaber werden von der Leseparty [fjúžn] Books &amp; Beats begeistert sein</strong>, einem einzigartigen Abend voller Lesungen und Gespräche mit neuen Leuten, begleitet von einem DJ-Set von Sasha Mamaev alias Gonsa.</p>
<p>Im Rahmen des Festivals findet auch eine Diskussion mit dem Titel „<strong>Dissent Früher und Heute: Wer war Milan Šimečka?</strong>“ statt, mit der an die Persönlichkeit des bedeutenden tschechoslowakischen Dissidenten und Philosophen erinnert wird. Im Rómer-Haus in Bratislava findet eine Autorenlesung und Diskussion mit der österreichischen Autorin <strong>Susanne Gregor</strong> statt, die ihren Roman <em>Freier Fal</em>l vorstellen wird.</p>
<p>Zu den Veranstaltungen gehört auch die <strong>Stand-up-Show Joke&#8217;s On You</strong> mit internationalen Komikern wie Siavash und Nasi aus dem Iran, Nibal aus Syrien und Terence Hartnett aus den USA. Die Diskussionsreihe „<strong>Äpfel &amp; Birnen: Wurzeln &amp; Konflikt</strong>“ wird tiefgreifende Debatten über die Entscheidung zwischen dem Verlassen und dem Verbleiben in der Heimat führen, an denen die Schauspielerin Laura Začková, der Schauspieler Tomáš Eštok und der Regisseur Bohdan Meteňkanyč teilnehmen.</p>
<p>Auf dem Programm stehen außerdem ein geführter <strong>Stadtspaziergang mit Philippe Cochard</strong> und der Dokumentarfilm Central Stage: Slovakia, der die persönliche Reise eines deutsch-französischen Freiwilligen in der Slowakei dokumentiert.</p>
<p>Liebhaber zeitgenössischer Kunst können sich auf einen <strong>Vortrag von Lucie Gregorova Stach von der Slowakischen Nationalgalerie</strong> freuen, die die künstlerische Vielfalt von den 1950er Jahren bis heute vorstellen wird. <strong>Die Übersetzung erfolgt in englischer Sprache</strong>. Die visuelle Kunst wird durch die Ausstellungen Roots, Humans of [fujun]: When You Can&#8217;t Put Down Roots und Archipelago x Humans of [fujn] 2024.</p>
<p>„<em>Das [fjúžn]-Festival ist traditionell ein Ort, an dem sich Menschen aus verschiedenen Kulturen treffen, Erfahrungen austauschen und das gegenseitige Verständnis fördern können. Auch die diesjährige Ausgabe bietet eine einzigartige Mischung aus Kunst, Musik, Diskussionen, Gastronomie und Gemeinschaftsveranstaltungen, die das Festival zu einem festen Bestandteil der Kulturszene Bratislavas macht</em>“, so Martin Brix, Leiter des [fjúžn] Festivals.</p>
<p><a href="https://www.festival.fjuzn.sk/index.php?lang=en"><strong>Das ausführliche Festivalprogramm finden Sie unter www.festival.fjuzn.sk in englischer Sprache</strong></a></p>
<p><img loading="lazy" width="1920" height="1005" class="alignnone size-full wp-image-310369" src="https://www.visitbratislava.com/wp-content/uploads/2023/08/456482076_1042517930927202_436175808871789455_n.jpg" alt="" srcset="https://www.visitbratislava.com/wp-content/uploads/2023/08/456482076_1042517930927202_436175808871789455_n.jpg 1920w, https://www.visitbratislava.com/wp-content/uploads/2023/08/456482076_1042517930927202_436175808871789455_n-400x209.jpg 400w, https://www.visitbratislava.com/wp-content/uploads/2023/08/456482076_1042517930927202_436175808871789455_n-800x419.jpg 800w, https://www.visitbratislava.com/wp-content/uploads/2023/08/456482076_1042517930927202_436175808871789455_n-768x402.jpg 768w, https://www.visitbratislava.com/wp-content/uploads/2023/08/456482076_1042517930927202_436175808871789455_n-1536x804.jpg 1536w, https://www.visitbratislava.com/wp-content/uploads/2023/08/456482076_1042517930927202_436175808871789455_n-200x105.jpg 200w" sizes="(max-width: 1920px) 100vw, 1920px" /></p>
<p><strong>Über das Festival [fjúžn]</strong></p>
<p>Das Festival [fjúžn] wird seit 2006 von der Milan Šimečka Stiftung organisiert und hat sich allmählich zur größten genreübergreifenden und multikulturellen Veranstaltung zum Thema Migration und Ausländer in der Slowakei entwickelt. Es geht über eine einzelne Kunstgattung hinaus und bietet ein reichhaltiges Programm mit Konzerten, Ausstellungen, Literatur, Theater, Film, Workshops, Vorträgen und Präsentationen, Diskussionen, Gemeinschaftsveranstaltungen, Kinderprogramm, Schulveranstaltungen und vielen anderen Aktivitäten.</p>
<p>Gegenwärtig konzentriert sich das Jahresprogramm der Stiftung [fjúžn] darauf, die Sichtbarkeit von Ausländern und ausländischen Frauen bei uns zu erhöhen und Gemeinschaftsprojekte neuer Minderheiten (Migranten, neue religiöse Gruppen) vorzustellen. Neben dem Festival führen wir eine Vielzahl von Aktivitäten durch, wie die Feier des Weltflüchtlingstages, die [fuþn]-Spaziergänge, das Portal www.fjuzn.sk. Und seit 2019 gibt es auch [fjúžn]-Veranstaltungen in Bewegung, bei denen wir das Leben und die Kultur ausländischer Männer und Frauen in Städten in der Slowakei vorstellen.</p>

<p>Die 19. Ausgabe des [fjužn]-Festivals, der größten genreübergreifenden Veranstaltung zum Thema Ausländer, steht unter dem Motto „ Wurzeln“. Das reichhaltige Programm besteht aus mehr als zwanzig Veranstaltungen, die die Organisatoren in Zusammenarbeit mit Ausländergemeinden und -organisationen vorbereitet haben. Interessante Ausstellungen, einzigartige Konzerte, Gemeinschaftsveranstaltungen, eine unkonventionelle Leseparty, Aktivitäten für Kinder sowie ein Gastro-Workshop oder ein geführter Spaziergang werden die Besucher mit Künstlern aus verschiedenen Ländern bekannt machen.</p>
