{"id":280916,"date":"2024-02-15T14:43:10","date_gmt":"2024-02-15T13:43:10","guid":{"rendered":"https:\/\/www.visitbratislava.com\/?post_type=event&#038;p=280916"},"modified":"2024-02-15T14:43:10","modified_gmt":"2024-02-15T13:43:10","slug":"das-moderne","status":"publish","type":"event","link":"https:\/\/www.visitbratislava.com\/de\/geschehen\/das-moderne\/","title":{"rendered":"Das Moderne"},"content":{"rendered":"<p>Die Werkauswahl konzentrierte sich auf die wichtigsten Entwicklungen der heimischen Kunst zwischen 1890\/1900 und 1948.<\/p>\n<p>Sie erfahren, wie die Kunst auf die neuen zivilisatorischen Herausforderungen und gesellschaftlichen Ver\u00e4nderungen dieser Zeit reagierte, wie K\u00fcnstler auf die Welt reagierten, in der sie lebten, und wie all dies seinen Weg in ihre Werke fand und die Visualit\u00e4t und den Ausdruck der bildenden Kunst ver\u00e4nderte.<\/p>\n<p>Beim Erleben dieser Ausstellung ikonischer Werke, die gr\u00f6\u00dftenteils aus SNG-Sammlungen stammen, k\u00f6nnen Sie das Gesamtbild betrachten oder sich auf einzelne St\u00fccke konzentrieren.<\/p>\n<p>Es umfasst Gem\u00e4lde, Skulpturen, Drucke und Fotografien sowie Filme und Installationen. Zu seinen Besonderheiten geh\u00f6rt eine \u201enicht permanente\u201c Ausstellung: Jedes Jahr werden wechselnde Ausstellungen gezeigt \u2013 das aktuelle Thema sind Transformationen in der Landschaftsmalerei mit dem Titel \u201eLand des Auges \u00d7 Land der Seele\u201c.<\/p>\n<div class=\"grid-container\"><div class=\"grid-container__item\"><div class=\"block\"><a href=\"https:\/\/www.visitbratislava.com\/wp-content\/uploads\/2024\/02\/Weiner-Kral.jpg\" data-fancybox=\"gallery\" data-caption=\"\"><div class=\"background\"><img src=\"https:\/\/www.visitbratislava.com\/wp-content\/uploads\/2024\/02\/Weiner-Kral.jpg\" alt=\"foto\"\/><\/div><div class=\"overlay filter-blue\"><div class=\"content\"><span class=\"zoom-button\"><\/span><\/div><\/div><\/a><\/div><\/div><div class=\"grid-container__item\"><div class=\"block\"><a href=\"https:\/\/www.visitbratislava.com\/wp-content\/uploads\/2024\/02\/simerova-martincekova.jpg\" data-fancybox=\"gallery\" data-caption=\"\"><div class=\"background\" style=\"background-image: url(https:\/\/www.visitbratislava.com\/wp-content\/uploads\/2024\/02\/simerova-martincekova.jpg)\"><\/div><div class=\"overlay filter-green\"><div class=\"content\"><span class=\"zoom-button\"><\/span><\/div><\/div><\/a><\/div><\/div><div class=\"grid-container__item\"><div class=\"block\" ><a href=\"https:\/\/www.visitbratislava.com\/wp-content\/uploads\/2024\/02\/weisz-kubincan.jpg\" data-fancybox=\"gallery\" data-caption=\"\"><div class=\"background\" style=\"background-image: url(https:\/\/www.visitbratislava.com\/wp-content\/uploads\/2024\/02\/weisz-kubincan.jpg)\"><\/div><div class=\"overlay filter-orange\"><div class=\"content\"><span class=\"zoom-button\"><\/span><\/div><\/div><\/a><\/div><\/div><div class=\"grid-container__item\"><div class=\"block\"><a href=\"https:\/\/www.visitbratislava.com\/wp-content\/uploads\/2024\/02\/toyen.jpg\" data-fancybox=\"gallery\" data-caption=\"\"><div class=\"background\" style=\"background-image: url(https:\/\/www.visitbratislava.com\/wp-content\/uploads\/2024\/02\/toyen.jpg)\"><\/div><div class=\"overlay filter-purple\"><div class=\"content\"><span class=\"zoom-button\"><\/span><\/div><\/div><\/a><\/div><\/div><div class=\"grid-container__item more\"><\/div><\/div>\n","protected":false},"excerpt":{"rendered":"<p>Die Ausstellung erz\u00e4hlt die Geschichte der bildenden Kunst in der Slowakei in der ersten H\u00e4lfte des 20. Jahrhunderts<\/p>\n","protected":false},"featured_media":280880,"template":"","acf":[],"event_date":{"start_date":1687478400,"end_date":2398291200},"_links":{"self":[{"href":"https:\/\/www.visitbratislava.com\/de\/wp-json\/wp\/v2\/event\/280916"}],"collection":[{"href":"https:\/\/www.visitbratislava.com\/de\/wp-json\/wp\/v2\/event"}],"about":[{"href":"https:\/\/www.visitbratislava.com\/de\/wp-json\/wp\/v2\/types\/event"}],"version-history":[{"count":2,"href":"https:\/\/www.visitbratislava.com\/de\/wp-json\/wp\/v2\/event\/280916\/revisions"}],"predecessor-version":[{"id":280918,"href":"https:\/\/www.visitbratislava.com\/de\/wp-json\/wp\/v2\/event\/280916\/revisions\/280918"}],"wp:featuredmedia":[{"embeddable":true,"href":"https:\/\/www.visitbratislava.com\/de\/wp-json\/wp\/v2\/media\/280880"}],"wp:attachment":[{"href":"https:\/\/www.visitbratislava.com\/de\/wp-json\/wp\/v2\/media?parent=280916"}],"curies":[{"name":"wp","href":"https:\/\/api.w.org\/{rel}","templated":true}]}}

<p>Die Werkauswahl konzentrierte sich auf die wichtigsten Entwicklungen der heimischen Kunst zwischen 1890/1900 und 1948.</p>
<p>Sie erfahren, wie die Kunst auf die neuen zivilisatorischen Herausforderungen und gesellschaftlichen Veränderungen dieser Zeit reagierte, wie Künstler auf die Welt reagierten, in der sie lebten, und wie all dies seinen Weg in ihre Werke fand und die Visualität und den Ausdruck der bildenden Kunst veränderte.</p>
<p>Beim Erleben dieser Ausstellung ikonischer Werke, die größtenteils aus SNG-Sammlungen stammen, können Sie das Gesamtbild betrachten oder sich auf einzelne Stücke konzentrieren.</p>
<p>Es umfasst Gemälde, Skulpturen, Drucke und Fotografien sowie Filme und Installationen. Zu seinen Besonderheiten gehört eine „nicht permanente“ Ausstellung: Jedes Jahr werden wechselnde Ausstellungen gezeigt – das aktuelle Thema sind Transformationen in der Landschaftsmalerei mit dem Titel „Land des Auges × Land der Seele“.</p>
<div class="grid-container"><div class="grid-container__item"><div class="block"><a href="https://www.visitbratislava.com/wp-content/uploads/2024/02/Weiner-Kral.jpg" data-fancybox="gallery" data-caption=""><div class="background"><img src="https://www.visitbratislava.com/wp-content/uploads/2024/02/Weiner-Kral.jpg" alt="foto"/></div><div class="overlay filter-blue"><div class="content"><span class="zoom-button"></span></div></div></a></div></div><div class="grid-container__item"><div class="block"><a href="https://www.visitbratislava.com/wp-content/uploads/2024/02/simerova-martincekova.jpg" data-fancybox="gallery" data-caption=""><div class="background" style="background-image: url(https://www.visitbratislava.com/wp-content/uploads/2024/02/simerova-martincekova.jpg)"></div><div class="overlay filter-green"><div class="content"><span class="zoom-button"></span></div></div></a></div></div><div class="grid-container__item"><div class="block" ><a href="https://www.visitbratislava.com/wp-content/uploads/2024/02/weisz-kubincan.jpg" data-fancybox="gallery" data-caption=""><div class="background" style="background-image: url(https://www.visitbratislava.com/wp-content/uploads/2024/02/weisz-kubincan.jpg)"></div><div class="overlay filter-orange"><div class="content"><span class="zoom-button"></span></div></div></a></div></div><div class="grid-container__item"><div class="block"><a href="https://www.visitbratislava.com/wp-content/uploads/2024/02/toyen.jpg" data-fancybox="gallery" data-caption=""><div class="background" style="background-image: url(https://www.visitbratislava.com/wp-content/uploads/2024/02/toyen.jpg)"></div><div class="overlay filter-purple"><div class="content"><span class="zoom-button"></span></div></div></a></div></div><div class="grid-container__item more"></div></div>

<p>Die Ausstellung erzählt die Geschichte der bildenden Kunst in der Slowakei in der ersten Hälfte des 20. Jahrhunderts</p>
