{"id":299586,"date":"2024-06-14T11:25:57","date_gmt":"2024-06-14T09:25:57","guid":{"rendered":"https:\/\/www.visitbratislava.com\/events\/vernisaz-vystavy-od-popisky-k-priestoru-2\/"},"modified":"2024-06-17T11:25:50","modified_gmt":"2024-06-17T09:25:50","slug":"vernisaz-vystavy-od-popisky-k-priestoru-2","status":"publish","type":"event","link":"https:\/\/www.visitbratislava.com\/de\/geschehen\/vernisaz-vystavy-od-popisky-k-priestoru-2\/","title":{"rendered":"Vernis\u00e1\u017e v\u00fdstavy Od popisky k priestoru"},"content":{"rendered":"","protected":false},"excerpt":{"rendered":"","protected":false},"featured_media":0,"template":"","acf":[],"event_date":{"start_date":1718582400,"end_date":1718582400},"_links":{"self":[{"href":"https:\/\/www.visitbratislava.com\/de\/wp-json\/wp\/v2\/event\/299586"}],"collection":[{"href":"https:\/\/www.visitbratislava.com\/de\/wp-json\/wp\/v2\/event"}],"about":[{"href":"https:\/\/www.visitbratislava.com\/de\/wp-json\/wp\/v2\/types\/event"}],"version-history":[{"count":1,"href":"https:\/\/www.visitbratislava.com\/de\/wp-json\/wp\/v2\/event\/299586\/revisions"}],"predecessor-version":[{"id":299761,"href":"https:\/\/www.visitbratislava.com\/de\/wp-json\/wp\/v2\/event\/299586\/revisions\/299761"}],"wp:attachment":[{"href":"https:\/\/www.visitbratislava.com\/de\/wp-json\/wp\/v2\/media?parent=299586"}],"curies":[{"name":"wp","href":"https:\/\/api.w.org\/{rel}","templated":true}]}}

Vernisáž výstavy Od popisky k priestoru
