{"id":31390,"date":"2017-04-13T13:33:31","date_gmt":"2017-04-13T11:33:31","guid":{"rendered":"https:\/\/www.visitbratislava.com\/?post_type=event&#038;p=31390\/"},"modified":"2017-04-24T10:04:26","modified_gmt":"2017-04-24T08:04:26","slug":"die-tage-der-stadt-bratislava-2017-thematische-fuehrungen","status":"publish","type":"event","link":"https:\/\/www.visitbratislava.com\/de\/geschehen\/die-tage-der-stadt-bratislava-2017-thematische-fuehrungen\/","title":{"rendered":"Die Tage der Stadt Bratislava 2017: Thematische F\u00fchrungen"},"content":{"rendered":"<p>Der Tourismusverband von Bratislava l\u00e4dt zu einer Reihe von Themenf\u00fchrungen ein<\/p>\n<p><strong>Stadttouren zu Fu\u00df in englischer und deutscher Sprache<\/strong><\/p>\n<table width=\"690\">\n<tbody>\n<tr>\n<td width=\"124\"><strong>\u00a0<\/strong><\/p>\n<p><strong>Samstag, 22.4.2017<\/strong><\/td>\n<td width=\"66\"><strong>\u00a0<\/strong><\/p>\n<p><strong>\u00a0<\/strong><\/td>\n<td width=\"500\"><\/td>\n<\/tr>\n<tr>\n<td width=\"124\">&nbsp;<\/p>\n<p>von &#8211; bis<\/td>\n<td width=\"66\">Dauer<\/td>\n<td width=\"500\"><\/td>\n<\/tr>\n<tr>\n<td width=\"124\">14:00 &#8211; 15:30 Uhr<\/td>\n<td width=\"66\">1,5 Stunden<\/td>\n<td width=\"500\"><strong>Bratislava &#8211; Pressburg &#8211; Pozsony<\/strong><br \/>\nEine Tour durch das historische Stadtzentrum in englischer Sprache, Eva \u010cubr\u00edkov\u00e1, Annam\u00e1ria Marettov\u00e1<em>Treffpunkt: am Brunnen auf dem Primatial-Platz<\/em><\/td>\n<\/tr>\n<tr>\n<td width=\"124\">14:00 &#8211; 15:30 Uhr<\/td>\n<td width=\"66\">1,5 Stunden<\/td>\n<td width=\"500\"><strong>Bratislava &#8211; Pressburg &#8211; Pozsony <\/strong><\/p>\n<p>Eine Tour durch das historische Zentrum der Stadt in deutscher Sprache, Dagmar \u010cechov\u00e1, Mary Ho\u0165kov\u00e1<\/p>\n<p><em>Treffpunkt: am Brunnen auf dem Primatial-Platz<\/em><\/td>\n<\/tr>\n<tr>\n<td width=\"124\"><strong>\u00a0<\/strong><\/p>\n<p><strong>Sonntag, 23.4.2017<\/strong><\/td>\n<td width=\"66\"><strong>\u00a0<\/strong><\/td>\n<td width=\"500\"><em>\u00a0<\/em><\/td>\n<\/tr>\n<tr>\n<td width=\"124\">&nbsp;<\/p>\n<p>von &#8211; bis<\/td>\n<td width=\"66\">Dauer<\/td>\n<td width=\"500\"><em>\u00a0<\/em><\/td>\n<\/tr>\n<tr>\n<td width=\"124\">14:00 &#8211; 15:30 Uhr<\/td>\n<td width=\"66\">1,5 Stunden<\/td>\n<td width=\"500\"><strong>Bratislava &#8211; Pressburg \u2013 Pozsony<\/strong><\/p>\n<p>Rundgang durch das historische Zentrum der Stadt in englischer Sprache., Janetta J\u00e1no\u0161kov\u00e1<\/p>\n<p><em>Treffpunkt: am Brunnen auf dem Primatial-Platz<\/em><\/td>\n<\/tr>\n<tr>\n<td width=\"124\">14:00 &#8211; 15:30 Uhr<\/td>\n<td width=\"66\">1,5 Stunden<\/td>\n<td width=\"500\"><strong>Bratislava &#8211; Pressburg &#8211; Pozsony <\/strong><\/p>\n<p>Rundgang durch das historische Zentrum der Stadt in deutscher Sprache. Dagmar \u010cechov\u00e1<\/p>\n<p><em>Treffpunkt: am Brunnen auf dem Primatial-Platz<\/em><\/td>\n<\/tr>\n<\/tbody>\n<\/table>\n<p>&nbsp;<\/p>\n","protected":false},"excerpt":{"rendered":"<p>Der Tourismusverband von Bratislava l\u00e4dt zu einer Reihe von Themenf\u00fchrungen ein Stadttouren zu Fu\u00df in englischer und deutscher Sprache \u00a0 Samstag, 22.4.2017 \u00a0 \u00a0 &nbsp; von &#8211; bis Dauer 14:00 &#8211; 15:30 Uhr 1,5 Stunden Bratislava &#8211; Pressburg &#8211; Pozsony Eine Tour durch das historische Stadtzentrum in englischer Sprache, Eva \u010cubr\u00edkov\u00e1, Annam\u00e1ria Marettov\u00e1Treffpunkt: am Brunnen [&hellip;]<\/p>\n","protected":false},"featured_media":13269,"template":"","acf":[],"event_date":{"start_date":1492819200,"end_date":1492905600},"_links":{"self":[{"href":"https:\/\/www.visitbratislava.com\/de\/wp-json\/wp\/v2\/event\/31390"}],"collection":[{"href":"https:\/\/www.visitbratislava.com\/de\/wp-json\/wp\/v2\/event"}],"about":[{"href":"https:\/\/www.visitbratislava.com\/de\/wp-json\/wp\/v2\/types\/event"}],"version-history":[{"count":0,"href":"https:\/\/www.visitbratislava.com\/de\/wp-json\/wp\/v2\/event\/31390\/revisions"}],"wp:featuredmedia":[{"embeddable":true,"href":"https:\/\/www.visitbratislava.com\/de\/wp-json\/wp\/v2\/media\/13269"}],"wp:attachment":[{"href":"https:\/\/www.visitbratislava.com\/de\/wp-json\/wp\/v2\/media?parent=31390"}],"curies":[{"name":"wp","href":"https:\/\/api.w.org\/{rel}","templated":true}]}}

Die Tage der Stadt Bratislava 2017: Thematische Führungen

<p>Der Tourismusverband von Bratislava lädt zu einer Reihe von Themenführungen ein</p>
<p><strong>Stadttouren zu Fuß in englischer und deutscher Sprache</strong></p>
<table width="690">
<tbody>
<tr>
<td width="124"><strong> </strong></p>
<p><strong>Samstag, 22.4.2017</strong></td>
<td width="66"><strong> </strong></p>
<p><strong> </strong></td>
<td width="500"></td>
</tr>
<tr>
<td width="124">&nbsp;</p>
<p>von &#8211; bis</td>
<td width="66">Dauer</td>
<td width="500"></td>
</tr>
<tr>
<td width="124">14:00 &#8211; 15:30 Uhr</td>
<td width="66">1,5 Stunden</td>
<td width="500"><strong>Bratislava &#8211; Pressburg &#8211; Pozsony</strong><br />
Eine Tour durch das historische Stadtzentrum in englischer Sprache, Eva Čubríková, Annamária Marettová<em>Treffpunkt: am Brunnen auf dem Primatial-Platz</em></td>
</tr>
<tr>
<td width="124">14:00 &#8211; 15:30 Uhr</td>
<td width="66">1,5 Stunden</td>
<td width="500"><strong>Bratislava &#8211; Pressburg &#8211; Pozsony </strong></p>
<p>Eine Tour durch das historische Zentrum der Stadt in deutscher Sprache, Dagmar Čechová, Mary Hoťková</p>
<p><em>Treffpunkt: am Brunnen auf dem Primatial-Platz</em></td>
</tr>
<tr>
<td width="124"><strong> </strong></p>
<p><strong>Sonntag, 23.4.2017</strong></td>
<td width="66"><strong> </strong></td>
<td width="500"><em> </em></td>
</tr>
<tr>
<td width="124">&nbsp;</p>
<p>von &#8211; bis</td>
<td width="66">Dauer</td>
<td width="500"><em> </em></td>
</tr>
<tr>
<td width="124">14:00 &#8211; 15:30 Uhr</td>
<td width="66">1,5 Stunden</td>
<td width="500"><strong>Bratislava &#8211; Pressburg – Pozsony</strong></p>
<p>Rundgang durch das historische Zentrum der Stadt in englischer Sprache., Janetta Jánošková</p>
<p><em>Treffpunkt: am Brunnen auf dem Primatial-Platz</em></td>
</tr>
<tr>
<td width="124">14:00 &#8211; 15:30 Uhr</td>
<td width="66">1,5 Stunden</td>
<td width="500"><strong>Bratislava &#8211; Pressburg &#8211; Pozsony </strong></p>
<p>Rundgang durch das historische Zentrum der Stadt in deutscher Sprache. Dagmar Čechová</p>
<p><em>Treffpunkt: am Brunnen auf dem Primatial-Platz</em></td>
</tr>
</tbody>
</table>
<p>&nbsp;</p>

<p>Der Tourismusverband von Bratislava lädt zu einer Reihe von Themenführungen ein Stadttouren zu Fuß in englischer und deutscher Sprache   Samstag, 22.4.2017     &nbsp; von &#8211; bis Dauer 14:00 &#8211; 15:30 Uhr 1,5 Stunden Bratislava &#8211; Pressburg &#8211; Pozsony Eine Tour durch das historische Stadtzentrum in englischer Sprache, Eva Čubríková, Annamária MarettováTreffpunkt: am Brunnen [&hellip;]</p>
