{"id":331932,"date":"2025-03-18T10:27:09","date_gmt":"2025-03-18T09:27:09","guid":{"rendered":"https:\/\/www.visitbratislava.com\/events\/bratislava-spring-music-festival\/"},"modified":"2025-10-14T12:29:24","modified_gmt":"2025-10-14T10:29:24","slug":"bratislava-spring-music-festival","status":"publish","type":"event","link":"https:\/\/www.visitbratislava.com\/de\/geschehen\/bratislava-spring-music-festival\/","title":{"rendered":"Bratislava Spring Music Festival"},"content":{"rendered":"<h3 data-start=\"176\" data-end=\"539\"><span dir=\"auto\" style=\"vertical-align: inherit;\"><span dir=\"auto\" style=\"vertical-align: inherit;\">\u00dcber die Veranstaltung<\/span><\/span><\/h3>\n<p data-start=\"176\" data-end=\"539\"><strong><span dir=\"auto\" style=\"vertical-align: inherit;\"><span dir=\"auto\" style=\"vertical-align: inherit;\">19.3. &#8211; 22.3.2026<\/span><\/span><\/strong><\/p>\n<p data-start=\"176\" data-end=\"539\"><span dir=\"auto\" style=\"vertical-align: inherit;\"><span dir=\"auto\" style=\"vertical-align: inherit;\">Jedes Jahr begr\u00fc\u00dft Bratislava Liebhaber klassischer Musik aus der ganzen Slowakei und dem Ausland. Die Stadt erklingt mit Symphonien, Kammerkonzerten und Soloauftritten talentierter K\u00fcnstler. Das Festival hat sich im Laufe der Jahre einen festen Platz im Kulturkalender erobert und pr\u00e4sentiert Musik, die Tradition mit einer modernen Perspektive auf klassische Werke verbindet.<\/span><\/span><\/p>\n<p data-start=\"176\" data-end=\"539\"><img loading=\"lazy\" width=\"800\" height=\"534\" class=\"alignnone size-full wp-image-366519\" src=\"https:\/\/www.visitbratislava.com\/wp-content\/uploads\/2025\/03\/dsc_4491-lightbox.jpg\" alt=\"\" srcset=\"https:\/\/www.visitbratislava.com\/wp-content\/uploads\/2025\/03\/dsc_4491-lightbox.jpg 800w, https:\/\/www.visitbratislava.com\/wp-content\/uploads\/2025\/03\/dsc_4491-lightbox-400x267.jpg 400w, https:\/\/www.visitbratislava.com\/wp-content\/uploads\/2025\/03\/dsc_4491-lightbox-768x513.jpg 768w, https:\/\/www.visitbratislava.com\/wp-content\/uploads\/2025\/03\/dsc_4491-lightbox-200x134.jpg 200w\" sizes=\"(max-width: 800px) 100vw, 800px\" \/><\/p>\n<p data-start=\"541\" data-end=\"771\"><span dir=\"auto\" style=\"vertical-align: inherit;\"><span dir=\"auto\" style=\"vertical-align: inherit;\">Die Konzerte finden an ikonischen Veranstaltungsorten der Hauptstadt statt, beispielsweise in <\/span><\/span><strong data-start=\"608\" data-end=\"649\"><span dir=\"auto\" style=\"vertical-align: inherit;\"><span dir=\"auto\" style=\"vertical-align: inherit;\">Reduta \u2013 der Heimat des Slowakischen Philharmonischen Orchesters<\/span><\/span><\/strong><span dir=\"auto\" style=\"vertical-align: inherit;\"><span dir=\"auto\" style=\"vertical-align: inherit;\"> \u2013 oder in <\/span><\/span><strong data-start=\"654\" data-end=\"695\"><span dir=\"auto\" style=\"vertical-align: inherit;\"><span dir=\"auto\" style=\"vertical-align: inherit;\">historischen Pal\u00e4sten im Zentrum von Bratislava<\/span><\/span><\/strong><span dir=\"auto\" style=\"vertical-align: inherit;\"><span dir=\"auto\" style=\"vertical-align: inherit;\"> , deren Akustik und Atmosph\u00e4re ein einzigartiges musikalisches Erlebnis schaffen.<\/span><\/span><\/p>\n<p data-start=\"773\" data-end=\"967\"><strong data-start=\"802\" data-end=\"850\"><span dir=\"auto\" style=\"vertical-align: inherit;\"><span dir=\"auto\" style=\"vertical-align: inherit;\">Die Besucher k\u00f6nnen sich auf au\u00dfergew\u00f6hnliche K\u00fcnstler aus dem In- und Ausland<\/span><\/span><\/strong><span dir=\"auto\" style=\"vertical-align: inherit;\"><span dir=\"auto\" style=\"vertical-align: inherit;\"> freuen <\/span><span dir=\"auto\" style=\"vertical-align: inherit;\">, die Klassiker in ihren unterschiedlichsten Formen auff\u00fchren \u2013 von gro\u00dfartigen Orchesterwerken bis hin zu intimen Kammerkompositionen.<\/span><\/span><\/p>\n<p data-start=\"969\" data-end=\"1013\"><strong data-start=\"969\" data-end=\"1013\"><span dir=\"auto\" style=\"vertical-align: inherit;\"><span dir=\"auto\" style=\"vertical-align: inherit;\">Das Veranstaltungsprogramm wird in K\u00fcrze aktualisiert.<\/span><\/span><\/strong><\/p>\n","protected":false},"excerpt":{"rendered":"<p>Die Fr\u00fchlingstage in Bratislava geh\u00f6ren traditionell der klassischen Musik. Spitzenk\u00fcnstler, Orchester und Dirigenten kommen in die Stadt und sorgen f\u00fcr unvergessliche Konzerterlebnisse.<\/p>\n","protected":false},"featured_media":366513,"template":"","acf":[],"event_date":{"start_date":1773878400,"end_date":1774137600},"_links":{"self":[{"href":"https:\/\/www.visitbratislava.com\/de\/wp-json\/wp\/v2\/event\/331932"}],"collection":[{"href":"https:\/\/www.visitbratislava.com\/de\/wp-json\/wp\/v2\/event"}],"about":[{"href":"https:\/\/www.visitbratislava.com\/de\/wp-json\/wp\/v2\/types\/event"}],"version-history":[{"count":6,"href":"https:\/\/www.visitbratislava.com\/de\/wp-json\/wp\/v2\/event\/331932\/revisions"}],"predecessor-version":[{"id":366532,"href":"https:\/\/www.visitbratislava.com\/de\/wp-json\/wp\/v2\/event\/331932\/revisions\/366532"}],"wp:featuredmedia":[{"embeddable":true,"href":"https:\/\/www.visitbratislava.com\/de\/wp-json\/wp\/v2\/media\/366513"}],"wp:attachment":[{"href":"https:\/\/www.visitbratislava.com\/de\/wp-json\/wp\/v2\/media?parent=331932"}],"curies":[{"name":"wp","href":"https:\/\/api.w.org\/{rel}","templated":true}]}}

<h3 data-start="176" data-end="539"><span dir="auto" style="vertical-align: inherit;"><span dir="auto" style="vertical-align: inherit;">Über die Veranstaltung</span></span></h3>
<p data-start="176" data-end="539"><strong><span dir="auto" style="vertical-align: inherit;"><span dir="auto" style="vertical-align: inherit;">19.3. &#8211; 22.3.2026</span></span></strong></p>
<p data-start="176" data-end="539"><span dir="auto" style="vertical-align: inherit;"><span dir="auto" style="vertical-align: inherit;">Jedes Jahr begrüßt Bratislava Liebhaber klassischer Musik aus der ganzen Slowakei und dem Ausland. Die Stadt erklingt mit Symphonien, Kammerkonzerten und Soloauftritten talentierter Künstler. Das Festival hat sich im Laufe der Jahre einen festen Platz im Kulturkalender erobert und präsentiert Musik, die Tradition mit einer modernen Perspektive auf klassische Werke verbindet.</span></span></p>
<p data-start="176" data-end="539"><img loading="lazy" width="800" height="534" class="alignnone size-full wp-image-366519" src="https://www.visitbratislava.com/wp-content/uploads/2025/03/dsc_4491-lightbox.jpg" alt="" srcset="https://www.visitbratislava.com/wp-content/uploads/2025/03/dsc_4491-lightbox.jpg 800w, https://www.visitbratislava.com/wp-content/uploads/2025/03/dsc_4491-lightbox-400x267.jpg 400w, https://www.visitbratislava.com/wp-content/uploads/2025/03/dsc_4491-lightbox-768x513.jpg 768w, https://www.visitbratislava.com/wp-content/uploads/2025/03/dsc_4491-lightbox-200x134.jpg 200w" sizes="(max-width: 800px) 100vw, 800px" /></p>
<p data-start="541" data-end="771"><span dir="auto" style="vertical-align: inherit;"><span dir="auto" style="vertical-align: inherit;">Die Konzerte finden an ikonischen Veranstaltungsorten der Hauptstadt statt, beispielsweise in </span></span><strong data-start="608" data-end="649"><span dir="auto" style="vertical-align: inherit;"><span dir="auto" style="vertical-align: inherit;">Reduta – der Heimat des Slowakischen Philharmonischen Orchesters</span></span></strong><span dir="auto" style="vertical-align: inherit;"><span dir="auto" style="vertical-align: inherit;"> – oder in </span></span><strong data-start="654" data-end="695"><span dir="auto" style="vertical-align: inherit;"><span dir="auto" style="vertical-align: inherit;">historischen Palästen im Zentrum von Bratislava</span></span></strong><span dir="auto" style="vertical-align: inherit;"><span dir="auto" style="vertical-align: inherit;"> , deren Akustik und Atmosphäre ein einzigartiges musikalisches Erlebnis schaffen.</span></span></p>
<p data-start="773" data-end="967"><strong data-start="802" data-end="850"><span dir="auto" style="vertical-align: inherit;"><span dir="auto" style="vertical-align: inherit;">Die Besucher können sich auf außergewöhnliche Künstler aus dem In- und Ausland</span></span></strong><span dir="auto" style="vertical-align: inherit;"><span dir="auto" style="vertical-align: inherit;"> freuen </span><span dir="auto" style="vertical-align: inherit;">, die Klassiker in ihren unterschiedlichsten Formen aufführen – von großartigen Orchesterwerken bis hin zu intimen Kammerkompositionen.</span></span></p>
<p data-start="969" data-end="1013"><strong data-start="969" data-end="1013"><span dir="auto" style="vertical-align: inherit;"><span dir="auto" style="vertical-align: inherit;">Das Veranstaltungsprogramm wird in Kürze aktualisiert.</span></span></strong></p>

<p>Die Frühlingstage in Bratislava gehören traditionell der klassischen Musik. Spitzenkünstler, Orchester und Dirigenten kommen in die Stadt und sorgen für unvergessliche Konzerterlebnisse.</p>
