{"id":374968,"date":"2025-11-13T10:59:27","date_gmt":"2025-11-13T09:59:27","guid":{"rendered":"https:\/\/www.visitbratislava.com\/events\/tibor-majlath-novi-neponi-5-2\/"},"modified":"2026-04-25T11:26:11","modified_gmt":"2026-04-25T09:26:11","slug":"tibor-majlath-novi-neponi-5-2","status":"publish","type":"event","link":"https:\/\/www.visitbratislava.com\/de\/geschehen\/tibor-majlath-novi-neponi-5-2\/","title":{"rendered":"Tibor Majl\u00e1th: Nov\u00ed Nep\u00f3ni 5"},"content":{"rendered":"","protected":false},"excerpt":{"rendered":"","protected":false},"featured_media":0,"template":"","acf":[],"event_date":{"start_date":1451606400,"end_date":1918771200},"_links":{"self":[{"href":"https:\/\/www.visitbratislava.com\/de\/wp-json\/wp\/v2\/event\/374968"}],"collection":[{"href":"https:\/\/www.visitbratislava.com\/de\/wp-json\/wp\/v2\/event"}],"about":[{"href":"https:\/\/www.visitbratislava.com\/de\/wp-json\/wp\/v2\/types\/event"}],"version-history":[{"count":1,"href":"https:\/\/www.visitbratislava.com\/de\/wp-json\/wp\/v2\/event\/374968\/revisions"}],"predecessor-version":[{"id":380330,"href":"https:\/\/www.visitbratislava.com\/de\/wp-json\/wp\/v2\/event\/374968\/revisions\/380330"}],"wp:attachment":[{"href":"https:\/\/www.visitbratislava.com\/de\/wp-json\/wp\/v2\/media?parent=374968"}],"curies":[{"name":"wp","href":"https:\/\/api.w.org\/{rel}","templated":true}]}}

Tibor Majláth: Noví Nepóni 5
