{"id":375255,"date":"2025-11-13T11:00:21","date_gmt":"2025-11-13T10:00:21","guid":{"rendered":"https:\/\/www.visitbratislava.com\/events\/expozicia-historickych-interierov-2\/"},"modified":"2026-04-25T11:26:29","modified_gmt":"2026-04-25T09:26:29","slug":"expozicia-historickych-interierov-2","status":"publish","type":"event","link":"https:\/\/www.visitbratislava.com\/de\/geschehen\/expozicia-historickych-interierov-2\/","title":{"rendered":"Expoz\u00edcia historick\u00fdch interi\u00e9rov"},"content":{"rendered":"","protected":false},"excerpt":{"rendered":"","protected":false},"featured_media":0,"template":"","acf":[],"event_date":{"start_date":1451606400,"end_date":2145916800},"_links":{"self":[{"href":"https:\/\/www.visitbratislava.com\/de\/wp-json\/wp\/v2\/event\/375255"}],"collection":[{"href":"https:\/\/www.visitbratislava.com\/de\/wp-json\/wp\/v2\/event"}],"about":[{"href":"https:\/\/www.visitbratislava.com\/de\/wp-json\/wp\/v2\/types\/event"}],"version-history":[{"count":1,"href":"https:\/\/www.visitbratislava.com\/de\/wp-json\/wp\/v2\/event\/375255\/revisions"}],"predecessor-version":[{"id":380615,"href":"https:\/\/www.visitbratislava.com\/de\/wp-json\/wp\/v2\/event\/375255\/revisions\/380615"}],"wp:attachment":[{"href":"https:\/\/www.visitbratislava.com\/de\/wp-json\/wp\/v2\/media?parent=375255"}],"curies":[{"name":"wp","href":"https:\/\/api.w.org\/{rel}","templated":true}]}}

Expozícia historických interiérov
