{"id":381681,"date":"2025-11-21T12:45:46","date_gmt":"2025-11-21T11:45:46","guid":{"rendered":"https:\/\/www.visitbratislava.com\/events\/vianocna-trznica\/"},"modified":"2025-11-21T13:05:38","modified_gmt":"2025-11-21T12:05:38","slug":"adventsbasar","status":"publish","type":"event","link":"https:\/\/www.visitbratislava.com\/de\/geschehen\/adventsbasar\/","title":{"rendered":"Adventsbasar 2025"},"content":{"rendered":"<h2 data-start=\"192\" data-end=\"228\"><strong><span dir=\"auto\" style=\"vertical-align: inherit;\"><span dir=\"auto\" style=\"vertical-align: inherit;\">Tradition und festliche Atmosph\u00e4re<\/span><\/span><\/strong><\/h2>\n<p data-start=\"229\" data-end=\"472\"><span dir=\"auto\" style=\"vertical-align: inherit;\"><span dir=\"auto\" style=\"vertical-align: inherit;\">Der Adventsbasar kehrt zum f\u00fcnften Mal auf den Alten Marktplatz zur\u00fcck und wird erneut f\u00fcr festliche Stimmung im Zentrum von Bratislava sorgen. Die Veranstaltung findet vom <\/span><\/span><strong data-start=\"374\" data-end=\"402\"><span dir=\"auto\" style=\"vertical-align: inherit;\"><span dir=\"auto\" style=\"vertical-align: inherit;\">14. bis 23. Dezember 2025<\/span><\/span><\/strong><span dir=\"auto\" style=\"vertical-align: inherit;\"><span dir=\"auto\" style=\"vertical-align: inherit;\"> (au\u00dfer Samstag, den 20. Dezember) an der Adresse <\/span><\/span><strong data-start=\"435\" data-end=\"469\"><span dir=\"auto\" style=\"vertical-align: inherit;\"><span dir=\"auto\" style=\"vertical-align: inherit;\">Star\u00e1 tr\u017enica, N\u00e1mestie SNP 25<\/span><\/span><\/strong><span dir=\"auto\" style=\"vertical-align: inherit;\"><span dir=\"auto\" style=\"vertical-align: inherit;\"> statt .<\/span><\/span><\/p>\n<p data-start=\"229\" data-end=\"472\"><img loading=\"lazy\" width=\"768\" height=\"513\" class=\"size-full wp-image-381668 aligncenter\" src=\"https:\/\/www.visitbratislava.com\/wp-content\/uploads\/2025\/11\/Vianocna-trznica-exterier.jpg\" alt=\"Au\u00dfenbereich des Weihnachtsmarktes\" srcset=\"https:\/\/www.visitbratislava.com\/wp-content\/uploads\/2025\/11\/Vianocna-trznica-exterier.jpg 768w, https:\/\/www.visitbratislava.com\/wp-content\/uploads\/2025\/11\/Vianocna-trznica-exterier-400x267.jpg 400w, https:\/\/www.visitbratislava.com\/wp-content\/uploads\/2025\/11\/Vianocna-trznica-exterier-200x134.jpg 200w\" sizes=\"(max-width: 768px) 100vw, 768px\" \/><span style=\"font-size: 8pt;\"><span dir=\"auto\" style=\"vertical-align: inherit;\"><span dir=\"auto\" style=\"vertical-align: inherit;\">Foto: SITA<\/span><\/span><\/span><\/p>\n<h3 data-start=\"474\" data-end=\"513\"><span dir=\"auto\" style=\"vertical-align: inherit;\"><span dir=\"auto\" style=\"vertical-align: inherit;\">Freier Eintritt und angenehme Atmosph\u00e4re<\/span><\/span><\/h3>\n<p data-start=\"514\" data-end=\"771\"><span dir=\"auto\" style=\"vertical-align: inherit;\"><span dir=\"auto\" style=\"vertical-align: inherit;\">Der Eintritt zum Markt ist <\/span><\/span><strong data-start=\"534\" data-end=\"543\"><span dir=\"auto\" style=\"vertical-align: inherit;\"><span dir=\"auto\" style=\"vertical-align: inherit;\">frei<\/span><\/span><\/strong><span dir=\"auto\" style=\"vertical-align: inherit;\"><span dir=\"auto\" style=\"vertical-align: inherit;\"> . Besucher erwartet eine vielf\u00e4ltige Auswahl an lokalen Marken, Designern, Autoren, Verlagen, handwerklichen Lebensmittelproduzenten und K\u00fcnstlern. Der ideale Ort, um originelle Weihnachtsgeschenke zu finden und die lokale Kreativit\u00e4t zu unterst\u00fctzen.<\/span><\/span><\/p>\n<p data-start=\"514\" data-end=\"771\"><img loading=\"lazy\" width=\"800\" height=\"534\" class=\"size-large wp-image-381662 aligncenter\" src=\"https:\/\/www.visitbratislava.com\/wp-content\/uploads\/2025\/11\/vianocna-trznica-urban-market-800x534.jpg\" alt=\"Stadtmarkt Weihnachtsmarkt\" srcset=\"https:\/\/www.visitbratislava.com\/wp-content\/uploads\/2025\/11\/vianocna-trznica-urban-market-800x534.jpg 800w, https:\/\/www.visitbratislava.com\/wp-content\/uploads\/2025\/11\/vianocna-trznica-urban-market-400x267.jpg 400w, https:\/\/www.visitbratislava.com\/wp-content\/uploads\/2025\/11\/vianocna-trznica-urban-market-768x512.jpg 768w, https:\/\/www.visitbratislava.com\/wp-content\/uploads\/2025\/11\/vianocna-trznica-urban-market-1536x1024.jpg 1536w, https:\/\/www.visitbratislava.com\/wp-content\/uploads\/2025\/11\/vianocna-trznica-urban-market-200x133.jpg 200w, https:\/\/www.visitbratislava.com\/wp-content\/uploads\/2025\/11\/vianocna-trznica-urban-market.jpg 1600w\" sizes=\"(max-width: 800px) 100vw, 800px\" \/><\/p>\n<p data-start=\"514\" data-end=\"771\"><span style=\"font-size: 8pt;\"><span dir=\"auto\" style=\"vertical-align: inherit;\"><span dir=\"auto\" style=\"vertical-align: inherit;\">Foto: Urban Market<\/span><\/span><\/span><\/p>\n<h3 data-start=\"773\" data-end=\"816\"><span dir=\"auto\" style=\"vertical-align: inherit;\"><span dir=\"auto\" style=\"vertical-align: inherit;\">Kultur-, Kreativit\u00e4ts- und Kinderprogramm<\/span><\/span><\/h3>\n<p data-start=\"817\" data-end=\"1047\"><span dir=\"auto\" style=\"vertical-align: inherit;\"><span dir=\"auto\" style=\"vertical-align: inherit;\">Neben Verkaufsst\u00e4nden bietet der Markt auch ein Kulturprogramm, Konzerte, Kreativworkshops und Aktivit\u00e4ten f\u00fcr Kinder. Die Veranstaltung vereint Tradition, Kreativit\u00e4t und Gemeinschaftssinn und schafft so eine angenehme, festliche Atmosph\u00e4re f\u00fcr alle Besucher.<\/span><\/span><\/p>\n<p data-start=\"817\" data-end=\"1047\"><img loading=\"lazy\" width=\"800\" height=\"533\" class=\"size-large wp-image-381674 aligncenter\" src=\"https:\/\/www.visitbratislava.com\/wp-content\/uploads\/2025\/11\/Vianocna-trznica-800x533.jpg\" alt=\"Inneres der M\u00e4rkte\" srcset=\"https:\/\/www.visitbratislava.com\/wp-content\/uploads\/2025\/11\/Vianocna-trznica-800x533.jpg 800w, https:\/\/www.visitbratislava.com\/wp-content\/uploads\/2025\/11\/Vianocna-trznica-400x267.jpg 400w, https:\/\/www.visitbratislava.com\/wp-content\/uploads\/2025\/11\/Vianocna-trznica-768x512.jpg 768w, https:\/\/www.visitbratislava.com\/wp-content\/uploads\/2025\/11\/Vianocna-trznica-1536x1024.jpg 1536w, https:\/\/www.visitbratislava.com\/wp-content\/uploads\/2025\/11\/Vianocna-trznica-2048x1366.jpg 2048w, https:\/\/www.visitbratislava.com\/wp-content\/uploads\/2025\/11\/Vianocna-trznica-200x133.jpg 200w\" sizes=\"(max-width: 800px) 100vw, 800px\" \/><span style=\"font-size: 8pt;\"><span dir=\"auto\" style=\"vertical-align: inherit;\"><span dir=\"auto\" style=\"vertical-align: inherit;\">Foto: Denn\u00edk N<\/span><\/span><\/span><\/p>\n<h3 data-start=\"1049\" data-end=\"1081\"><span dir=\"auto\" style=\"vertical-align: inherit;\"><span dir=\"auto\" style=\"vertical-align: inherit;\">\u00d6ffnungszeiten und Schichten<\/span><\/span><\/h3>\n<p data-start=\"1082\" data-end=\"1106\"><span dir=\"auto\" style=\"vertical-align: inherit;\"><span dir=\"auto\" style=\"vertical-align: inherit;\">Der Markt wird ge\u00f6ffnet sein:<\/span><\/span><\/p>\n<ul data-start=\"1107\" data-end=\"1208\">\n<li data-start=\"1107\" data-end=\"1132\">\n<p data-start=\"1109\" data-end=\"1132\"><span dir=\"auto\" style=\"vertical-align: inherit;\"><span dir=\"auto\" style=\"vertical-align: inherit;\">Sonntag: 10:00 \u2013 20:00 Uhr<\/span><\/span><\/p>\n<\/li>\n<li data-start=\"1133\" data-end=\"1208\">\n<p data-start=\"1135\" data-end=\"1208\"><span dir=\"auto\" style=\"vertical-align: inherit;\"><span dir=\"auto\" style=\"vertical-align: inherit;\">Montag \u2013 Freitag: 12:00 \u2013 20:00 Uhr <\/span><\/span><br data-start=\"1167\" data-end=\"1170\" \/><em data-start=\"1170\" data-end=\"1206\"><span dir=\"auto\" style=\"vertical-align: inherit;\"><span dir=\"auto\" style=\"vertical-align: inherit;\">(\u00c4nderungen der \u00d6ffnungszeiten vorbehalten)<\/span><\/span><\/em><\/p>\n<\/li>\n<\/ul>\n<p data-start=\"1210\" data-end=\"1270\"><span dir=\"auto\" style=\"vertical-align: inherit;\"><span dir=\"auto\" style=\"vertical-align: inherit;\">Zur besseren Planung ist die Veranstaltung in drei Runden unterteilt:<\/span><\/span><\/p>\n<ul data-start=\"1271\" data-end=\"1375\">\n<li data-start=\"1271\" data-end=\"1304\">\n<p data-start=\"1273\" data-end=\"1304\"><span dir=\"auto\" style=\"vertical-align: inherit;\"><span dir=\"auto\" style=\"vertical-align: inherit;\">I. Turnier: 14. \u2013 16. 12. 2025<\/span><\/span><\/p>\n<\/li>\n<li data-start=\"1305\" data-end=\"1339\">\n<p data-start=\"1307\" data-end=\"1339\"><span dir=\"auto\" style=\"vertical-align: inherit;\"><span dir=\"auto\" style=\"vertical-align: inherit;\">2. Runde: 17. \u2013 19. 12. 2025<\/span><\/span><\/p>\n<\/li>\n<li data-start=\"1340\" data-end=\"1375\">\n<p data-start=\"1342\" data-end=\"1375\"><span dir=\"auto\" style=\"vertical-align: inherit;\"><span dir=\"auto\" style=\"vertical-align: inherit;\">3. Runde: 21. \u2013 23. 12. 2025<\/span><\/span><\/p>\n<\/li>\n<\/ul>\n<h3 data-start=\"1377\" data-end=\"1404\"><span dir=\"auto\" style=\"vertical-align: inherit;\"><span dir=\"auto\" style=\"vertical-align: inherit;\">Zusammenarbeit und Gemeinschaft<\/span><\/span><\/h3>\n<p data-start=\"1405\" data-end=\"1614\"><span dir=\"auto\" style=\"vertical-align: inherit;\"><span dir=\"auto\" style=\"vertical-align: inherit;\">Die Veranstaltung findet in Zusammenarbeit mit <\/span><\/span><strong data-start=\"1435\" data-end=\"1476\"><span dir=\"auto\" style=\"vertical-align: inherit;\"><span dir=\"auto\" style=\"vertical-align: inherit;\">dem Alten Markt, BRaK und Urban Market<\/span><\/span><\/strong><span dir=\"auto\" style=\"vertical-align: inherit;\"><span dir=\"auto\" style=\"vertical-align: inherit;\"> statt . Genie\u00dfen Sie die Adventszeit, shoppen Sie entspannt und verbringen Sie die Vorweihnachtszeit in einem kreativen und freundlichen Ambiente.<\/span><\/span><\/p>\n","protected":false},"excerpt":{"rendered":"<p>Der Adventsbasar wird mit einer festlichen Atmosph\u00e4re, regionalen Geschenken und kreativen Aktivit\u00e4ten f\u00fcr Jung und Alt zum Leben erwachen.<\/p>\n","protected":false},"featured_media":381656,"template":"","acf":[],"event_date":{"start_date":1765756800,"end_date":1766448000},"_links":{"self":[{"href":"https:\/\/www.visitbratislava.com\/de\/wp-json\/wp\/v2\/event\/381681"}],"collection":[{"href":"https:\/\/www.visitbratislava.com\/de\/wp-json\/wp\/v2\/event"}],"about":[{"href":"https:\/\/www.visitbratislava.com\/de\/wp-json\/wp\/v2\/types\/event"}],"version-history":[{"count":2,"href":"https:\/\/www.visitbratislava.com\/de\/wp-json\/wp\/v2\/event\/381681\/revisions"}],"predecessor-version":[{"id":381685,"href":"https:\/\/www.visitbratislava.com\/de\/wp-json\/wp\/v2\/event\/381681\/revisions\/381685"}],"wp:featuredmedia":[{"embeddable":true,"href":"https:\/\/www.visitbratislava.com\/de\/wp-json\/wp\/v2\/media\/381656"}],"wp:attachment":[{"href":"https:\/\/www.visitbratislava.com\/de\/wp-json\/wp\/v2\/media?parent=381681"}],"curies":[{"name":"wp","href":"https:\/\/api.w.org\/{rel}","templated":true}]}}

<h2 data-start="192" data-end="228"><strong><span dir="auto" style="vertical-align: inherit;"><span dir="auto" style="vertical-align: inherit;">Tradition und festliche Atmosphäre</span></span></strong></h2>
<p data-start="229" data-end="472"><span dir="auto" style="vertical-align: inherit;"><span dir="auto" style="vertical-align: inherit;">Der Adventsbasar kehrt zum fünften Mal auf den Alten Marktplatz zurück und wird erneut für festliche Stimmung im Zentrum von Bratislava sorgen. Die Veranstaltung findet vom </span></span><strong data-start="374" data-end="402"><span dir="auto" style="vertical-align: inherit;"><span dir="auto" style="vertical-align: inherit;">14. bis 23. Dezember 2025</span></span></strong><span dir="auto" style="vertical-align: inherit;"><span dir="auto" style="vertical-align: inherit;"> (außer Samstag, den 20. Dezember) an der Adresse </span></span><strong data-start="435" data-end="469"><span dir="auto" style="vertical-align: inherit;"><span dir="auto" style="vertical-align: inherit;">Stará tržnica, Námestie SNP 25</span></span></strong><span dir="auto" style="vertical-align: inherit;"><span dir="auto" style="vertical-align: inherit;"> statt .</span></span></p>
<p data-start="229" data-end="472"><img loading="lazy" width="768" height="513" class="size-full wp-image-381668 aligncenter" src="https://www.visitbratislava.com/wp-content/uploads/2025/11/Vianocna-trznica-exterier.jpg" alt="Außenbereich des Weihnachtsmarktes" srcset="https://www.visitbratislava.com/wp-content/uploads/2025/11/Vianocna-trznica-exterier.jpg 768w, https://www.visitbratislava.com/wp-content/uploads/2025/11/Vianocna-trznica-exterier-400x267.jpg 400w, https://www.visitbratislava.com/wp-content/uploads/2025/11/Vianocna-trznica-exterier-200x134.jpg 200w" sizes="(max-width: 768px) 100vw, 768px" /><span style="font-size: 8pt;"><span dir="auto" style="vertical-align: inherit;"><span dir="auto" style="vertical-align: inherit;">Foto: SITA</span></span></span></p>
<h3 data-start="474" data-end="513"><span dir="auto" style="vertical-align: inherit;"><span dir="auto" style="vertical-align: inherit;">Freier Eintritt und angenehme Atmosphäre</span></span></h3>
<p data-start="514" data-end="771"><span dir="auto" style="vertical-align: inherit;"><span dir="auto" style="vertical-align: inherit;">Der Eintritt zum Markt ist </span></span><strong data-start="534" data-end="543"><span dir="auto" style="vertical-align: inherit;"><span dir="auto" style="vertical-align: inherit;">frei</span></span></strong><span dir="auto" style="vertical-align: inherit;"><span dir="auto" style="vertical-align: inherit;"> . Besucher erwartet eine vielfältige Auswahl an lokalen Marken, Designern, Autoren, Verlagen, handwerklichen Lebensmittelproduzenten und Künstlern. Der ideale Ort, um originelle Weihnachtsgeschenke zu finden und die lokale Kreativität zu unterstützen.</span></span></p>
<p data-start="514" data-end="771"><img loading="lazy" width="800" height="534" class="size-large wp-image-381662 aligncenter" src="https://www.visitbratislava.com/wp-content/uploads/2025/11/vianocna-trznica-urban-market-800x534.jpg" alt="Stadtmarkt Weihnachtsmarkt" srcset="https://www.visitbratislava.com/wp-content/uploads/2025/11/vianocna-trznica-urban-market-800x534.jpg 800w, https://www.visitbratislava.com/wp-content/uploads/2025/11/vianocna-trznica-urban-market-400x267.jpg 400w, https://www.visitbratislava.com/wp-content/uploads/2025/11/vianocna-trznica-urban-market-768x512.jpg 768w, https://www.visitbratislava.com/wp-content/uploads/2025/11/vianocna-trznica-urban-market-1536x1024.jpg 1536w, https://www.visitbratislava.com/wp-content/uploads/2025/11/vianocna-trznica-urban-market-200x133.jpg 200w, https://www.visitbratislava.com/wp-content/uploads/2025/11/vianocna-trznica-urban-market.jpg 1600w" sizes="(max-width: 800px) 100vw, 800px" /></p>
<p data-start="514" data-end="771"><span style="font-size: 8pt;"><span dir="auto" style="vertical-align: inherit;"><span dir="auto" style="vertical-align: inherit;">Foto: Urban Market</span></span></span></p>
<h3 data-start="773" data-end="816"><span dir="auto" style="vertical-align: inherit;"><span dir="auto" style="vertical-align: inherit;">Kultur-, Kreativitäts- und Kinderprogramm</span></span></h3>
<p data-start="817" data-end="1047"><span dir="auto" style="vertical-align: inherit;"><span dir="auto" style="vertical-align: inherit;">Neben Verkaufsständen bietet der Markt auch ein Kulturprogramm, Konzerte, Kreativworkshops und Aktivitäten für Kinder. Die Veranstaltung vereint Tradition, Kreativität und Gemeinschaftssinn und schafft so eine angenehme, festliche Atmosphäre für alle Besucher.</span></span></p>
<p data-start="817" data-end="1047"><img loading="lazy" width="800" height="533" class="size-large wp-image-381674 aligncenter" src="https://www.visitbratislava.com/wp-content/uploads/2025/11/Vianocna-trznica-800x533.jpg" alt="Inneres der Märkte" srcset="https://www.visitbratislava.com/wp-content/uploads/2025/11/Vianocna-trznica-800x533.jpg 800w, https://www.visitbratislava.com/wp-content/uploads/2025/11/Vianocna-trznica-400x267.jpg 400w, https://www.visitbratislava.com/wp-content/uploads/2025/11/Vianocna-trznica-768x512.jpg 768w, https://www.visitbratislava.com/wp-content/uploads/2025/11/Vianocna-trznica-1536x1024.jpg 1536w, https://www.visitbratislava.com/wp-content/uploads/2025/11/Vianocna-trznica-2048x1366.jpg 2048w, https://www.visitbratislava.com/wp-content/uploads/2025/11/Vianocna-trznica-200x133.jpg 200w" sizes="(max-width: 800px) 100vw, 800px" /><span style="font-size: 8pt;"><span dir="auto" style="vertical-align: inherit;"><span dir="auto" style="vertical-align: inherit;">Foto: Denník N</span></span></span></p>
<h3 data-start="1049" data-end="1081"><span dir="auto" style="vertical-align: inherit;"><span dir="auto" style="vertical-align: inherit;">Öffnungszeiten und Schichten</span></span></h3>
<p data-start="1082" data-end="1106"><span dir="auto" style="vertical-align: inherit;"><span dir="auto" style="vertical-align: inherit;">Der Markt wird geöffnet sein:</span></span></p>
<ul data-start="1107" data-end="1208">
<li data-start="1107" data-end="1132">
<p data-start="1109" data-end="1132"><span dir="auto" style="vertical-align: inherit;"><span dir="auto" style="vertical-align: inherit;">Sonntag: 10:00 – 20:00 Uhr</span></span></p>
</li>
<li data-start="1133" data-end="1208">
<p data-start="1135" data-end="1208"><span dir="auto" style="vertical-align: inherit;"><span dir="auto" style="vertical-align: inherit;">Montag – Freitag: 12:00 – 20:00 Uhr </span></span><br data-start="1167" data-end="1170" /><em data-start="1170" data-end="1206"><span dir="auto" style="vertical-align: inherit;"><span dir="auto" style="vertical-align: inherit;">(Änderungen der Öffnungszeiten vorbehalten)</span></span></em></p>
</li>
</ul>
<p data-start="1210" data-end="1270"><span dir="auto" style="vertical-align: inherit;"><span dir="auto" style="vertical-align: inherit;">Zur besseren Planung ist die Veranstaltung in drei Runden unterteilt:</span></span></p>
<ul data-start="1271" data-end="1375">
<li data-start="1271" data-end="1304">
<p data-start="1273" data-end="1304"><span dir="auto" style="vertical-align: inherit;"><span dir="auto" style="vertical-align: inherit;">I. Turnier: 14. – 16. 12. 2025</span></span></p>
</li>
<li data-start="1305" data-end="1339">
<p data-start="1307" data-end="1339"><span dir="auto" style="vertical-align: inherit;"><span dir="auto" style="vertical-align: inherit;">2. Runde: 17. – 19. 12. 2025</span></span></p>
</li>
<li data-start="1340" data-end="1375">
<p data-start="1342" data-end="1375"><span dir="auto" style="vertical-align: inherit;"><span dir="auto" style="vertical-align: inherit;">3. Runde: 21. – 23. 12. 2025</span></span></p>
</li>
</ul>
<h3 data-start="1377" data-end="1404"><span dir="auto" style="vertical-align: inherit;"><span dir="auto" style="vertical-align: inherit;">Zusammenarbeit und Gemeinschaft</span></span></h3>
<p data-start="1405" data-end="1614"><span dir="auto" style="vertical-align: inherit;"><span dir="auto" style="vertical-align: inherit;">Die Veranstaltung findet in Zusammenarbeit mit </span></span><strong data-start="1435" data-end="1476"><span dir="auto" style="vertical-align: inherit;"><span dir="auto" style="vertical-align: inherit;">dem Alten Markt, BRaK und Urban Market</span></span></strong><span dir="auto" style="vertical-align: inherit;"><span dir="auto" style="vertical-align: inherit;"> statt . Genießen Sie die Adventszeit, shoppen Sie entspannt und verbringen Sie die Vorweihnachtszeit in einem kreativen und freundlichen Ambiente.</span></span></p>

<p>Der Adventsbasar wird mit einer festlichen Atmosphäre, regionalen Geschenken und kreativen Aktivitäten für Jung und Alt zum Leben erwachen.</p>
