{"id":386810,"date":"2025-12-09T13:18:48","date_gmt":"2025-12-09T12:18:48","guid":{"rendered":"https:\/\/www.visitbratislava.com\/events\/bratislavsky-silvester\/"},"modified":"2025-12-09T13:29:19","modified_gmt":"2025-12-09T12:29:19","slug":"silvester-in-bratislava","status":"publish","type":"event","link":"https:\/\/www.visitbratislava.com\/de\/geschehen\/silvester-in-bratislava\/","title":{"rendered":"Silvester in Bratislava"},"content":{"rendered":"<h2><strong><span dir=\"auto\" style=\"vertical-align: inherit;\"><span dir=\"auto\" style=\"vertical-align: inherit;\">Eine beliebte Jahresabschlussfeier im Stadtzentrum. \u00a0<\/span><\/span><\/strong><\/h2>\n<p><span dir=\"auto\" style=\"vertical-align: inherit;\"><span dir=\"auto\" style=\"vertical-align: inherit;\">Verabschieden Sie das Jahr 2025 im Herzen von Bratislava. Die letzten Stunden des Jahres werden durch ein musikalisches Programm auf dem Hviezdoslavovo (ab 21:00 Uhr) und dem Franti\u0161k\u00e1nske n\u00e1mestie (ab 22:00 Uhr) versch\u00f6nert, und anschlie\u00dfend z\u00e4hlen wir gemeinsam die Minuten bis zum neuen Jahr herunter.<\/span><\/span><\/p>\n<p><strong><span dir=\"auto\" style=\"vertical-align: inherit;\"><span dir=\"auto\" style=\"vertical-align: inherit;\">PROGRAMM<\/span><\/span><\/strong><\/p>\n<p><strong><span dir=\"auto\" style=\"vertical-align: inherit;\"><span dir=\"auto\" style=\"vertical-align: inherit;\">Hviezdoslav-Platz<\/span><\/span><\/strong><\/p>\n<p><span dir=\"auto\" style=\"vertical-align: inherit;\"><span dir=\"auto\" style=\"vertical-align: inherit;\">18:00 Uhr <\/span><\/span><strong>\u00a0<\/strong><span dir=\"auto\" style=\"vertical-align: inherit;\"><span dir=\"auto\" style=\"vertical-align: inherit;\">Aufnahme vom Silvesterkonzert des Slowakischen Philharmonischen Orchesters<\/span><\/span><\/p>\n<p><span dir=\"auto\" style=\"vertical-align: inherit;\"><span dir=\"auto\" style=\"vertical-align: inherit;\">21:00 Uhr L\u00e4ndliche Gegend<\/span><\/span><\/p>\n<p><span dir=\"auto\" style=\"vertical-align: inherit;\"><span dir=\"auto\" style=\"vertical-align: inherit;\">23:00 Polemik<\/span><\/span><\/p>\n<p><span dir=\"auto\" style=\"vertical-align: inherit;\"><span dir=\"auto\" style=\"vertical-align: inherit;\">23:55 Countdown<\/span><\/span><\/p>\n<p><span dir=\"auto\" style=\"vertical-align: inherit;\"><span dir=\"auto\" style=\"vertical-align: inherit;\">00:05 DJ Samuraj<\/span><\/span><\/p>\n<p><span dir=\"auto\" style=\"vertical-align: inherit;\"><span dir=\"auto\" style=\"vertical-align: inherit;\">Moderiert von: J\u00e1n Gorduli\u010d<\/span><\/span><\/p>\n<p><strong><span dir=\"auto\" style=\"vertical-align: inherit;\"><span dir=\"auto\" style=\"vertical-align: inherit;\">Franziskanerplatz<\/span><\/span><\/strong><\/p>\n<p><span dir=\"auto\" style=\"vertical-align: inherit;\"><span dir=\"auto\" style=\"vertical-align: inherit;\">22:00 Brouci Band \u2013 The Beatles Revival<\/span><\/span><\/p>\n<p><span dir=\"auto\" style=\"vertical-align: inherit;\"><span dir=\"auto\" style=\"vertical-align: inherit;\">23:00 \u2013 01:00 DJ MILES<\/span><\/span><\/p>\n<p>&nbsp;<\/p>\n<p><strong><span dir=\"auto\" style=\"vertical-align: inherit;\"><span dir=\"auto\" style=\"vertical-align: inherit;\">Freier Eintritt.<\/span><\/span><\/strong><\/p>\n","protected":false},"excerpt":{"rendered":"<p>Abschied vom Jahr 2025 im historischen Zentrum von Bratislava.<\/p>\n","protected":false},"featured_media":386420,"template":"","acf":[],"event_date":{"start_date":1767139200,"end_date":1767139200},"_links":{"self":[{"href":"https:\/\/www.visitbratislava.com\/de\/wp-json\/wp\/v2\/event\/386810"}],"collection":[{"href":"https:\/\/www.visitbratislava.com\/de\/wp-json\/wp\/v2\/event"}],"about":[{"href":"https:\/\/www.visitbratislava.com\/de\/wp-json\/wp\/v2\/types\/event"}],"version-history":[{"count":2,"href":"https:\/\/www.visitbratislava.com\/de\/wp-json\/wp\/v2\/event\/386810\/revisions"}],"predecessor-version":[{"id":386813,"href":"https:\/\/www.visitbratislava.com\/de\/wp-json\/wp\/v2\/event\/386810\/revisions\/386813"}],"wp:featuredmedia":[{"embeddable":true,"href":"https:\/\/www.visitbratislava.com\/de\/wp-json\/wp\/v2\/media\/386420"}],"wp:attachment":[{"href":"https:\/\/www.visitbratislava.com\/de\/wp-json\/wp\/v2\/media?parent=386810"}],"curies":[{"name":"wp","href":"https:\/\/api.w.org\/{rel}","templated":true}]}}

<h2><strong><span dir="auto" style="vertical-align: inherit;"><span dir="auto" style="vertical-align: inherit;">Eine beliebte Jahresabschlussfeier im Stadtzentrum.  </span></span></strong></h2>
<p><span dir="auto" style="vertical-align: inherit;"><span dir="auto" style="vertical-align: inherit;">Verabschieden Sie das Jahr 2025 im Herzen von Bratislava. Die letzten Stunden des Jahres werden durch ein musikalisches Programm auf dem Hviezdoslavovo (ab 21:00 Uhr) und dem Františkánske námestie (ab 22:00 Uhr) verschönert, und anschließend zählen wir gemeinsam die Minuten bis zum neuen Jahr herunter.</span></span></p>
<p><strong><span dir="auto" style="vertical-align: inherit;"><span dir="auto" style="vertical-align: inherit;">PROGRAMM</span></span></strong></p>
<p><strong><span dir="auto" style="vertical-align: inherit;"><span dir="auto" style="vertical-align: inherit;">Hviezdoslav-Platz</span></span></strong></p>
<p><span dir="auto" style="vertical-align: inherit;"><span dir="auto" style="vertical-align: inherit;">18:00 Uhr </span></span><strong> </strong><span dir="auto" style="vertical-align: inherit;"><span dir="auto" style="vertical-align: inherit;">Aufnahme vom Silvesterkonzert des Slowakischen Philharmonischen Orchesters</span></span></p>
<p><span dir="auto" style="vertical-align: inherit;"><span dir="auto" style="vertical-align: inherit;">21:00 Uhr Ländliche Gegend</span></span></p>
<p><span dir="auto" style="vertical-align: inherit;"><span dir="auto" style="vertical-align: inherit;">23:00 Polemik</span></span></p>
<p><span dir="auto" style="vertical-align: inherit;"><span dir="auto" style="vertical-align: inherit;">23:55 Countdown</span></span></p>
<p><span dir="auto" style="vertical-align: inherit;"><span dir="auto" style="vertical-align: inherit;">00:05 DJ Samuraj</span></span></p>
<p><span dir="auto" style="vertical-align: inherit;"><span dir="auto" style="vertical-align: inherit;">Moderiert von: Ján Gordulič</span></span></p>
<p><strong><span dir="auto" style="vertical-align: inherit;"><span dir="auto" style="vertical-align: inherit;">Franziskanerplatz</span></span></strong></p>
<p><span dir="auto" style="vertical-align: inherit;"><span dir="auto" style="vertical-align: inherit;">22:00 Brouci Band – The Beatles Revival</span></span></p>
<p><span dir="auto" style="vertical-align: inherit;"><span dir="auto" style="vertical-align: inherit;">23:00 – 01:00 DJ MILES</span></span></p>
<p>&nbsp;</p>
<p><strong><span dir="auto" style="vertical-align: inherit;"><span dir="auto" style="vertical-align: inherit;">Freier Eintritt.</span></span></strong></p>
