{"id":401180,"date":"2026-01-10T10:26:25","date_gmt":"2026-01-10T09:26:25","guid":{"rendered":"https:\/\/www.visitbratislava.com\/events\/vecer-trojkralovy-jana-kirschner-4\/"},"modified":"2026-04-25T11:26:08","modified_gmt":"2026-04-25T09:26:08","slug":"vecer-trojkralovy-jana-kirschner-4","status":"publish","type":"event","link":"https:\/\/www.visitbratislava.com\/de\/geschehen\/vecer-trojkralovy-jana-kirschner-4\/","title":{"rendered":"Ve\u010der Trojkr\u00e1\u013eov\u00fd: Jana Kirschner"},"content":{"rendered":"<p>The Epiphany Evening with Jana Kirschner will take place on January 6 at the Old Market Hall in Bratislava.<\/p>\n","protected":false},"excerpt":{"rendered":"<p>The Epiphany Evening with Jana Kirschner will take place on January 6 at the Old Market Hall in Bratislava.<\/p>\n","protected":false},"featured_media":0,"template":"","acf":[],"event_date":{"start_date":1799193600,"end_date":1799193600},"_links":{"self":[{"href":"https:\/\/www.visitbratislava.com\/de\/wp-json\/wp\/v2\/event\/401180"}],"collection":[{"href":"https:\/\/www.visitbratislava.com\/de\/wp-json\/wp\/v2\/event"}],"about":[{"href":"https:\/\/www.visitbratislava.com\/de\/wp-json\/wp\/v2\/types\/event"}],"version-history":[{"count":1,"href":"https:\/\/www.visitbratislava.com\/de\/wp-json\/wp\/v2\/event\/401180\/revisions"}],"predecessor-version":[{"id":401748,"href":"https:\/\/www.visitbratislava.com\/de\/wp-json\/wp\/v2\/event\/401180\/revisions\/401748"}],"wp:attachment":[{"href":"https:\/\/www.visitbratislava.com\/de\/wp-json\/wp\/v2\/media?parent=401180"}],"curies":[{"name":"wp","href":"https:\/\/api.w.org\/{rel}","templated":true}]}}

Večer Trojkráľový: Jana Kirschner
