{"id":420135,"date":"2026-02-11T16:45:43","date_gmt":"2026-02-11T15:45:43","guid":{"rendered":"https:\/\/www.visitbratislava.com\/?post_type=event&#038;p=420135"},"modified":"2026-02-11T16:45:44","modified_gmt":"2026-02-11T15:45:44","slug":"tag-des-reiseleiters-2026","status":"publish","type":"event","link":"https:\/\/www.visitbratislava.com\/de\/geschehen\/tag-des-reiseleiters-2026\/","title":{"rendered":"Tag des Reiseleiters 2026"},"content":{"rendered":"<p>Nehmen Sie an der kostenlosen <strong>Die Top 10 von Bratislava<\/strong> teil, die um 10 Uhr beginnt. Die F\u00fchrung dauert 1,5 Stunden und wird von Dagmar Gubov\u00e1 geleitet. Eine Anmeldung ist erforderlich. Der Treffpunkt wird nach der Anmeldung per E-Mail bekannt gegeben.<\/p>\n<p>Melden Sie sich unter <a href=\"http:\/\/www.densprievodcov.sk\" target=\"_blank\" rel=\"noopener\"><strong>www.densprievodcov.sk <\/strong><\/a>an.<\/p>\n<p><img loading=\"lazy\" width=\"400\" height=\"300\" class=\"alignnone size-medium wp-image-417366\" src=\"https:\/\/www.visitbratislava.com\/wp-content\/uploads\/2026\/02\/Zazitkova-Bratislava-2025-FOTO-Jana-Kollarova-43-400x300.jpg\" alt=\"\" srcset=\"https:\/\/www.visitbratislava.com\/wp-content\/uploads\/2026\/02\/Zazitkova-Bratislava-2025-FOTO-Jana-Kollarova-43-400x300.jpg 400w, https:\/\/www.visitbratislava.com\/wp-content\/uploads\/2026\/02\/Zazitkova-Bratislava-2025-FOTO-Jana-Kollarova-43-800x600.jpg 800w, https:\/\/www.visitbratislava.com\/wp-content\/uploads\/2026\/02\/Zazitkova-Bratislava-2025-FOTO-Jana-Kollarova-43-768x576.jpg 768w, https:\/\/www.visitbratislava.com\/wp-content\/uploads\/2026\/02\/Zazitkova-Bratislava-2025-FOTO-Jana-Kollarova-43-1536x1152.jpg 1536w, https:\/\/www.visitbratislava.com\/wp-content\/uploads\/2026\/02\/Zazitkova-Bratislava-2025-FOTO-Jana-Kollarova-43-2048x1536.jpg 2048w, https:\/\/www.visitbratislava.com\/wp-content\/uploads\/2026\/02\/Zazitkova-Bratislava-2025-FOTO-Jana-Kollarova-43-200x150.jpg 200w, https:\/\/www.visitbratislava.com\/wp-content\/uploads\/2026\/02\/Zazitkova-Bratislava-2025-FOTO-Jana-Kollarova-43-600x450.jpg 600w\" sizes=\"(max-width: 400px) 100vw, 400px\" \/><\/p>\n<p>Die Veranstaltung \u201eTag der Fremdenf\u00fchrer\u201c wird vom Verein der Fremdenf\u00fchrer Bratislava, o. z. organisiert.<\/p>\n<p>Bitte beachten Sie, dass w\u00e4hrend der Veranstaltung Fotos und\/oder Videoaufnahmen zum Zweck der Werbung f\u00fcr die Veranstaltungen und Aktivit\u00e4ten des Vereins der Fremdenf\u00fchrer Bratislava gemacht werden k\u00f6nnen.<\/p>\n<p>Datenschutzbestimmungen: <a href=\"https:\/\/www.poznajsvojemesto.sk\/pravidla-ochrany-osobnych-udajov-gdpr\/\" target=\"_blank\" rel=\"noopener\">https:\/\/www.poznajsvojemesto.sk\/pravidla-ochrany-osobnych-udajov-gdpr<\/a>\/<\/p>\n<p>&nbsp;<\/p>\n","protected":false},"excerpt":{"rendered":"<p>Am Samstag, dem 21. Februar, finden im Rahmen des Tages des Reiseleiters mehrere Stadtf\u00fchrungen in Bratislava statt. Eine davon wird auf Deutsch abgehalten.<\/p>\n","protected":false},"featured_media":417360,"template":"","acf":[],"event_date":{"start_date":1771632000,"end_date":1771632000},"_links":{"self":[{"href":"https:\/\/www.visitbratislava.com\/de\/wp-json\/wp\/v2\/event\/420135"}],"collection":[{"href":"https:\/\/www.visitbratislava.com\/de\/wp-json\/wp\/v2\/event"}],"about":[{"href":"https:\/\/www.visitbratislava.com\/de\/wp-json\/wp\/v2\/types\/event"}],"version-history":[{"count":3,"href":"https:\/\/www.visitbratislava.com\/de\/wp-json\/wp\/v2\/event\/420135\/revisions"}],"predecessor-version":[{"id":420138,"href":"https:\/\/www.visitbratislava.com\/de\/wp-json\/wp\/v2\/event\/420135\/revisions\/420138"}],"wp:featuredmedia":[{"embeddable":true,"href":"https:\/\/www.visitbratislava.com\/de\/wp-json\/wp\/v2\/media\/417360"}],"wp:attachment":[{"href":"https:\/\/www.visitbratislava.com\/de\/wp-json\/wp\/v2\/media?parent=420135"}],"curies":[{"name":"wp","href":"https:\/\/api.w.org\/{rel}","templated":true}]}}

<p>Nehmen Sie an der kostenlosen <strong>Die Top 10 von Bratislava</strong> teil, die um 10 Uhr beginnt. Die Führung dauert 1,5 Stunden und wird von Dagmar Gubová geleitet. Eine Anmeldung ist erforderlich. Der Treffpunkt wird nach der Anmeldung per E-Mail bekannt gegeben.</p>
<p>Melden Sie sich unter <a href="http://www.densprievodcov.sk" target="_blank" rel="noopener"><strong>www.densprievodcov.sk </strong></a>an.</p>
<p><img loading="lazy" width="400" height="300" class="alignnone size-medium wp-image-417366" src="https://www.visitbratislava.com/wp-content/uploads/2026/02/Zazitkova-Bratislava-2025-FOTO-Jana-Kollarova-43-400x300.jpg" alt="" srcset="https://www.visitbratislava.com/wp-content/uploads/2026/02/Zazitkova-Bratislava-2025-FOTO-Jana-Kollarova-43-400x300.jpg 400w, https://www.visitbratislava.com/wp-content/uploads/2026/02/Zazitkova-Bratislava-2025-FOTO-Jana-Kollarova-43-800x600.jpg 800w, https://www.visitbratislava.com/wp-content/uploads/2026/02/Zazitkova-Bratislava-2025-FOTO-Jana-Kollarova-43-768x576.jpg 768w, https://www.visitbratislava.com/wp-content/uploads/2026/02/Zazitkova-Bratislava-2025-FOTO-Jana-Kollarova-43-1536x1152.jpg 1536w, https://www.visitbratislava.com/wp-content/uploads/2026/02/Zazitkova-Bratislava-2025-FOTO-Jana-Kollarova-43-2048x1536.jpg 2048w, https://www.visitbratislava.com/wp-content/uploads/2026/02/Zazitkova-Bratislava-2025-FOTO-Jana-Kollarova-43-200x150.jpg 200w, https://www.visitbratislava.com/wp-content/uploads/2026/02/Zazitkova-Bratislava-2025-FOTO-Jana-Kollarova-43-600x450.jpg 600w" sizes="(max-width: 400px) 100vw, 400px" /></p>
<p>Die Veranstaltung „Tag der Fremdenführer“ wird vom Verein der Fremdenführer Bratislava, o. z. organisiert.</p>
<p>Bitte beachten Sie, dass während der Veranstaltung Fotos und/oder Videoaufnahmen zum Zweck der Werbung für die Veranstaltungen und Aktivitäten des Vereins der Fremdenführer Bratislava gemacht werden können.</p>
<p>Datenschutzbestimmungen: <a href="https://www.poznajsvojemesto.sk/pravidla-ochrany-osobnych-udajov-gdpr/" target="_blank" rel="noopener">https://www.poznajsvojemesto.sk/pravidla-ochrany-osobnych-udajov-gdpr</a>/</p>
<p>&nbsp;</p>

<p>Am Samstag, dem 21. Februar, finden im Rahmen des Tages des Reiseleiters mehrere Stadtführungen in Bratislava statt. Eine davon wird auf Deutsch abgehalten.</p>
