{"id":429742,"date":"2026-03-02T14:01:10","date_gmt":"2026-03-02T13:01:10","guid":{"rendered":"https:\/\/www.visitbratislava.com\/?post_type=event&#038;p=429742"},"modified":"2026-03-02T14:01:11","modified_gmt":"2026-03-02T13:01:11","slug":"karol-kallay-zeugnis-einer-epoche","status":"publish","type":"event","link":"https:\/\/www.visitbratislava.com\/de\/geschehen\/karol-kallay-zeugnis-einer-epoche\/","title":{"rendered":"Karol K\u00e1llay: Zeugnis einer Epoche"},"content":{"rendered":"<p>Dieser weltber\u00fchmte Fotograf widmete sich seit seinem zehnten Lebensjahr der Fotografie. Bereits als Sechzehnj\u00e4hriger gewann er bei einer nationalen Fotoausstellung eine Goldmedaille, und seine ersten Arbeiten wurden damals auch in der Schweizer Zeitschrift Camera ver\u00f6ffentlicht. Nach Abschluss seines Studiums<br \/>\nfotografierte er als Profi f\u00fcr die Wochenzeitschriften Sv\u011bt v obrazech und Domov a svet. Er fotografierte Mode in Bratislava und Prag, sp\u00e4ter lange Zeit in Berlin und Paris. Er erstellte Reportagen f\u00fcr renommierte ausl\u00e4ndische Magazine wie GEO, Stern, Merian oder Paris Match.<\/p>\n<p>Er war Mitglied der deutschen Bielderberg-Gesellschaft und brachte \u201eBildberichte\u201d aus Afrika, Indonesien, Thailand, Australien, den USA und Russland mit. Vielen sind seine Bilder des alten Bratislava, seiner Gassen, der Sommertage am Donauufer oder das Kultbild der Ordensschwestern, die mit dem R\u00fccken zur Stadt stehen, in Erinnerung geblieben. Die Hauptstadt, eingefangen durch K\u00e1llays einzigartigen Blick, fasst das Fotobuch Bratislava moja (Bratislava, meine Stadt) zusammen. Seine Liebe zu Prag demonstrierte er in der Publikation Franz Kafka a Praha (Franz Kafka und Prag).<\/p>\n<p><a href=\"https:\/\/danubiana.sk\/en\/vystavy\/svedectvo-epochy\" target=\"_blank\" rel=\"noopener\">Weitere Informationen finden Sie hier.<\/a><\/p>\n<p><img loading=\"lazy\" width=\"329\" height=\"400\" class=\"alignnone size-medium wp-image-429726\" src=\"https:\/\/www.visitbratislava.com\/wp-content\/uploads\/2026\/03\/kallay-329x400.jpg\" alt=\"Kallay\" srcset=\"https:\/\/www.visitbratislava.com\/wp-content\/uploads\/2026\/03\/kallay-329x400.jpg 329w, https:\/\/www.visitbratislava.com\/wp-content\/uploads\/2026\/03\/kallay-164x200.jpg 164w, https:\/\/www.visitbratislava.com\/wp-content\/uploads\/2026\/03\/kallay.jpg 623w\" sizes=\"(max-width: 329px) 100vw, 329px\" \/><\/p>\n","protected":false},"excerpt":{"rendered":"<p>Vom 8.3. bis zum 31.5.2026 k\u00f6nnen Sie im Museum f\u00fcr moderne Kunst Danubiana eine Fotoausstellung besuchen, die dem weltber\u00fchmten slowakischen Fotografen Karol K\u00e1llay gewidmet ist.<\/p>\n","protected":false},"featured_media":351854,"template":"","acf":[],"event_date":{"start_date":1772928000,"end_date":1780185600},"_links":{"self":[{"href":"https:\/\/www.visitbratislava.com\/de\/wp-json\/wp\/v2\/event\/429742"}],"collection":[{"href":"https:\/\/www.visitbratislava.com\/de\/wp-json\/wp\/v2\/event"}],"about":[{"href":"https:\/\/www.visitbratislava.com\/de\/wp-json\/wp\/v2\/types\/event"}],"version-history":[{"count":2,"href":"https:\/\/www.visitbratislava.com\/de\/wp-json\/wp\/v2\/event\/429742\/revisions"}],"predecessor-version":[{"id":429744,"href":"https:\/\/www.visitbratislava.com\/de\/wp-json\/wp\/v2\/event\/429742\/revisions\/429744"}],"wp:featuredmedia":[{"embeddable":true,"href":"https:\/\/www.visitbratislava.com\/de\/wp-json\/wp\/v2\/media\/351854"}],"wp:attachment":[{"href":"https:\/\/www.visitbratislava.com\/de\/wp-json\/wp\/v2\/media?parent=429742"}],"curies":[{"name":"wp","href":"https:\/\/api.w.org\/{rel}","templated":true}]}}

Karol Kállay: Zeugnis einer Epoche

<p>Dieser weltberühmte Fotograf widmete sich seit seinem zehnten Lebensjahr der Fotografie. Bereits als Sechzehnjähriger gewann er bei einer nationalen Fotoausstellung eine Goldmedaille, und seine ersten Arbeiten wurden damals auch in der Schweizer Zeitschrift Camera veröffentlicht. Nach Abschluss seines Studiums<br />
fotografierte er als Profi für die Wochenzeitschriften Svět v obrazech und Domov a svet. Er fotografierte Mode in Bratislava und Prag, später lange Zeit in Berlin und Paris. Er erstellte Reportagen für renommierte ausländische Magazine wie GEO, Stern, Merian oder Paris Match.</p>
<p>Er war Mitglied der deutschen Bielderberg-Gesellschaft und brachte „Bildberichte” aus Afrika, Indonesien, Thailand, Australien, den USA und Russland mit. Vielen sind seine Bilder des alten Bratislava, seiner Gassen, der Sommertage am Donauufer oder das Kultbild der Ordensschwestern, die mit dem Rücken zur Stadt stehen, in Erinnerung geblieben. Die Hauptstadt, eingefangen durch Kállays einzigartigen Blick, fasst das Fotobuch Bratislava moja (Bratislava, meine Stadt) zusammen. Seine Liebe zu Prag demonstrierte er in der Publikation Franz Kafka a Praha (Franz Kafka und Prag).</p>
<p><a href="https://danubiana.sk/en/vystavy/svedectvo-epochy" target="_blank" rel="noopener">Weitere Informationen finden Sie hier.</a></p>
<p><img loading="lazy" width="329" height="400" class="alignnone size-medium wp-image-429726" src="https://www.visitbratislava.com/wp-content/uploads/2026/03/kallay-329x400.jpg" alt="Kallay" srcset="https://www.visitbratislava.com/wp-content/uploads/2026/03/kallay-329x400.jpg 329w, https://www.visitbratislava.com/wp-content/uploads/2026/03/kallay-164x200.jpg 164w, https://www.visitbratislava.com/wp-content/uploads/2026/03/kallay.jpg 623w" sizes="(max-width: 329px) 100vw, 329px" /></p>

<p>Vom 8.3. bis zum 31.5.2026 können Sie im Museum für moderne Kunst Danubiana eine Fotoausstellung besuchen, die dem weltberühmten slowakischen Fotografen Karol Kállay gewidmet ist.</p>
