{"id":435743,"date":"2026-03-13T10:26:17","date_gmt":"2026-03-13T09:26:17","guid":{"rendered":"https:\/\/www.visitbratislava.com\/events\/vecer-s-klavirom-tadeas-kasiak-14\/"},"modified":"2026-04-22T11:25:36","modified_gmt":"2026-04-22T09:25:36","slug":"vecer-s-klavirom-tadeas-kasiak-14","status":"publish","type":"event","link":"https:\/\/www.visitbratislava.com\/de\/geschehen\/vecer-s-klavirom-tadeas-kasiak-14\/","title":{"rendered":"Ve\u010der s klav\u00edrom: Tade\u00e1\u0161 Ka\u0161iak"},"content":{"rendered":"","protected":false},"excerpt":{"rendered":"","protected":false},"featured_media":0,"template":"","acf":[],"event_date":{"start_date":1776816000,"end_date":1776816000},"_links":{"self":[{"href":"https:\/\/www.visitbratislava.com\/de\/wp-json\/wp\/v2\/event\/435743"}],"collection":[{"href":"https:\/\/www.visitbratislava.com\/de\/wp-json\/wp\/v2\/event"}],"about":[{"href":"https:\/\/www.visitbratislava.com\/de\/wp-json\/wp\/v2\/types\/event"}],"version-history":[{"count":1,"href":"https:\/\/www.visitbratislava.com\/de\/wp-json\/wp\/v2\/event\/435743\/revisions"}],"predecessor-version":[{"id":435837,"href":"https:\/\/www.visitbratislava.com\/de\/wp-json\/wp\/v2\/event\/435743\/revisions\/435837"}],"wp:attachment":[{"href":"https:\/\/www.visitbratislava.com\/de\/wp-json\/wp\/v2\/media?parent=435743"}],"curies":[{"name":"wp","href":"https:\/\/api.w.org\/{rel}","templated":true}]}}

Večer s klavírom: Tadeáš Kašiak
