{"id":435831,"date":"2026-03-14T10:26:11","date_gmt":"2026-03-14T09:26:11","guid":{"rendered":"https:\/\/www.visitbratislava.com\/events\/spolu-s-umenim-dotyk-vnutra-2\/"},"modified":"2026-04-16T11:25:35","modified_gmt":"2026-04-16T09:25:35","slug":"spolu-s-umenim-dotyk-vnutra-2","status":"publish","type":"event","link":"https:\/\/www.visitbratislava.com\/de\/geschehen\/spolu-s-umenim-dotyk-vnutra-2\/","title":{"rendered":"Spolu s umen\u00edm: Dotyk vn\u00fatra"},"content":{"rendered":"<p><strong>Organizer&#8217;s text:<\/strong><\/p>\n<p>Come spend an inspiring time at the gallery for our regular program, \u201cTogether with Art\u201d! In April, we\u2019ll visit the exhibition \u201cPrunus persica\u201d by artist Katar\u00edna Bajkayov\u00e1 at the P\u00e1lffy Palace. We\u2019ll explore how the medium of ceramics can reflect themes of intimacy and femininity. The program\u2019s guests will include artist Katar\u00edna Bajkayov\u00e1, who will present her artistic concept in an interview, and sociologist M\u00e1ria Dud\u017e\u00e1kov\u00e1, who will speak about the role of women in contemporary society. The event will include intergenerational connection in the form of a discussion, community building, and coffee together at the Emil caf\u00e9.<\/p>\n<p>Guests: Katar\u00edna Bajkayov\u00e1, M\u00e1ria Dud\u017e\u00e1kov\u00e1<\/p>\n<p>Recommended age: 60+ and all other age groups, intergenerational character<\/p>\n<p>Additional info:<\/p>\n<ul>\n<li>Tickets are available online and at the P\u00e1lffy Palace box office.<\/li>\n<li>The number of seats is limited, so we recommend purchasing tickets in advance to secure your spot.<\/li>\n<li>Please arrive on time for the program. We will meet at 1:00 p.m. in the lobby of the P\u00e1lffy Palace.<\/li>\n<\/ul>\n","protected":false},"excerpt":{"rendered":"<p>Organizer&#8217;s text: Come spend an inspiring time at the gallery for our regular program, \u201cTogether with Art\u201d! In April, we\u2019ll visit the exhibition \u201cPrunus persica\u201d by artist Katar\u00edna Bajkayov\u00e1 at the P\u00e1lffy Palace. We\u2019ll explore how the medium of ceramics can reflect themes of intimacy and femininity. The program\u2019s guests will include artist Katar\u00edna Bajkayov\u00e1, [&hellip;]<\/p>\n","protected":false},"featured_media":0,"template":"","acf":[],"event_date":{"start_date":1776297600,"end_date":1776297600},"_links":{"self":[{"href":"https:\/\/www.visitbratislava.com\/de\/wp-json\/wp\/v2\/event\/435831"}],"collection":[{"href":"https:\/\/www.visitbratislava.com\/de\/wp-json\/wp\/v2\/event"}],"about":[{"href":"https:\/\/www.visitbratislava.com\/de\/wp-json\/wp\/v2\/types\/event"}],"version-history":[{"count":1,"href":"https:\/\/www.visitbratislava.com\/de\/wp-json\/wp\/v2\/event\/435831\/revisions"}],"predecessor-version":[{"id":435882,"href":"https:\/\/www.visitbratislava.com\/de\/wp-json\/wp\/v2\/event\/435831\/revisions\/435882"}],"wp:attachment":[{"href":"https:\/\/www.visitbratislava.com\/de\/wp-json\/wp\/v2\/media?parent=435831"}],"curies":[{"name":"wp","href":"https:\/\/api.w.org\/{rel}","templated":true}]}}

Spolu s umením: Dotyk vnútra

<p><strong>Organizer&#8217;s text:</strong></p>
<p>Come spend an inspiring time at the gallery for our regular program, “Together with Art”! In April, we’ll visit the exhibition “Prunus persica” by artist Katarína Bajkayová at the Pálffy Palace. We’ll explore how the medium of ceramics can reflect themes of intimacy and femininity. The program’s guests will include artist Katarína Bajkayová, who will present her artistic concept in an interview, and sociologist Mária Dudžáková, who will speak about the role of women in contemporary society. The event will include intergenerational connection in the form of a discussion, community building, and coffee together at the Emil café.</p>
<p>Guests: Katarína Bajkayová, Mária Dudžáková</p>
<p>Recommended age: 60+ and all other age groups, intergenerational character</p>
<p>Additional info:</p>
<ul>
<li>Tickets are available online and at the Pálffy Palace box office.</li>
<li>The number of seats is limited, so we recommend purchasing tickets in advance to secure your spot.</li>
<li>Please arrive on time for the program. We will meet at 1:00 p.m. in the lobby of the Pálffy Palace.</li>
</ul>

<p>Organizer&#8217;s text: Come spend an inspiring time at the gallery for our regular program, “Together with Art”! In April, we’ll visit the exhibition “Prunus persica” by artist Katarína Bajkayová at the Pálffy Palace. We’ll explore how the medium of ceramics can reflect themes of intimacy and femininity. The program’s guests will include artist Katarína Bajkayová, [&hellip;]</p>
