{"id":436329,"date":"2026-03-24T10:25:35","date_gmt":"2026-03-24T09:25:35","guid":{"rendered":"https:\/\/www.visitbratislava.com\/events\/maria-stranekova-material-memory-2\/"},"modified":"2026-04-26T11:25:32","modified_gmt":"2026-04-26T09:25:32","slug":"maria-stranekova-material-memory-2","status":"publish","type":"event","link":"https:\/\/www.visitbratislava.com\/de\/geschehen\/maria-stranekova-material-memory-2\/","title":{"rendered":"M\u00e1ria \u0160tranekov\u00e1: Material Memory"},"content":{"rendered":"","protected":false},"excerpt":{"rendered":"","protected":false},"featured_media":0,"template":"","acf":[],"event_date":{"start_date":1774569600,"end_date":1777420800},"_links":{"self":[{"href":"https:\/\/www.visitbratislava.com\/de\/wp-json\/wp\/v2\/event\/436329"}],"collection":[{"href":"https:\/\/www.visitbratislava.com\/de\/wp-json\/wp\/v2\/event"}],"about":[{"href":"https:\/\/www.visitbratislava.com\/de\/wp-json\/wp\/v2\/types\/event"}],"version-history":[{"count":1,"href":"https:\/\/www.visitbratislava.com\/de\/wp-json\/wp\/v2\/event\/436329\/revisions"}],"predecessor-version":[{"id":436397,"href":"https:\/\/www.visitbratislava.com\/de\/wp-json\/wp\/v2\/event\/436329\/revisions\/436397"}],"wp:attachment":[{"href":"https:\/\/www.visitbratislava.com\/de\/wp-json\/wp\/v2\/media?parent=436329"}],"curies":[{"name":"wp","href":"https:\/\/api.w.org\/{rel}","templated":true}]}}

Mária Štraneková: Material Memory
