{"id":437437,"date":"2026-04-08T11:25:36","date_gmt":"2026-04-08T09:25:36","guid":{"rendered":"https:\/\/www.visitbratislava.com\/events\/creative-morning-s-veronou-nemcovou-3\/"},"modified":"2026-04-10T11:25:37","modified_gmt":"2026-04-10T09:25:37","slug":"creative-morning-s-veronou-nemcovou-3","status":"publish","type":"event","link":"https:\/\/www.visitbratislava.com\/de\/geschehen\/creative-morning-s-veronou-nemcovou-3\/","title":{"rendered":"Creative Morning s Veronou N\u011bmcovou"},"content":{"rendered":"<p><strong>Veronika N\u011bmcov\u00e1 will speak about what drives her in life and in her work.<\/strong><\/p>\n<p>Veronika N\u011bmcov\u00e1 studied cultural studies. Until March 31, 2025, she served as director of Schaubmar\u2019s Mill in Pezinok, a branch of the Slovak National Gallery. She is part of an initiative involving mass resignations by SNG employees who left in protest against the institution\u2019s current unprofessional leadership. She is actively involved in the Open Culture! initiative, which aims to stop the devastating interventions by the leadership of the Ministry of Culture of the Slovak Republic into the cultural environment at all levels. She is currently focusing on art in public spaces as part of her doctoral studies at STU and serves as the producer for the Waiting Places project, which is part of the EHMK Tren\u010d\u00edn 2026 program.<\/p>\n<p>Registration is required on the <a href=\"https:\/\/creativemornings.com\/talks\/veronika-nemcova\">website<\/a>.<\/p>\n","protected":false},"excerpt":{"rendered":"<p>Veronika N\u011bmcov\u00e1 will speak about what drives her in life and in her work. Veronika N\u011bmcov\u00e1 studied cultural studies. Until March 31, 2025, she served as director of Schaubmar\u2019s Mill in Pezinok, a branch of the Slovak National Gallery. She is part of an initiative involving mass resignations by SNG employees who left in protest [&hellip;]<\/p>\n","protected":false},"featured_media":0,"template":"","acf":[],"event_date":{"start_date":1775779200,"end_date":1775779200},"_links":{"self":[{"href":"https:\/\/www.visitbratislava.com\/de\/wp-json\/wp\/v2\/event\/437437"}],"collection":[{"href":"https:\/\/www.visitbratislava.com\/de\/wp-json\/wp\/v2\/event"}],"about":[{"href":"https:\/\/www.visitbratislava.com\/de\/wp-json\/wp\/v2\/types\/event"}],"version-history":[{"count":1,"href":"https:\/\/www.visitbratislava.com\/de\/wp-json\/wp\/v2\/event\/437437\/revisions"}],"predecessor-version":[{"id":437605,"href":"https:\/\/www.visitbratislava.com\/de\/wp-json\/wp\/v2\/event\/437437\/revisions\/437605"}],"wp:attachment":[{"href":"https:\/\/www.visitbratislava.com\/de\/wp-json\/wp\/v2\/media?parent=437437"}],"curies":[{"name":"wp","href":"https:\/\/api.w.org\/{rel}","templated":true}]}}

Creative Morning s Veronou Němcovou

<p><strong>Veronika Němcová will speak about what drives her in life and in her work.</strong></p>
<p>Veronika Němcová studied cultural studies. Until March 31, 2025, she served as director of Schaubmar’s Mill in Pezinok, a branch of the Slovak National Gallery. She is part of an initiative involving mass resignations by SNG employees who left in protest against the institution’s current unprofessional leadership. She is actively involved in the Open Culture! initiative, which aims to stop the devastating interventions by the leadership of the Ministry of Culture of the Slovak Republic into the cultural environment at all levels. She is currently focusing on art in public spaces as part of her doctoral studies at STU and serves as the producer for the Waiting Places project, which is part of the EHMK Trenčín 2026 program.</p>
<p>Registration is required on the <a href="https://creativemornings.com/talks/veronika-nemcova">website</a>.</p>

<p>Veronika Němcová will speak about what drives her in life and in her work. Veronika Němcová studied cultural studies. Until March 31, 2025, she served as director of Schaubmar’s Mill in Pezinok, a branch of the Slovak National Gallery. She is part of an initiative involving mass resignations by SNG employees who left in protest [&hellip;]</p>
