{"id":437452,"date":"2026-04-08T11:25:42","date_gmt":"2026-04-08T09:25:42","guid":{"rendered":"https:\/\/www.visitbratislava.com\/events\/viera-kleinova-zachranit-alebo-vymazat-2\/"},"modified":"2026-04-15T11:25:35","modified_gmt":"2026-04-15T09:25:35","slug":"viera-kleinova-zachranit-alebo-vymazat-2","status":"publish","type":"event","link":"https:\/\/www.visitbratislava.com\/de\/geschehen\/viera-kleinova-zachranit-alebo-vymazat-2\/","title":{"rendered":"Viera Kleinov\u00e1: Zachr\u00e1ni\u0165 alebo vymaza\u0165?"},"content":{"rendered":"<p><strong>The Ceramic Practice of Juraj Martha and Jozef Su\u0161ienka in Public Spaces.<\/strong><\/p>\n<p>This lecture is a contribution to the public discourse on art in public spaces, which in recent years\u2014thanks to institutional and activist initiatives\u2014has undergone a dynamic shift toward the exploration, interpretation, preservation, and revitalization of this still \u201chot\u201d aspect of our cultural heritage. At the same time, it serves as an appeal and joins the efforts of colleagues from Bansk\u00e1 Bystrica and Hlohovec, who recently initiated the preservation of a large-scale and unique ceramic work\u2014Jozef Su\u0161ienka\u2019s Wall in the park near the SNP Memorial in Bansk\u00e1 Bystrica.<\/p>\n<p>A significant portion of the numerous works by Juraj Martha and Jozef Su\u0161ienka installed in public spaces is gradually becoming (or has already become) a victim of our persistently ambiguous and often dismissive attitude toward the modernist art, design, and architecture of real socialism. Their materiality is an additional problem. Is it just \u201cplaying with clay\u201d for us? Is the relationship to ceramics an argument for its long-term survival as a (non-)picturesque ruin?<\/p>\n<p>The lecture will explore how ceramics asserted themselves in the urban \u201cnature\u201d (J. Su\u0161ienka), as well as the arguments through which they negotiated their collaboration with architecture (J. Marth). It will ask where, how, and why the ceramic codes of these sculptors were transposed into the environments of, in particular, Bratislava, Hlohovec, Bansk\u00e1 Bystrica, and Pie\u0161\u0165any.<\/p>\n<p>Viera Kleinov\u00e1 is a design historian and curator. Until March 2025, she was the curator of the Design and Applied Arts Collections at the Slovak National Gallery (SNG) in Bratislava. She currently works at the Department of Art Theory and History at the Academy of Fine Arts and Design (V\u0160VU) in Bratislava. She has long been a collaborator and curator of the Bratislava Design Week International Festival. She focuses on research into the materiality of clay and is interested in the discourse and practice of material disciplines in the 20th century.<\/p>\n","protected":false},"excerpt":{"rendered":"<p>The Ceramic Practice of Juraj Martha and Jozef Su\u0161ienka in Public Spaces. This lecture is a contribution to the public discourse on art in public spaces, which in recent years\u2014thanks to institutional and activist initiatives\u2014has undergone a dynamic shift toward the exploration, interpretation, preservation, and revitalization of this still \u201chot\u201d aspect of our cultural heritage. [&hellip;]<\/p>\n","protected":false},"featured_media":0,"template":"","acf":[],"event_date":{"start_date":1776211200,"end_date":1776211200},"_links":{"self":[{"href":"https:\/\/www.visitbratislava.com\/de\/wp-json\/wp\/v2\/event\/437452"}],"collection":[{"href":"https:\/\/www.visitbratislava.com\/de\/wp-json\/wp\/v2\/event"}],"about":[{"href":"https:\/\/www.visitbratislava.com\/de\/wp-json\/wp\/v2\/types\/event"}],"version-history":[{"count":1,"href":"https:\/\/www.visitbratislava.com\/de\/wp-json\/wp\/v2\/event\/437452\/revisions"}],"predecessor-version":[{"id":437623,"href":"https:\/\/www.visitbratislava.com\/de\/wp-json\/wp\/v2\/event\/437452\/revisions\/437623"}],"wp:attachment":[{"href":"https:\/\/www.visitbratislava.com\/de\/wp-json\/wp\/v2\/media?parent=437452"}],"curies":[{"name":"wp","href":"https:\/\/api.w.org\/{rel}","templated":true}]}}

Viera Kleinová: Zachrániť alebo vymazať?

<p><strong>The Ceramic Practice of Juraj Martha and Jozef Sušienka in Public Spaces.</strong></p>
<p>This lecture is a contribution to the public discourse on art in public spaces, which in recent years—thanks to institutional and activist initiatives—has undergone a dynamic shift toward the exploration, interpretation, preservation, and revitalization of this still “hot” aspect of our cultural heritage. At the same time, it serves as an appeal and joins the efforts of colleagues from Banská Bystrica and Hlohovec, who recently initiated the preservation of a large-scale and unique ceramic work—Jozef Sušienka’s Wall in the park near the SNP Memorial in Banská Bystrica.</p>
<p>A significant portion of the numerous works by Juraj Martha and Jozef Sušienka installed in public spaces is gradually becoming (or has already become) a victim of our persistently ambiguous and often dismissive attitude toward the modernist art, design, and architecture of real socialism. Their materiality is an additional problem. Is it just “playing with clay” for us? Is the relationship to ceramics an argument for its long-term survival as a (non-)picturesque ruin?</p>
<p>The lecture will explore how ceramics asserted themselves in the urban “nature” (J. Sušienka), as well as the arguments through which they negotiated their collaboration with architecture (J. Marth). It will ask where, how, and why the ceramic codes of these sculptors were transposed into the environments of, in particular, Bratislava, Hlohovec, Banská Bystrica, and Piešťany.</p>
<p>Viera Kleinová is a design historian and curator. Until March 2025, she was the curator of the Design and Applied Arts Collections at the Slovak National Gallery (SNG) in Bratislava. She currently works at the Department of Art Theory and History at the Academy of Fine Arts and Design (VŠVU) in Bratislava. She has long been a collaborator and curator of the Bratislava Design Week International Festival. She focuses on research into the materiality of clay and is interested in the discourse and practice of material disciplines in the 20th century.</p>

<p>The Ceramic Practice of Juraj Martha and Jozef Sušienka in Public Spaces. This lecture is a contribution to the public discourse on art in public spaces, which in recent years—thanks to institutional and activist initiatives—has undergone a dynamic shift toward the exploration, interpretation, preservation, and revitalization of this still “hot” aspect of our cultural heritage. [&hellip;]</p>
