{"id":44065,"date":"2018-06-15T09:45:48","date_gmt":"2018-06-15T07:45:48","guid":{"rendered":"https:\/\/www.visitbratislava.com\/?post_type=event&#038;p=44065\/"},"modified":"2025-06-25T11:12:12","modified_gmt":"2025-06-25T09:12:12","slug":"zeitgemaesses-picknick","status":"publish","type":"event","link":"https:\/\/www.visitbratislava.com\/de\/geschehen\/zeitgemaesses-picknick\/","title":{"rendered":"Zeitgem\u00e4\u00dfes Picknick in Bratislava"},"content":{"rendered":"<p>Decken von der Oma, Picknickk\u00f6rbe, Thermokanne mit Kaffee, Federball oder Tonkugeln (Murmeln). F\u00fcr viele von uns schon lang vergessene Nostalgie der Vergangenheit, als wir noch \u201egenug Zeit\u201c hatten. Und gerade in der Zeit zur\u00fcckkehren m\u00f6chten die Organisatoren des zweiten <strong>zeitgem\u00e4\u00dfen Picknicks in Bratislava<\/strong>, das in die Zeit der ersten H\u00e4lfte des vorigen Jahrhunderts versetzt wurde, in die \u00e4lteste \u00f6ffentliche Parkanlage in Mitteleuropa, Sad Janka Kr\u00e1\u013ea.<\/p>\n<p>Im bunten Flackern von Schatten und Sonne kann man die Augen schlie\u00dfen und Musik aus dieser Zeit lauschen \u2013 von C. und k. Orchester, Traditional &amp; Revival Band und Fats Jazz Band. Mit Familie, Freunden und Liebsten k\u00f6nnen Sie den Tag als bewegendes Foto, basierend auf einem alten Buch, genie\u00dfen, auf dem alle gl\u00fccklich sind und l\u00e4cheln.<\/p>\n<p>Au\u00dferdem wird es <strong>Handwerksvorf\u00fchrungen, eine Modenschau der Ersten Republik, einen Tanzworkshop, ein Spielzimmer f\u00fcr Kinder sowie St\u00e4nde mit Delikatessen und handgefertigten Produkten geben.<\/strong><\/p>\n<p><strong>\ud83e\uddd1\ud83c\udffc\u200d\ud83e\uddbd Barrierefreier Zugang<\/strong><br \/>\n<strong>\ud83d\udcb5 freier Eintritt<\/strong><\/p>\n<div class=\"grid-container\"><div class=\"grid-container__item\"><div class=\"block\"><a href=\"https:\/\/www.visitbratislava.com\/wp-content\/uploads\/2018\/06\/BDP-800x533.jpg\" data-fancybox=\"gallery\" data-caption=\"\"><div class=\"background\"><img src=\"https:\/\/www.visitbratislava.com\/wp-content\/uploads\/2018\/06\/BDP-800x533.jpg\" alt=\"foto\"\/><\/div><div class=\"overlay filter-blue\"><div class=\"content\"><span class=\"zoom-button\"><\/span><\/div><\/div><\/a><\/div><\/div><div class=\"grid-container__item\"><div class=\"block\"><a href=\"https:\/\/www.visitbratislava.com\/wp-content\/uploads\/2018\/06\/bdp-piknik-800x533.jpg\" data-fancybox=\"gallery\" data-caption=\"\"><div class=\"background\" style=\"background-image: url(https:\/\/www.visitbratislava.com\/wp-content\/uploads\/2018\/06\/bdp-piknik-800x533.jpg)\"><\/div><div class=\"overlay filter-green\"><div class=\"content\"><span class=\"zoom-button\"><\/span><\/div><\/div><\/a><\/div><\/div><div class=\"grid-container__item\"><div class=\"block\" ><a href=\"https:\/\/www.visitbratislava.com\/wp-content\/uploads\/2018\/06\/dobovy-piknik-sad-plavky-800x450.jpg\" data-fancybox=\"gallery\" data-caption=\"\"><div class=\"background\" style=\"background-image: url(https:\/\/www.visitbratislava.com\/wp-content\/uploads\/2018\/06\/dobovy-piknik-sad-plavky-800x450.jpg)\"><\/div><div class=\"overlay filter-orange\"><div class=\"content\"><span class=\"zoom-button\"><\/span><\/div><\/div><\/a><\/div><\/div><div class=\"grid-container__item\"><div class=\"block\"><a href=\"https:\/\/www.visitbratislava.com\/wp-content\/uploads\/2018\/06\/dobovy-800x533.jpg\" data-fancybox=\"gallery\" data-caption=\"\"><div class=\"background\" style=\"background-image: url(https:\/\/www.visitbratislava.com\/wp-content\/uploads\/2018\/06\/dobovy-800x533.jpg)\"><\/div><div class=\"overlay filter-purple\"><div class=\"content\"><span class=\"zoom-button\"><\/span><\/div><\/div><\/a><\/div><\/div><div class=\"grid-container__item more\"><\/div><\/div>\n","protected":false},"excerpt":{"rendered":"<p>Liebhaber von Geschichte und stilvoller Kleidung aus der Zeit von 1900 bis 1950 werden wieder ihre bunten Decken und Picknickk\u00f6rbe auf den gr\u00fcnen Wiesen des \u00e4ltesten Parks Mitteleuropas ausbreiten.<\/p>\n","protected":false},"featured_media":293673,"template":"","acf":[],"event_date":{"start_date":1751760000,"end_date":1751760000},"_links":{"self":[{"href":"https:\/\/www.visitbratislava.com\/de\/wp-json\/wp\/v2\/event\/44065"}],"collection":[{"href":"https:\/\/www.visitbratislava.com\/de\/wp-json\/wp\/v2\/event"}],"about":[{"href":"https:\/\/www.visitbratislava.com\/de\/wp-json\/wp\/v2\/types\/event"}],"version-history":[{"count":6,"href":"https:\/\/www.visitbratislava.com\/de\/wp-json\/wp\/v2\/event\/44065\/revisions"}],"predecessor-version":[{"id":341457,"href":"https:\/\/www.visitbratislava.com\/de\/wp-json\/wp\/v2\/event\/44065\/revisions\/341457"}],"wp:featuredmedia":[{"embeddable":true,"href":"https:\/\/www.visitbratislava.com\/de\/wp-json\/wp\/v2\/media\/293673"}],"wp:attachment":[{"href":"https:\/\/www.visitbratislava.com\/de\/wp-json\/wp\/v2\/media?parent=44065"}],"curies":[{"name":"wp","href":"https:\/\/api.w.org\/{rel}","templated":true}]}}

Zeitgemäßes Picknick in Bratislava

<p>Decken von der Oma, Picknickkörbe, Thermokanne mit Kaffee, Federball oder Tonkugeln (Murmeln). Für viele von uns schon lang vergessene Nostalgie der Vergangenheit, als wir noch „genug Zeit“ hatten. Und gerade in der Zeit zurückkehren möchten die Organisatoren des zweiten <strong>zeitgemäßen Picknicks in Bratislava</strong>, das in die Zeit der ersten Hälfte des vorigen Jahrhunderts versetzt wurde, in die älteste öffentliche Parkanlage in Mitteleuropa, Sad Janka Kráľa.</p>
<p>Im bunten Flackern von Schatten und Sonne kann man die Augen schließen und Musik aus dieser Zeit lauschen – von C. und k. Orchester, Traditional &amp; Revival Band und Fats Jazz Band. Mit Familie, Freunden und Liebsten können Sie den Tag als bewegendes Foto, basierend auf einem alten Buch, genießen, auf dem alle glücklich sind und lächeln.</p>
<p>Außerdem wird es <strong>Handwerksvorführungen, eine Modenschau der Ersten Republik, einen Tanzworkshop, ein Spielzimmer für Kinder sowie Stände mit Delikatessen und handgefertigten Produkten geben.</strong></p>
<p><strong>🧑🏼‍🦽 Barrierefreier Zugang</strong><br />
<strong>💵 freier Eintritt</strong></p>
<div class="grid-container"><div class="grid-container__item"><div class="block"><a href="https://www.visitbratislava.com/wp-content/uploads/2018/06/BDP-800x533.jpg" data-fancybox="gallery" data-caption=""><div class="background"><img src="https://www.visitbratislava.com/wp-content/uploads/2018/06/BDP-800x533.jpg" alt="foto"/></div><div class="overlay filter-blue"><div class="content"><span class="zoom-button"></span></div></div></a></div></div><div class="grid-container__item"><div class="block"><a href="https://www.visitbratislava.com/wp-content/uploads/2018/06/bdp-piknik-800x533.jpg" data-fancybox="gallery" data-caption=""><div class="background" style="background-image: url(https://www.visitbratislava.com/wp-content/uploads/2018/06/bdp-piknik-800x533.jpg)"></div><div class="overlay filter-green"><div class="content"><span class="zoom-button"></span></div></div></a></div></div><div class="grid-container__item"><div class="block" ><a href="https://www.visitbratislava.com/wp-content/uploads/2018/06/dobovy-piknik-sad-plavky-800x450.jpg" data-fancybox="gallery" data-caption=""><div class="background" style="background-image: url(https://www.visitbratislava.com/wp-content/uploads/2018/06/dobovy-piknik-sad-plavky-800x450.jpg)"></div><div class="overlay filter-orange"><div class="content"><span class="zoom-button"></span></div></div></a></div></div><div class="grid-container__item"><div class="block"><a href="https://www.visitbratislava.com/wp-content/uploads/2018/06/dobovy-800x533.jpg" data-fancybox="gallery" data-caption=""><div class="background" style="background-image: url(https://www.visitbratislava.com/wp-content/uploads/2018/06/dobovy-800x533.jpg)"></div><div class="overlay filter-purple"><div class="content"><span class="zoom-button"></span></div></div></a></div></div><div class="grid-container__item more"></div></div>

<p>Liebhaber von Geschichte und stilvoller Kleidung aus der Zeit von 1900 bis 1950 werden wieder ihre bunten Decken und Picknickkörbe auf den grünen Wiesen des ältesten Parks Mitteleuropas ausbreiten.</p>
