{"id":459686,"date":"2026-08-08T11:28:12","date_gmt":"2026-08-08T09:28:12","guid":{"rendered":"https:\/\/www.visitbratislava.com\/events\/jesenny-dobry-trh-2\/"},"modified":"2026-09-02T11:28:11","modified_gmt":"2026-09-02T09:28:11","slug":"jesenny-dobry-trh-2","status":"publish","type":"event","link":"https:\/\/www.visitbratislava.com\/de\/geschehen\/jesenny-dobry-trh-2\/","title":{"rendered":"Jesenn\u00fd Dobr\u00fd trh"},"content":{"rendered":"<p><strong>This autumn, the Dobr\u00fd trh will take place on Saturday 19 September in the Panensk\u00e1 neighbourhood.<\/strong><\/p>\n<p>This year\u2019s theme for the Dobr\u00fd trh is Neighbourhood Parade. Get your masks, stories and a proper parade ready. Last year, we learnt about the art of living together; this year, that will be transformed into collaborative creation. Neighbourhood Parade brings together the people, places and stories of the neighbourhood. It\u2019s an invitation to get involved, create and get to know your neighbourhood.<\/p>\n<p>The September Good Market can be visited not only on Panensk\u00e1 Street but also on L\u00fdcejn\u00e1, Konventn\u00e1 and Podjavorinsk\u00e1 Streets, whilst the day\u2019s programme will also include events at the Old Lyceum.<br \/>\nFrom 10:00 to 17:00, visitors can look forward to:<\/p>\n<ul>\n<li>Market stallholders<\/li>\n<li>Accompanying activities<\/li>\n<li>The Children\u2019s Good Market<\/li>\n<li>A play street<\/li>\n<li>Discussions<\/li>\n<li>Concerts<\/li>\n<li>Children\u2019s theatre performances<\/li>\n<li>A community street<\/li>\n<li>Presentations of activities by non-profit organisations<\/li>\n<\/ul>\n<p>The programme will also take place in neighbouring premises and courtyards.<\/p>\n","protected":false},"excerpt":{"rendered":"<p>This autumn, the Dobr\u00fd trh will take place on Saturday 19 September in the Panensk\u00e1 neighbourhood. This year\u2019s theme for the Dobr\u00fd trh is Neighbourhood Parade. Get your masks, stories and a proper parade ready. Last year, we learnt about the art of living together; this year, that will be transformed into collaborative creation. Neighbourhood [&hellip;]<\/p>\n","protected":false},"featured_media":0,"template":"","acf":[],"event_date":{"start_date":1789776000,"end_date":1789776000},"_links":{"self":[{"href":"https:\/\/www.visitbratislava.com\/de\/wp-json\/wp\/v2\/event\/459686"}],"collection":[{"href":"https:\/\/www.visitbratislava.com\/de\/wp-json\/wp\/v2\/event"}],"about":[{"href":"https:\/\/www.visitbratislava.com\/de\/wp-json\/wp\/v2\/types\/event"}],"version-history":[{"count":1,"href":"https:\/\/www.visitbratislava.com\/de\/wp-json\/wp\/v2\/event\/459686\/revisions"}],"predecessor-version":[{"id":459700,"href":"https:\/\/www.visitbratislava.com\/de\/wp-json\/wp\/v2\/event\/459686\/revisions\/459700"}],"wp:attachment":[{"href":"https:\/\/www.visitbratislava.com\/de\/wp-json\/wp\/v2\/media?parent=459686"}],"curies":[{"name":"wp","href":"https:\/\/api.w.org\/{rel}","templated":true}]}}

Jesenný Dobrý trh

<p><strong>This autumn, the Dobrý trh will take place on Saturday 19 September in the Panenská neighbourhood.</strong></p>
<p>This year’s theme for the Dobrý trh is Neighbourhood Parade. Get your masks, stories and a proper parade ready. Last year, we learnt about the art of living together; this year, that will be transformed into collaborative creation. Neighbourhood Parade brings together the people, places and stories of the neighbourhood. It’s an invitation to get involved, create and get to know your neighbourhood.</p>
<p>The September Good Market can be visited not only on Panenská Street but also on Lýcejná, Konventná and Podjavorinská Streets, whilst the day’s programme will also include events at the Old Lyceum.<br />
From 10:00 to 17:00, visitors can look forward to:</p>
<ul>
<li>Market stallholders</li>
<li>Accompanying activities</li>
<li>The Children’s Good Market</li>
<li>A play street</li>
<li>Discussions</li>
<li>Concerts</li>
<li>Children’s theatre performances</li>
<li>A community street</li>
<li>Presentations of activities by non-profit organisations</li>
</ul>
<p>The programme will also take place in neighbouring premises and courtyards.</p>

<p>This autumn, the Dobrý trh will take place on Saturday 19 September in the Panenská neighbourhood. This year’s theme for the Dobrý trh is Neighbourhood Parade. Get your masks, stories and a proper parade ready. Last year, we learnt about the art of living together; this year, that will be transformed into collaborative creation. Neighbourhood [&hellip;]</p>
