{"id":460214,"date":"2026-08-27T11:27:54","date_gmt":"2026-08-27T09:27:54","guid":{"rendered":"https:\/\/www.visitbratislava.com\/events\/komentovana-prehliadka-vystavy-verime-v-hlinu-2\/"},"modified":"2026-08-31T11:27:37","modified_gmt":"2026-08-31T09:27:37","slug":"komentovana-prehliadka-vystavy-verime-v-hlinu-2","status":"publish","type":"event","link":"https:\/\/www.visitbratislava.com\/de\/geschehen\/komentovana-prehliadka-vystavy-verime-v-hlinu-2\/","title":{"rendered":"Komentovan\u00e1 prehliadka v\u00fdstavy Ver\u00edme v hlinu"},"content":{"rendered":"<p><strong>A guided tour of the exhibition We Believe in Clay at the Pistori Palace, featuring curator Ivana Monc\u013eov\u00e1 and the artists Linda Vikov\u00e1 and Simona Jani\u0161ov\u00e1.<\/strong><\/p>\n<p>This exhibition of professional female artists working with ceramics, porcelain and fireclay charts their shared and individual artistic journeys, ranging from functional to fine art.<\/p>\n<p>The exhibition was supported by the Fund for the Support of the Arts.<\/p>\n","protected":false},"excerpt":{"rendered":"<p>A guided tour of the exhibition We Believe in Clay at the Pistori Palace, featuring curator Ivana Monc\u013eov\u00e1 and the artists Linda Vikov\u00e1 and Simona Jani\u0161ov\u00e1. This exhibition of professional female artists working with ceramics, porcelain and fireclay charts their shared and individual artistic journeys, ranging from functional to fine art. The exhibition was supported [&hellip;]<\/p>\n","protected":false},"featured_media":0,"template":"","acf":[],"event_date":{"start_date":1790380800,"end_date":1790380800},"_links":{"self":[{"href":"https:\/\/www.visitbratislava.com\/de\/wp-json\/wp\/v2\/event\/460214"}],"collection":[{"href":"https:\/\/www.visitbratislava.com\/de\/wp-json\/wp\/v2\/event"}],"about":[{"href":"https:\/\/www.visitbratislava.com\/de\/wp-json\/wp\/v2\/types\/event"}],"version-history":[{"count":1,"href":"https:\/\/www.visitbratislava.com\/de\/wp-json\/wp\/v2\/event\/460214\/revisions"}],"predecessor-version":[{"id":460260,"href":"https:\/\/www.visitbratislava.com\/de\/wp-json\/wp\/v2\/event\/460214\/revisions\/460260"}],"wp:attachment":[{"href":"https:\/\/www.visitbratislava.com\/de\/wp-json\/wp\/v2\/media?parent=460214"}],"curies":[{"name":"wp","href":"https:\/\/api.w.org\/{rel}","templated":true}]}}

Komentovaná prehliadka výstavy Veríme v hlinu

<p><strong>A guided tour of the exhibition We Believe in Clay at the Pistori Palace, featuring curator Ivana Moncľová and the artists Linda Viková and Simona Janišová.</strong></p>
<p>This exhibition of professional female artists working with ceramics, porcelain and fireclay charts their shared and individual artistic journeys, ranging from functional to fine art.</p>
<p>The exhibition was supported by the Fund for the Support of the Arts.</p>

<p>A guided tour of the exhibition We Believe in Clay at the Pistori Palace, featuring curator Ivana Moncľová and the artists Linda Viková and Simona Janišová. This exhibition of professional female artists working with ceramics, porcelain and fireclay charts their shared and individual artistic journeys, ranging from functional to fine art. The exhibition was supported [&hellip;]</p>
