{"id":460413,"date":"2026-09-01T11:27:40","date_gmt":"2026-09-01T09:27:40","guid":{"rendered":"https:\/\/www.visitbratislava.com\/events\/kuratorska-prehliadka-vystavy-polycefalia-symbolu-2\/"},"modified":"2026-09-02T11:28:01","modified_gmt":"2026-09-02T09:28:01","slug":"kuratorska-prehliadka-vystavy-polycefalia-symbolu-2","status":"publish","type":"event","link":"https:\/\/www.visitbratislava.com\/de\/geschehen\/kuratorska-prehliadka-vystavy-polycefalia-symbolu-2\/","title":{"rendered":"Kur\u00e1torsk\u00e1 prehliadka v\u00fdstavy Polycef\u00e1lia symbolu"},"content":{"rendered":"","protected":false},"excerpt":{"rendered":"","protected":false},"featured_media":0,"template":"","acf":[],"event_date":{"start_date":1788998400,"end_date":1788998400},"_links":{"self":[{"href":"https:\/\/www.visitbratislava.com\/de\/wp-json\/wp\/v2\/event\/460413"}],"collection":[{"href":"https:\/\/www.visitbratislava.com\/de\/wp-json\/wp\/v2\/event"}],"about":[{"href":"https:\/\/www.visitbratislava.com\/de\/wp-json\/wp\/v2\/types\/event"}],"version-history":[{"count":1,"href":"https:\/\/www.visitbratislava.com\/de\/wp-json\/wp\/v2\/event\/460413\/revisions"}],"predecessor-version":[{"id":460519,"href":"https:\/\/www.visitbratislava.com\/de\/wp-json\/wp\/v2\/event\/460413\/revisions\/460519"}],"wp:attachment":[{"href":"https:\/\/www.visitbratislava.com\/de\/wp-json\/wp\/v2\/media?parent=460413"}],"curies":[{"name":"wp","href":"https:\/\/api.w.org\/{rel}","templated":true}]}}

Kurátorská prehliadka výstavy Polycefália symbolu
