{"id":4812,"date":"2015-05-06T11:33:51","date_gmt":"2015-05-06T09:33:51","guid":{"rendered":"http:\/\/www.visitbratislava.com\/?post_type=event&#038;p=4812"},"modified":"2024-09-27T12:00:25","modified_gmt":"2024-09-27T10:00:25","slug":"bratislava-design-week","status":"publish","type":"event","link":"https:\/\/www.visitbratislava.com\/de\/geschehen\/bratislava-design-week\/","title":{"rendered":"Bratislava Design Week 2024"},"content":{"rendered":"<p><strong>Das Thema des Festivals lautet &#8222;Beziehungen&#8220;, das in einem weiteren Sinne und durch verschiedene Designprojekte verfolgt wird<\/strong>. Beziehungen sind manchmal offensichtlich und manchmal versteckt. Sie k\u00f6nnen uns definieren, uns voranbringen oder zerst\u00f6ren. Sie \u00f6ffnen T\u00fcren und erziehen, sie ver\u00e4ndern uns.<\/p>\n<p><strong>Der Hauptsitz des Festivals befindet sich im Kaufhaus OD Prior und auf dem Kamenn\u00e9 n\u00e1mestie (Steinplatz) vor dem OD Prior<\/strong>. In der zweiten Etage finden Sie eine Auswahl von Pers\u00f6nlichkeiten und Werken des zeitgen\u00f6ssischen europ\u00e4ischen Designs (IT, FR, CH, CZ, AT, UA, PL, HU, NL) sowie Werke, die direkt f\u00fcr BADW unter dem kuratorischen Konzept von Damian Cehl\u00e1rik geschaffen wurden. Dar\u00fcber hinaus wird eine gro\u00dfe Ausstellung mit Arbeiten von Designern, Gestaltern und Designschulen gezeigt, die im Rahmen eines offenen Aufrufs ausgew\u00e4hlt wurden.<\/p>\n<p>Im zweiten Hauptquartier, <strong>in den R\u00e4umlichkeiten der St\u00e4dtischen Galerie Bratislava im Mirbach-Palast<\/strong>, wird die Ausstellung Expedition D pr\u00e4sentiert, die Arbeiten und Kollaborationen im slowakischen Design in einer Vielzahl von materiellen und konzeptionellen Ausf\u00fchrungen vorstellt &#8211; Sylvia Jokelov\u00e1 und Jana Hojstri\u010dov\u00e1, Vnem, Sebastian Kom\u00e1\u010dek, Erika Remencova und IOKO, Sylvia Sukopov\u00e1, Erik Vr\u00e1bel, Lucia \u017didek Gamanov\u00e1, Crafting Plastic! und andere.<\/p>\n<p>In der Ausgabe Masters of Slovak Design pr\u00e4sentiert BADW das Werk des Barden des slowakischen Designs Karol Weisslechner aus den sp\u00e4ten 1980er und 1990er Jahren.<\/p>\n<p><a href=\"http:\/\/www.badw.sk\">Das vollst\u00e4ndige Programm folgt in K\u00fcrze<\/a>.<\/p>\n<p><img loading=\"lazy\" width=\"1921\" height=\"1081\" class=\"alignnone size-full wp-image-311351\" src=\"https:\/\/www.visitbratislava.com\/wp-content\/uploads\/2015\/04\/460441485_1058456632951540_6297178729227970436_n.jpg\" alt=\"\" srcset=\"https:\/\/www.visitbratislava.com\/wp-content\/uploads\/2015\/04\/460441485_1058456632951540_6297178729227970436_n.jpg 1921w, https:\/\/www.visitbratislava.com\/wp-content\/uploads\/2015\/04\/460441485_1058456632951540_6297178729227970436_n-400x225.jpg 400w, https:\/\/www.visitbratislava.com\/wp-content\/uploads\/2015\/04\/460441485_1058456632951540_6297178729227970436_n-800x450.jpg 800w, https:\/\/www.visitbratislava.com\/wp-content\/uploads\/2015\/04\/460441485_1058456632951540_6297178729227970436_n-768x432.jpg 768w, https:\/\/www.visitbratislava.com\/wp-content\/uploads\/2015\/04\/460441485_1058456632951540_6297178729227970436_n-1536x864.jpg 1536w, https:\/\/www.visitbratislava.com\/wp-content\/uploads\/2015\/04\/460441485_1058456632951540_6297178729227970436_n-200x113.jpg 200w\" sizes=\"(max-width: 1921px) 100vw, 1921px\" \/><\/p>\n","protected":false},"excerpt":{"rendered":"<p>Das gr\u00f6\u00dfte internationale Festival f\u00fcr zeitgen\u00f6ssisches Design in der Slowakei findet dieses Jahr vom 16. bis 20. Oktober statt. Der Hauptsitz seiner 15. Ausgabe wird im Kaufhaus OD PRIOR auf dem Kamenn\u00e9-Platz, in der Dauerausstellung der Barocksammlung im Mirbach-Palast der St\u00e4dtischen Galerie Bratislava und an anderen ausgew\u00e4hlten Orten in der Altstadt sein.<\/p>\n","protected":false},"featured_media":311357,"template":"","acf":[],"event_date":{"start_date":1729036800,"end_date":1729382400},"_links":{"self":[{"href":"https:\/\/www.visitbratislava.com\/de\/wp-json\/wp\/v2\/event\/4812"}],"collection":[{"href":"https:\/\/www.visitbratislava.com\/de\/wp-json\/wp\/v2\/event"}],"about":[{"href":"https:\/\/www.visitbratislava.com\/de\/wp-json\/wp\/v2\/types\/event"}],"version-history":[{"count":3,"href":"https:\/\/www.visitbratislava.com\/de\/wp-json\/wp\/v2\/event\/4812\/revisions"}],"predecessor-version":[{"id":311376,"href":"https:\/\/www.visitbratislava.com\/de\/wp-json\/wp\/v2\/event\/4812\/revisions\/311376"}],"wp:featuredmedia":[{"embeddable":true,"href":"https:\/\/www.visitbratislava.com\/de\/wp-json\/wp\/v2\/media\/311357"}],"wp:attachment":[{"href":"https:\/\/www.visitbratislava.com\/de\/wp-json\/wp\/v2\/media?parent=4812"}],"curies":[{"name":"wp","href":"https:\/\/api.w.org\/{rel}","templated":true}]}}

<p><strong>Das Thema des Festivals lautet &#8222;Beziehungen&#8220;, das in einem weiteren Sinne und durch verschiedene Designprojekte verfolgt wird</strong>. Beziehungen sind manchmal offensichtlich und manchmal versteckt. Sie können uns definieren, uns voranbringen oder zerstören. Sie öffnen Türen und erziehen, sie verändern uns.</p>
<p><strong>Der Hauptsitz des Festivals befindet sich im Kaufhaus OD Prior und auf dem Kamenné námestie (Steinplatz) vor dem OD Prior</strong>. In der zweiten Etage finden Sie eine Auswahl von Persönlichkeiten und Werken des zeitgenössischen europäischen Designs (IT, FR, CH, CZ, AT, UA, PL, HU, NL) sowie Werke, die direkt für BADW unter dem kuratorischen Konzept von Damian Cehlárik geschaffen wurden. Darüber hinaus wird eine große Ausstellung mit Arbeiten von Designern, Gestaltern und Designschulen gezeigt, die im Rahmen eines offenen Aufrufs ausgewählt wurden.</p>
<p>Im zweiten Hauptquartier, <strong>in den Räumlichkeiten der Städtischen Galerie Bratislava im Mirbach-Palast</strong>, wird die Ausstellung Expedition D präsentiert, die Arbeiten und Kollaborationen im slowakischen Design in einer Vielzahl von materiellen und konzeptionellen Ausführungen vorstellt &#8211; Sylvia Jokelová und Jana Hojstričová, Vnem, Sebastian Komáček, Erika Remencova und IOKO, Sylvia Sukopová, Erik Vrábel, Lucia Židek Gamanová, Crafting Plastic! und andere.</p>
<p>In der Ausgabe Masters of Slovak Design präsentiert BADW das Werk des Barden des slowakischen Designs Karol Weisslechner aus den späten 1980er und 1990er Jahren.</p>
<p><a href="http://www.badw.sk">Das vollständige Programm folgt in Kürze</a>.</p>
<p><img loading="lazy" width="1921" height="1081" class="alignnone size-full wp-image-311351" src="https://www.visitbratislava.com/wp-content/uploads/2015/04/460441485_1058456632951540_6297178729227970436_n.jpg" alt="" srcset="https://www.visitbratislava.com/wp-content/uploads/2015/04/460441485_1058456632951540_6297178729227970436_n.jpg 1921w, https://www.visitbratislava.com/wp-content/uploads/2015/04/460441485_1058456632951540_6297178729227970436_n-400x225.jpg 400w, https://www.visitbratislava.com/wp-content/uploads/2015/04/460441485_1058456632951540_6297178729227970436_n-800x450.jpg 800w, https://www.visitbratislava.com/wp-content/uploads/2015/04/460441485_1058456632951540_6297178729227970436_n-768x432.jpg 768w, https://www.visitbratislava.com/wp-content/uploads/2015/04/460441485_1058456632951540_6297178729227970436_n-1536x864.jpg 1536w, https://www.visitbratislava.com/wp-content/uploads/2015/04/460441485_1058456632951540_6297178729227970436_n-200x113.jpg 200w" sizes="(max-width: 1921px) 100vw, 1921px" /></p>

<p>Das größte internationale Festival für zeitgenössisches Design in der Slowakei findet dieses Jahr vom 16. bis 20. Oktober statt. Der Hauptsitz seiner 15. Ausgabe wird im Kaufhaus OD PRIOR auf dem Kamenné-Platz, in der Dauerausstellung der Barocksammlung im Mirbach-Palast der Städtischen Galerie Bratislava und an anderen ausgewählten Orten in der Altstadt sein.</p>
