{"id":60589,"date":"2019-06-04T09:48:58","date_gmt":"2019-06-04T07:48:58","guid":{"rendered":"https:\/\/www.visitbratislava.com\/?post_type=event&#038;p=60589\/"},"modified":"2025-06-02T10:52:24","modified_gmt":"2025-06-02T08:52:24","slug":"mittelalter-im-park","status":"publish","type":"event","link":"https:\/\/www.visitbratislava.com\/de\/geschehen\/mittelalter-im-park\/","title":{"rendered":"Mittelalter im Park"},"content":{"rendered":"<p>Verpassen Sie Mitte Juni nicht das Fest der verschiedenen historischen Epochen vom X. bis zum XIV. Jahrhundert. Sie werden Mitglieder historischer Gruppen in <strong>historischen Kost\u00fcmen, Repliken von Waffen, R\u00fcstungen, historischen M\u00f6beln oder Handwerksausr\u00fcstung<\/strong> sehen.<strong> Fechtduelle, Theaterauff\u00fchrungen oder Verkostungen von historischen Gerichten<\/strong> erwarten Sie. Es fehlt nicht das <strong>Tournier der Gefolgen, Tournier der Bogensch\u00fctzen oder die Zeitmodenschau<\/strong>.<\/p>\n<p>Mittelalter im Park bringt zeitgem\u00e4\u00dfes Lager und<strong> Handwerke, Auftritte der Fechter, Kinderarena, Tanz- und Musikauftritte<\/strong>. Das historische Lager wird f\u00fcr die Besucher des Parks Sad Janka Kr\u00e1\u013ea schon von 9.00 Uhr zug\u00e4nglich, wo sie sich die einzelnen Gruppierungen der Fechter anschauen k\u00f6nnen. Zur Verf\u00fcgung stehen auch Teile der Bewaffnung und Schwerter, deren Gewicht die Besucher probieren k\u00f6nnen.<\/p>\n<h3 data-start=\"1201\" data-end=\"1233\">\ud83d\udee1\ufe0f <em data-start=\"1209\" data-end=\"1233\">Programm auf der Wiese<\/em><\/h3>\n<ul data-start=\"1234\" data-end=\"1822\">\n<li data-start=\"1234\" data-end=\"1271\">\n<p data-start=\"1236\" data-end=\"1271\"><strong data-start=\"1236\" data-end=\"1244\">9:00<\/strong> \u2013 Historische Modenschau<\/p>\n<\/li>\n<li data-start=\"1272\" data-end=\"1329\">\n<p data-start=\"1274\" data-end=\"1329\"><strong data-start=\"1274\" data-end=\"1283\">10:00<\/strong> \u2013 Turnier der leichten und schweren K\u00e4mpfer<\/p>\n<\/li>\n<li data-start=\"1330\" data-end=\"1410\">\n<p data-start=\"1332\" data-end=\"1410\"><strong data-start=\"1332\" data-end=\"1341\">12:00<\/strong> \u2013 In vino veritas \u2013 Fechtvorf\u00fchrung (Bruderschaft des Hl. Galahad)<\/p>\n<\/li>\n<li data-start=\"1411\" data-end=\"1462\">\n<p data-start=\"1413\" data-end=\"1462\"><strong data-start=\"1413\" data-end=\"1422\">13:00<\/strong> \u2013 Mittelalterliche T\u00e4nze (Galthilion)<\/p>\n<\/li>\n<li data-start=\"1463\" data-end=\"1493\">\n<p data-start=\"1465\" data-end=\"1493\"><strong data-start=\"1465\" data-end=\"1474\">14:00<\/strong> \u2013 Gruppenturnier<\/p>\n<\/li>\n<li data-start=\"1494\" data-end=\"1535\">\n<p data-start=\"1496\" data-end=\"1535\"><strong data-start=\"1496\" data-end=\"1505\">15:00<\/strong> \u2013 Turnier des Hl. Ladislaus<\/p>\n<\/li>\n<li data-start=\"1536\" data-end=\"1597\">\n<p data-start=\"1538\" data-end=\"1597\"><strong data-start=\"1538\" data-end=\"1547\">16:00<\/strong> \u2013 Nachstellung einer mittelalterlichen Schlacht<\/p>\n<\/li>\n<li data-start=\"1598\" data-end=\"1628\">\n<p data-start=\"1600\" data-end=\"1628\"><strong data-start=\"1600\" data-end=\"1609\">17:00<\/strong> \u2013 Kinderschlacht<\/p>\n<\/li>\n<li data-start=\"1629\" data-end=\"1663\">\n<p data-start=\"1631\" data-end=\"1663\"><strong data-start=\"1631\" data-end=\"1640\">17:30<\/strong> \u2013 Bogenschie\u00dfturnier<\/p>\n<\/li>\n<li data-start=\"1664\" data-end=\"1721\">\n<p data-start=\"1666\" data-end=\"1721\"><strong data-start=\"1666\" data-end=\"1675\">18:00<\/strong> \u2013 \u201eVerr\u00fcckt\u201c \u2013 Fechtvorf\u00fchrung (SDS Argyll)<\/p>\n<\/li>\n<li data-start=\"1722\" data-end=\"1763\">\n<p data-start=\"1724\" data-end=\"1763\"><strong data-start=\"1724\" data-end=\"1733\">19:00<\/strong> \u2013 Turnier der Fechtvielfalt<\/p>\n<\/li>\n<li data-start=\"1764\" data-end=\"1822\">\n<p data-start=\"1766\" data-end=\"1822\"><strong data-start=\"1766\" data-end=\"1775\">20:30<\/strong> \u2013 Konzert der Band P\u00e1ni \u010casu (Herren der Zeit)<\/p>\n<\/li>\n<\/ul>\n<h3 data-start=\"1824\" data-end=\"1859\">\ud83d\udcdc <em data-start=\"1831\" data-end=\"1859\">Programm unter der Pergola<\/em><\/h3>\n<ul data-start=\"1860\" data-end=\"2027\">\n<li data-start=\"1860\" data-end=\"1914\">\n<p data-start=\"1862\" data-end=\"1914\"><strong data-start=\"1862\" data-end=\"1871\">11:00<\/strong> \u2013 Vortrag: Die Herstellung von Pergament<\/p>\n<\/li>\n<li data-start=\"1915\" data-end=\"1956\">\n<p data-start=\"1917\" data-end=\"1956\"><strong data-start=\"1917\" data-end=\"1926\">14:30<\/strong> \u2013 Tanzworkshop (Galthilion)<\/p>\n<\/li>\n<li data-start=\"1957\" data-end=\"2027\">\n<p data-start=\"1959\" data-end=\"2027\"><strong data-start=\"1959\" data-end=\"1968\">18:00<\/strong> \u2013 Vortrag: Templer, Johanniter und Deutschritter in Ungarn<\/p>\n<\/li>\n<\/ul>\n<div class=\"grid-container\"><div class=\"grid-container__item\"><div class=\"block\"><a href=\"https:\/\/www.visitbratislava.com\/wp-content\/uploads\/2019\/06\/Gaston-002-800x533.jpg\" data-fancybox=\"gallery\" data-caption=\"\"><div class=\"background\"><img src=\"https:\/\/www.visitbratislava.com\/wp-content\/uploads\/2019\/06\/Gaston-002-800x533.jpg\" alt=\"foto\"\/><\/div><div class=\"overlay filter-blue\"><div class=\"content\"><span class=\"zoom-button\"><\/span><\/div><\/div><\/a><\/div><\/div><div class=\"grid-container__item\"><div class=\"block\"><a href=\"https:\/\/www.visitbratislava.com\/wp-content\/uploads\/2019\/06\/Gaston-003-800x533.jpg\" data-fancybox=\"gallery\" data-caption=\"\"><div class=\"background\" style=\"background-image: url(https:\/\/www.visitbratislava.com\/wp-content\/uploads\/2019\/06\/Gaston-003-800x533.jpg)\"><\/div><div class=\"overlay filter-green\"><div class=\"content\"><span class=\"zoom-button\"><\/span><\/div><\/div><\/a><\/div><\/div><div class=\"grid-container__item more\"><\/div><\/div>\n<p>Freuen Sie sich auf Auftritte von Gruppen von historischen Fechten, Ritterturniere und auch Rekonstruktion der Feldschlacht von mehreren Dutzend K\u00e4mpfern teilgenommen. Im Park finden Sie auch einen Schie\u00dfstand, wo Sie das Schie\u00dfen von B\u00f6gen ausprobieren k\u00f6nnen. Nat\u00fcrlich schaffen auch Handwerker, die die l\u00e4ngst vergessene Kunst unserer Vorfahren pr\u00e4sentieren, eine zeitgem\u00e4\u00dfe Atmosph\u00e4re. Die Handwerker werden ihre Produkte direkt vor Ort erzeugen, und zwar aus Eisen, Holz, Leder und Glas.<\/p>\n<p><em>Das Mittelalter im Park wird von der Templer-Reenactment-Gruppe Gaston wiederbelebt. <strong>Der Eintritt ist frei.<\/strong><\/em><\/p>\n<p>&nbsp;<\/p>\n","protected":false},"excerpt":{"rendered":"<p>Mittelalterliche Truppen werden im Janko-Kr\u00e1\u013e-Park in Bratislavaer Petr\u017ealka ein Lager aufschlagen<\/p>\n","protected":false},"featured_media":141191,"template":"","acf":[],"event_date":{"start_date":1749254400,"end_date":1749254400},"_links":{"self":[{"href":"https:\/\/www.visitbratislava.com\/de\/wp-json\/wp\/v2\/event\/60589"}],"collection":[{"href":"https:\/\/www.visitbratislava.com\/de\/wp-json\/wp\/v2\/event"}],"about":[{"href":"https:\/\/www.visitbratislava.com\/de\/wp-json\/wp\/v2\/types\/event"}],"version-history":[{"count":4,"href":"https:\/\/www.visitbratislava.com\/de\/wp-json\/wp\/v2\/event\/60589\/revisions"}],"predecessor-version":[{"id":339364,"href":"https:\/\/www.visitbratislava.com\/de\/wp-json\/wp\/v2\/event\/60589\/revisions\/339364"}],"wp:featuredmedia":[{"embeddable":true,"href":"https:\/\/www.visitbratislava.com\/de\/wp-json\/wp\/v2\/media\/141191"}],"wp:attachment":[{"href":"https:\/\/www.visitbratislava.com\/de\/wp-json\/wp\/v2\/media?parent=60589"}],"curies":[{"name":"wp","href":"https:\/\/api.w.org\/{rel}","templated":true}]}}

<p>Verpassen Sie Mitte Juni nicht das Fest der verschiedenen historischen Epochen vom X. bis zum XIV. Jahrhundert. Sie werden Mitglieder historischer Gruppen in <strong>historischen Kostümen, Repliken von Waffen, Rüstungen, historischen Möbeln oder Handwerksausrüstung</strong> sehen.<strong> Fechtduelle, Theateraufführungen oder Verkostungen von historischen Gerichten</strong> erwarten Sie. Es fehlt nicht das <strong>Tournier der Gefolgen, Tournier der Bogenschützen oder die Zeitmodenschau</strong>.</p>
<p>Mittelalter im Park bringt zeitgemäßes Lager und<strong> Handwerke, Auftritte der Fechter, Kinderarena, Tanz- und Musikauftritte</strong>. Das historische Lager wird für die Besucher des Parks Sad Janka Kráľa schon von 9.00 Uhr zugänglich, wo sie sich die einzelnen Gruppierungen der Fechter anschauen können. Zur Verfügung stehen auch Teile der Bewaffnung und Schwerter, deren Gewicht die Besucher probieren können.</p>
<h3 data-start="1201" data-end="1233">🛡️ <em data-start="1209" data-end="1233">Programm auf der Wiese</em></h3>
<ul data-start="1234" data-end="1822">
<li data-start="1234" data-end="1271">
<p data-start="1236" data-end="1271"><strong data-start="1236" data-end="1244">9:00</strong> – Historische Modenschau</p>
</li>
<li data-start="1272" data-end="1329">
<p data-start="1274" data-end="1329"><strong data-start="1274" data-end="1283">10:00</strong> – Turnier der leichten und schweren Kämpfer</p>
</li>
<li data-start="1330" data-end="1410">
<p data-start="1332" data-end="1410"><strong data-start="1332" data-end="1341">12:00</strong> – In vino veritas – Fechtvorführung (Bruderschaft des Hl. Galahad)</p>
</li>
<li data-start="1411" data-end="1462">
<p data-start="1413" data-end="1462"><strong data-start="1413" data-end="1422">13:00</strong> – Mittelalterliche Tänze (Galthilion)</p>
</li>
<li data-start="1463" data-end="1493">
<p data-start="1465" data-end="1493"><strong data-start="1465" data-end="1474">14:00</strong> – Gruppenturnier</p>
</li>
<li data-start="1494" data-end="1535">
<p data-start="1496" data-end="1535"><strong data-start="1496" data-end="1505">15:00</strong> – Turnier des Hl. Ladislaus</p>
</li>
<li data-start="1536" data-end="1597">
<p data-start="1538" data-end="1597"><strong data-start="1538" data-end="1547">16:00</strong> – Nachstellung einer mittelalterlichen Schlacht</p>
</li>
<li data-start="1598" data-end="1628">
<p data-start="1600" data-end="1628"><strong data-start="1600" data-end="1609">17:00</strong> – Kinderschlacht</p>
</li>
<li data-start="1629" data-end="1663">
<p data-start="1631" data-end="1663"><strong data-start="1631" data-end="1640">17:30</strong> – Bogenschießturnier</p>
</li>
<li data-start="1664" data-end="1721">
<p data-start="1666" data-end="1721"><strong data-start="1666" data-end="1675">18:00</strong> – „Verrückt“ – Fechtvorführung (SDS Argyll)</p>
</li>
<li data-start="1722" data-end="1763">
<p data-start="1724" data-end="1763"><strong data-start="1724" data-end="1733">19:00</strong> – Turnier der Fechtvielfalt</p>
</li>
<li data-start="1764" data-end="1822">
<p data-start="1766" data-end="1822"><strong data-start="1766" data-end="1775">20:30</strong> – Konzert der Band Páni Času (Herren der Zeit)</p>
</li>
</ul>
<h3 data-start="1824" data-end="1859">📜 <em data-start="1831" data-end="1859">Programm unter der Pergola</em></h3>
<ul data-start="1860" data-end="2027">
<li data-start="1860" data-end="1914">
<p data-start="1862" data-end="1914"><strong data-start="1862" data-end="1871">11:00</strong> – Vortrag: Die Herstellung von Pergament</p>
</li>
<li data-start="1915" data-end="1956">
<p data-start="1917" data-end="1956"><strong data-start="1917" data-end="1926">14:30</strong> – Tanzworkshop (Galthilion)</p>
</li>
<li data-start="1957" data-end="2027">
<p data-start="1959" data-end="2027"><strong data-start="1959" data-end="1968">18:00</strong> – Vortrag: Templer, Johanniter und Deutschritter in Ungarn</p>
</li>
</ul>
<div class="grid-container"><div class="grid-container__item"><div class="block"><a href="https://www.visitbratislava.com/wp-content/uploads/2019/06/Gaston-002-800x533.jpg" data-fancybox="gallery" data-caption=""><div class="background"><img src="https://www.visitbratislava.com/wp-content/uploads/2019/06/Gaston-002-800x533.jpg" alt="foto"/></div><div class="overlay filter-blue"><div class="content"><span class="zoom-button"></span></div></div></a></div></div><div class="grid-container__item"><div class="block"><a href="https://www.visitbratislava.com/wp-content/uploads/2019/06/Gaston-003-800x533.jpg" data-fancybox="gallery" data-caption=""><div class="background" style="background-image: url(https://www.visitbratislava.com/wp-content/uploads/2019/06/Gaston-003-800x533.jpg)"></div><div class="overlay filter-green"><div class="content"><span class="zoom-button"></span></div></div></a></div></div><div class="grid-container__item more"></div></div>
<p>Freuen Sie sich auf Auftritte von Gruppen von historischen Fechten, Ritterturniere und auch Rekonstruktion der Feldschlacht von mehreren Dutzend Kämpfern teilgenommen. Im Park finden Sie auch einen Schießstand, wo Sie das Schießen von Bögen ausprobieren können. Natürlich schaffen auch Handwerker, die die längst vergessene Kunst unserer Vorfahren präsentieren, eine zeitgemäße Atmosphäre. Die Handwerker werden ihre Produkte direkt vor Ort erzeugen, und zwar aus Eisen, Holz, Leder und Glas.</p>
<p><em>Das Mittelalter im Park wird von der Templer-Reenactment-Gruppe Gaston wiederbelebt. <strong>Der Eintritt ist frei.</strong></em></p>
<p>&nbsp;</p>

<p>Mittelalterliche Truppen werden im Janko-Kráľ-Park in Bratislavaer Petržalka ein Lager aufschlagen</p>
