{"id":90535,"date":"2020-08-17T11:27:01","date_gmt":"2020-08-17T09:27:01","guid":{"rendered":"https:\/\/www.visitbratislava.com\/?post_type=event&#038;p=90535\/"},"modified":"2020-08-17T11:29:44","modified_gmt":"2020-08-17T09:29:44","slug":"ivan-buffa-komponistenportraet-ii-2","status":"publish","type":"event","link":"https:\/\/www.visitbratislava.com\/de\/geschehen\/ivan-buffa-komponistenportraet-ii-2\/","title":{"rendered":"Ivan Buffa \u2013 Komponistenportr\u00e4t II."},"content":{"rendered":"<p>Ivan Buffas zweites Autorenprofil bietet einen R\u00fcckblick auf die Werke, die w\u00e4hrend der Entstehung seiner kompositorischen Poetik, insbesondere w\u00e4hrend des ersten Jahrzehnts des neuen Jahrtausends, entstanden sind.<\/p>\n<p>Das Streichquartett als vierteilige Formeinheit wurde mehrere Jahre w\u00e4hrend seines Studiums gebildet und kann als erste umfangreichere Komposition des Autors angesehen werden, die auf Reize aus Mitteleuropa reagiert. Aria f\u00fcr Bassfl\u00f6te und Burlesque f\u00fcr Waldhorn sind Miniaturen, die mysteri\u00f6se Ecken und Winkel der farbenfrohen und dynamischen M\u00f6glichkeiten eines Soloinstruments enth\u00fcllen. Ihre Mischung in verschiedenen Kombinationen bringt das Trio mit, das ebenfalls aus der Studentenzeit stammt.<\/p>\n<p>Das Ensemble Rebirth wurde vom Ostrava Days Festival in Auftrag gegeben und war die endg\u00fcltige Best\u00e4tigung des Transformationsprozesses der kompositorischen Poetik des Autors, bei dem anstelle des Eliminierens des Materials und des Konzentrierens des Ausdrucks Ausnahmen ausschlie\u00dflich in k\u00fcrzeren farbigen Bereichen (wie Quasaren) konzipiert wurden. begann die dynamische Entwicklung des Materials. Den Raum maximal mit Klang und Bewegung f\u00fcllen.<\/p>\n<p>Der Eintritt zum Konzert ist kostenlos.<\/p>\n<h3>Program:<\/h3>\n<p><strong>IVAN BUFFA<\/strong><br \/>\nQuasars (2008)<br \/>\nTrio (2003)<br \/>\nAria (2009)<br \/>\nBurlesque (2015)<br \/>\nSl\u00e1\u010dikov\u00e9 kvarteto (2001 &#8211; 2006)<br \/>\nRebirth (2011)<\/p>\n<p><strong>Performers:<\/strong><br \/>\nQuasars Ensemble<br \/>\nIvan Buffa, <em>conductor<\/em><\/p>\n<p><strong>Termin:<\/strong> 28. 8. 2020, 19 Uhr.<br \/>\n<strong>Ort:<\/strong>\u00a0Kleiner Konzertsaal des Slowakischen Rundfunks, M\u00fdtna Stra\u00dfe 1, Bratislava.<br \/>\n<a href=\"https:\/\/www.facebook.com\/events\/300786457849845\/\">Facebook Event<\/a>\u00a0a <a href=\"http:\/\/www.quasarsensemble.com\">Webseite<\/a>.<\/p>\n<p><strong>Hinweis:<\/strong> Der Eintritt ist nur mit einer Gesichtsmaske m\u00f6glich, die Gesamtzahl der Teilnehmer ist auf 88 begrenzt. Schachbrettbestuhlung muss w\u00e4hrend der Veranstaltung beachtet werden.<\/p>\n<p>Das Konzert ist Teil des Projekts <em>The Quasars Ensemble Concert Cycle<\/em> des Vereins QUASARS.\u00a0Gef\u00f6rdert durch den Slovak Arts Council, der Tatra Banka Stiftung, der Stiftung der Stadt Bratislava und des Slowakischen Musikfond.<\/p>\n","protected":false},"excerpt":{"rendered":"<p>Ivan Buffas zweites Autorenprofil bietet einen R\u00fcckblick auf die Werke, die w\u00e4hrend der Entstehung seiner kompositorischen Poetik, insbesondere w\u00e4hrend des ersten Jahrzehnts des neuen Jahrtausends, entstanden sind. Das Streichquartett als vierteilige Formeinheit wurde mehrere Jahre w\u00e4hrend seines Studiums gebildet und kann als erste umfangreichere Komposition des Autors angesehen werden, die auf Reize aus Mitteleuropa reagiert. [&hellip;]<\/p>\n","protected":false},"featured_media":90537,"template":"","acf":[],"event_date":{"start_date":1598572800,"end_date":1598572800},"_links":{"self":[{"href":"https:\/\/www.visitbratislava.com\/de\/wp-json\/wp\/v2\/event\/90535"}],"collection":[{"href":"https:\/\/www.visitbratislava.com\/de\/wp-json\/wp\/v2\/event"}],"about":[{"href":"https:\/\/www.visitbratislava.com\/de\/wp-json\/wp\/v2\/types\/event"}],"version-history":[{"count":0,"href":"https:\/\/www.visitbratislava.com\/de\/wp-json\/wp\/v2\/event\/90535\/revisions"}],"wp:featuredmedia":[{"embeddable":true,"href":"https:\/\/www.visitbratislava.com\/de\/wp-json\/wp\/v2\/media\/90537"}],"wp:attachment":[{"href":"https:\/\/www.visitbratislava.com\/de\/wp-json\/wp\/v2\/media?parent=90535"}],"curies":[{"name":"wp","href":"https:\/\/api.w.org\/{rel}","templated":true}]}}

Ivan Buffa – Komponistenporträt II.

<p>Ivan Buffas zweites Autorenprofil bietet einen Rückblick auf die Werke, die während der Entstehung seiner kompositorischen Poetik, insbesondere während des ersten Jahrzehnts des neuen Jahrtausends, entstanden sind.</p>
<p>Das Streichquartett als vierteilige Formeinheit wurde mehrere Jahre während seines Studiums gebildet und kann als erste umfangreichere Komposition des Autors angesehen werden, die auf Reize aus Mitteleuropa reagiert. Aria für Bassflöte und Burlesque für Waldhorn sind Miniaturen, die mysteriöse Ecken und Winkel der farbenfrohen und dynamischen Möglichkeiten eines Soloinstruments enthüllen. Ihre Mischung in verschiedenen Kombinationen bringt das Trio mit, das ebenfalls aus der Studentenzeit stammt.</p>
<p>Das Ensemble Rebirth wurde vom Ostrava Days Festival in Auftrag gegeben und war die endgültige Bestätigung des Transformationsprozesses der kompositorischen Poetik des Autors, bei dem anstelle des Eliminierens des Materials und des Konzentrierens des Ausdrucks Ausnahmen ausschließlich in kürzeren farbigen Bereichen (wie Quasaren) konzipiert wurden. begann die dynamische Entwicklung des Materials. Den Raum maximal mit Klang und Bewegung füllen.</p>
<p>Der Eintritt zum Konzert ist kostenlos.</p>
<h3>Program:</h3>
<p><strong>IVAN BUFFA</strong><br />
Quasars (2008)<br />
Trio (2003)<br />
Aria (2009)<br />
Burlesque (2015)<br />
Sláčikové kvarteto (2001 &#8211; 2006)<br />
Rebirth (2011)</p>
<p><strong>Performers:</strong><br />
Quasars Ensemble<br />
Ivan Buffa, <em>conductor</em></p>
<p><strong>Termin:</strong> 28. 8. 2020, 19 Uhr.<br />
<strong>Ort:</strong> Kleiner Konzertsaal des Slowakischen Rundfunks, Mýtna Straße 1, Bratislava.<br />
<a href="https://www.facebook.com/events/300786457849845/">Facebook Event</a> a <a href="http://www.quasarsensemble.com">Webseite</a>.</p>
<p><strong>Hinweis:</strong> Der Eintritt ist nur mit einer Gesichtsmaske möglich, die Gesamtzahl der Teilnehmer ist auf 88 begrenzt. Schachbrettbestuhlung muss während der Veranstaltung beachtet werden.</p>
<p>Das Konzert ist Teil des Projekts <em>The Quasars Ensemble Concert Cycle</em> des Vereins QUASARS. Gefördert durch den Slovak Arts Council, der Tatra Banka Stiftung, der Stiftung der Stadt Bratislava und des Slowakischen Musikfond.</p>

<p>Ivan Buffas zweites Autorenprofil bietet einen Rückblick auf die Werke, die während der Entstehung seiner kompositorischen Poetik, insbesondere während des ersten Jahrzehnts des neuen Jahrtausends, entstanden sind. Das Streichquartett als vierteilige Formeinheit wurde mehrere Jahre während seines Studiums gebildet und kann als erste umfangreichere Komposition des Autors angesehen werden, die auf Reize aus Mitteleuropa reagiert. [&hellip;]</p>
