{"id":100312,"date":"2021-02-12T11:25:14","date_gmt":"2021-02-12T10:25:14","guid":{"rendered":"https:\/\/www.visitbratislava.com\/?page_id=100312"},"modified":"2024-03-14T15:51:00","modified_gmt":"2024-03-14T14:51:00","slug":"kultige-gebaeude-von-bratislava","status":"publish","type":"page","link":"https:\/\/www.visitbratislava.com\/de\/kultige-gebaeude-von-bratislava\/","title":{"rendered":"Kultige Geb\u00e4ude von Bratislava"},"content":{"rendered":"<p>Das dreieckige Prior-Einkaufszentrum am Kamenn\u00e9-Platz war einst das gr\u00f6\u00dfte seiner Art in der Tschechoslowakei und seine Er\u00f6ffnung im Jahr 1968 war eine echte Sensation. Zusammen mit dem Hotel bildet es eine architektonische Einheit. Viele Menschen bewunderten seine Fassade aus wei\u00dfem Zipser Kalksinter und die technischen Neuerungen des Bauwerks. So verf\u00fcgte es \u00fcber die ersten Aufz\u00fcge in der ganzen Slowakei, ein Glockenspiel und gro\u00dfe Fenster in Aluminiumrahmen.<\/p>\n<p>Der ikonische Komplex des Architekten Ivan Matu\u0161\u00edk<a href=\"https:\/\/www.visitbratislava.com\/de\/ausfluege\/juwelen-des-kommunistischer-bratislava-und-ueberreste-des-eisernen-vorhangs\/\" target=\"_blank\" rel=\"noopener\"> ist jedoch nur eines von vielen sehenswerten Geb\u00e4uden<\/a> in Bratislava, die Architekturliebhaber auf keinen Fall vermissen sollten.<\/p>\n<p><img loading=\"lazy\" width=\"800\" height=\"533\" class=\"size-large wp-image-282299 aligncenter\" src=\"https:\/\/www.visitbratislava.com\/wp-content\/uploads\/2024\/02\/DSC01278-800x533.jpg\" alt=\"\" srcset=\"https:\/\/www.visitbratislava.com\/wp-content\/uploads\/2024\/02\/DSC01278-800x533.jpg 800w, https:\/\/www.visitbratislava.com\/wp-content\/uploads\/2024\/02\/DSC01278-400x267.jpg 400w, https:\/\/www.visitbratislava.com\/wp-content\/uploads\/2024\/02\/DSC01278-768x512.jpg 768w, https:\/\/www.visitbratislava.com\/wp-content\/uploads\/2024\/02\/DSC01278-1536x1024.jpg 1536w, https:\/\/www.visitbratislava.com\/wp-content\/uploads\/2024\/02\/DSC01278-2048x1365.jpg 2048w, https:\/\/www.visitbratislava.com\/wp-content\/uploads\/2024\/02\/DSC01278-200x133.jpg 200w\" sizes=\"(max-width: 800px) 100vw, 800px\" \/><\/p>\n<p>Ein weiteres technisch einzigartiges Bauwerk ist die 1969-1972 erbaute SNP-Br\u00fccke. Mit dem <a href=\"https:\/\/www.visitbratislava.com\/de\/setzt\/ufo\/\">UFO-f\u00f6rmigen Restaurant<\/a> und seiner Aussichtsplattform ist sie zu einem echten Wahrzeichen der Stadt geworden. Mit der <a href=\"http:\/\/card.visitbratislava.com\/de\/discount\/ufo-watch-taste-groove-3\/\">Bratislava CARD<\/a> kann man den Aufzug kostenlos nutzen und auch die Nutzung des \u00d6PNV ist darin enthalten. Auch heute noch hat die Br\u00fccke ein Alleinstellungsmerkmal, denn sie ist die einzige Seilbr\u00fccke Bratislavas und h\u00e4ngt frei \u00fcber der Donau.<\/p>\n<p><img loading=\"lazy\" width=\"800\" height=\"450\" class=\"size-large wp-image-209742 aligncenter\" src=\"https:\/\/www.visitbratislava.com\/wp-content\/uploads\/2022\/12\/ufo-vyhlad-dunaj-hrad-800x450.jpg\" alt=\"\" srcset=\"https:\/\/www.visitbratislava.com\/wp-content\/uploads\/2022\/12\/ufo-vyhlad-dunaj-hrad-800x450.jpg 800w, https:\/\/www.visitbratislava.com\/wp-content\/uploads\/2022\/12\/ufo-vyhlad-dunaj-hrad-400x225.jpg 400w, https:\/\/www.visitbratislava.com\/wp-content\/uploads\/2022\/12\/ufo-vyhlad-dunaj-hrad-768x432.jpg 768w, https:\/\/www.visitbratislava.com\/wp-content\/uploads\/2022\/12\/ufo-vyhlad-dunaj-hrad-1536x864.jpg 1536w, https:\/\/www.visitbratislava.com\/wp-content\/uploads\/2022\/12\/ufo-vyhlad-dunaj-hrad-2048x1152.jpg 2048w, https:\/\/www.visitbratislava.com\/wp-content\/uploads\/2022\/12\/ufo-vyhlad-dunaj-hrad-200x113.jpg 200w\" sizes=\"(max-width: 800px) 100vw, 800px\" \/><\/p>\n<p>Die umgedrehte <a href=\"https:\/\/www.visitbratislava.com\/de\/setzt\/slowakischer-rundfunk\/\">Pyramide des Radios der Slowakei<\/a>, erbaut von den Architekten \u0160tefan Svetko, \u0160tefan Durkovi\u010d und Barnab\u00e1\u0161 Kissling ist ein weiteres, technisch wie optisch interessantes Bauwerk. Obwohl es von der \u00d6ffentlichkeit oft mit der kommunistischen Diktatur in Verbindung gebracht wird, ist es eher ein Zeuge des politischen Tauwetters der 1960er Jahre.<\/p>\n<p>Im Inneren befindet sich eine weitere umgedrehte Pyramide, welche mit den Aufnahmestudios und Sendeanlagen die zentralen R\u00e4ume des Rundfunks beherbergt. Weltbekannte Architekten interessieren sich f\u00fcr dieses innere Atrium und seine Konzerts\u00e4le.<\/p>\n<p><img loading=\"lazy\" width=\"800\" height=\"534\" class=\"aligncenter size-large wp-image-47967\" src=\"https:\/\/www.visitbratislava.com\/wp-content\/uploads\/2018\/02\/biela-noc2_white-night_nuit-blanche_art-festival_umelecky-festival_2017_official-photo_slovensky-rozhlas-pyramida-slovak-radio-building-inverted-pyramid-800x534.jpg\" alt=\"\" srcset=\"https:\/\/www.visitbratislava.com\/wp-content\/uploads\/2018\/02\/biela-noc2_white-night_nuit-blanche_art-festival_umelecky-festival_2017_official-photo_slovensky-rozhlas-pyramida-slovak-radio-building-inverted-pyramid-800x534.jpg 800w, https:\/\/www.visitbratislava.com\/wp-content\/uploads\/2018\/02\/biela-noc2_white-night_nuit-blanche_art-festival_umelecky-festival_2017_official-photo_slovensky-rozhlas-pyramida-slovak-radio-building-inverted-pyramid-400x267.jpg 400w, https:\/\/www.visitbratislava.com\/wp-content\/uploads\/2018\/02\/biela-noc2_white-night_nuit-blanche_art-festival_umelecky-festival_2017_official-photo_slovensky-rozhlas-pyramida-slovak-radio-building-inverted-pyramid-768x513.jpg 768w, https:\/\/www.visitbratislava.com\/wp-content\/uploads\/2018\/02\/biela-noc2_white-night_nuit-blanche_art-festival_umelecky-festival_2017_official-photo_slovensky-rozhlas-pyramida-slovak-radio-building-inverted-pyramid-200x133.jpg 200w\" sizes=\"(max-width: 800px) 100vw, 800px\" \/><\/p>\n<h2>Nationalgalerie und Villen in Slav\u00edn<\/h2>\n<p>Aus derselben Zeit stammt der als \u201e\u00dcberbr\u00fcckung\u201c bekannte Anbau der <a href=\"https:\/\/www.visitbratislava.com\/de\/setzt\/slowakische-nationalgalerie\/\">Slowakischen Nationalgalerie<\/a> des Architekten Vladim\u00edr Dede\u010dek. Obwohl Teile der \u00d6ffentlichkeit sich immer noch mit der freischwebenden Konstruktion auseinandersetzen, gilt es anderen als bedeutendstes Zeugnis des sp\u00e4ten slowakischen Modernismus.<\/p>\n<p>Das Krematorium in Lama\u010d ist ebenfalls ein au\u00dfergew\u00f6hnliches St\u00fcck Architektur. Nach dem Krieg war es das erste Geb\u00e4ude in der Slowakei, das den Status eines nationalen Kulturdenkmals zugewiesen bekam. Die wichtigste Arbeit des Architekten Ferdinand wird besonders daf\u00fcr ger\u00fchmt, wie sie mit dem umliegenden Wald harmoniert.<\/p>\n<p><img loading=\"lazy\" width=\"800\" height=\"600\" class=\"aligncenter size-large wp-image-99920\" src=\"https:\/\/www.visitbratislava.com\/wp-content\/uploads\/2021\/02\/IMG_6735-800x600.jpg\" alt=\"\" srcset=\"https:\/\/www.visitbratislava.com\/wp-content\/uploads\/2021\/02\/IMG_6735-800x600.jpg 800w, https:\/\/www.visitbratislava.com\/wp-content\/uploads\/2021\/02\/IMG_6735-400x300.jpg 400w, https:\/\/www.visitbratislava.com\/wp-content\/uploads\/2021\/02\/IMG_6735-768x576.jpg 768w, https:\/\/www.visitbratislava.com\/wp-content\/uploads\/2021\/02\/IMG_6735-1536x1152.jpg 1536w, https:\/\/www.visitbratislava.com\/wp-content\/uploads\/2021\/02\/IMG_6735-2048x1536.jpg 2048w, https:\/\/www.visitbratislava.com\/wp-content\/uploads\/2021\/02\/IMG_6735-200x150.jpg 200w, https:\/\/www.visitbratislava.com\/wp-content\/uploads\/2021\/02\/IMG_6735-600x450.jpg 600w\" sizes=\"(max-width: 800px) 100vw, 800px\" \/><\/p>\n<p>Bei einem Spaziergang durch die steil sich emporwindenden Stra\u00dfen um Palis\u00e1dy in der N\u00e4he des Schlosses k\u00f6nnen Besucher verschiedenste Stile entdecken: von der Romantik und dem Jugendstil \u00fcber den Historismus bis zur modernen Architektur. Ebenfalls einen Besuch wert sind die Villa des Architekten Juraj Tvaro\u017eek mit ihrer ornamentbedeckten Fassade in der Tvaro\u017ekov\u00e1-Stra\u00dfe, die m\u00e4rchenhafte Zsig\u00e1rdy-Villa in der Franc\u00fazskych-Partiz\u00e1nov-Stra\u00dfe und das Jugendstil-Wohnhaus in der Palis\u00e1dy-Stra\u00dfe.<\/p>\n<h2><strong>Bratislavas Wolkenkratzer<\/strong><\/h2>\n<p>Bemerkenswert ist auch das ehemalige Offiziersheim Hviezda in der Jaro\u0161ova-Street, besser bekannt als Kukurica. Das von den Architekten J\u00e1n Strcula und Cyril Sirotn\u00fd entworfene Geb\u00e4ude ist eines der ersten Hochh\u00e4user in Bratislava und sein kreisf\u00f6rmiger Grundriss bringt noch heute Leute zum Staunen.<\/p>\n<p><img loading=\"lazy\" width=\"800\" height=\"533\" class=\"aligncenter size-large wp-image-99929\" src=\"https:\/\/www.visitbratislava.com\/wp-content\/uploads\/2021\/02\/Dekan_jesen_Zaha-Hadid_Sky-Park-offices_architektura_downtown_vyhradna-licencia-casovo-neobmedzena-800x533.jpg\" alt=\"\" srcset=\"https:\/\/www.visitbratislava.com\/wp-content\/uploads\/2021\/02\/Dekan_jesen_Zaha-Hadid_Sky-Park-offices_architektura_downtown_vyhradna-licencia-casovo-neobmedzena-800x533.jpg 800w, https:\/\/www.visitbratislava.com\/wp-content\/uploads\/2021\/02\/Dekan_jesen_Zaha-Hadid_Sky-Park-offices_architektura_downtown_vyhradna-licencia-casovo-neobmedzena-400x267.jpg 400w, https:\/\/www.visitbratislava.com\/wp-content\/uploads\/2021\/02\/Dekan_jesen_Zaha-Hadid_Sky-Park-offices_architektura_downtown_vyhradna-licencia-casovo-neobmedzena-768x512.jpg 768w, https:\/\/www.visitbratislava.com\/wp-content\/uploads\/2021\/02\/Dekan_jesen_Zaha-Hadid_Sky-Park-offices_architektura_downtown_vyhradna-licencia-casovo-neobmedzena-1536x1024.jpg 1536w, https:\/\/www.visitbratislava.com\/wp-content\/uploads\/2021\/02\/Dekan_jesen_Zaha-Hadid_Sky-Park-offices_architektura_downtown_vyhradna-licencia-casovo-neobmedzena-2048x1365.jpg 2048w, https:\/\/www.visitbratislava.com\/wp-content\/uploads\/2021\/02\/Dekan_jesen_Zaha-Hadid_Sky-Park-offices_architektura_downtown_vyhradna-licencia-casovo-neobmedzena-200x133.jpg 200w\" sizes=\"(max-width: 800px) 100vw, 800px\" \/><\/p>\n<p>Den ersten \u201eWolkenkratzer\u201c der Stadt findet man jedoch am SNP-Platz mitten im Stadtzentrum. Das Wohn- und Gesch\u00e4ftshaus Manderla ist 45m hoch und wurde 1935 erbaut. Eigent\u00fcmer war der erfolgreiche Metzger Rudolf Manderla, der im Erdgeschoss auch eine Metzgerei errichten lie\u00df.<\/p>\n<h2><strong>Zeitgen\u00f6ssische Architektur <\/strong><\/h2>\n<p>Seit dem Fall des kommunistischen Regimes im Jahr 1989 erlebt Bratislava einen regelrechten Bauboom. Zahlreiche neue Handels-, Wohn- und Gesch\u00e4ftsviertel sind entstanden: beispielsweise Eurovea und River Park am Donauufer oder der Sky Park mit seinen elliptischen Wohnt\u00fcrmen. Letztere wurden vom britischen Architekturb\u00fcro der bekannten Architektin Zaha Hadid entworfen.<\/p>\n<p>Interessante Architektur findet man auch im Umland der Stadt. Ein Beispiel hierf\u00fcr ist das <a href=\"https:\/\/www.visitbratislava.com\/de\/setzt\/danubiana-meulensteen-art-museum\/\">Kunstmuseum Danubiana Meulensteen<\/a> auf einer aufgesch\u00fctteten Halbinsel inmitten der Donau bei \u010cunovo. Liebhaber von Kunst und Architektur kommen hier bestimmt auf ihre Kosten.<\/p>\n<p><img loading=\"lazy\" width=\"800\" height=\"482\" class=\"aligncenter size-large wp-image-99275\" src=\"https:\/\/www.visitbratislava.com\/wp-content\/uploads\/2021\/01\/danubiana-1-800x482.jpg\" alt=\"\" srcset=\"https:\/\/www.visitbratislava.com\/wp-content\/uploads\/2021\/01\/danubiana-1-800x482.jpg 800w, https:\/\/www.visitbratislava.com\/wp-content\/uploads\/2021\/01\/danubiana-1-400x241.jpg 400w, https:\/\/www.visitbratislava.com\/wp-content\/uploads\/2021\/01\/danubiana-1-768x463.jpg 768w, https:\/\/www.visitbratislava.com\/wp-content\/uploads\/2021\/01\/danubiana-1-1536x926.jpg 1536w, https:\/\/www.visitbratislava.com\/wp-content\/uploads\/2021\/01\/danubiana-1-2048x1234.jpg 2048w, https:\/\/www.visitbratislava.com\/wp-content\/uploads\/2021\/01\/danubiana-1-200x121.jpg 200w\" sizes=\"(max-width: 800px) 100vw, 800px\" \/><\/p>\n","protected":false},"excerpt":{"rendered":"<p>Umgedrehte Pyramide, UFO-f\u00f6rmiges Restaurant \u00fcber einer Br\u00fccke und vieles mehr<\/p>\n","protected":false},"author":25,"featured_media":139817,"parent":0,"menu_order":0,"comment_status":"closed","ping_status":"closed","template":"","meta":[],"acf":[],"_links":{"self":[{"href":"https:\/\/www.visitbratislava.com\/de\/wp-json\/wp\/v2\/pages\/100312"}],"collection":[{"href":"https:\/\/www.visitbratislava.com\/de\/wp-json\/wp\/v2\/pages"}],"about":[{"href":"https:\/\/www.visitbratislava.com\/de\/wp-json\/wp\/v2\/types\/page"}],"author":[{"embeddable":true,"href":"https:\/\/www.visitbratislava.com\/de\/wp-json\/wp\/v2\/users\/25"}],"replies":[{"embeddable":true,"href":"https:\/\/www.visitbratislava.com\/de\/wp-json\/wp\/v2\/comments?post=100312"}],"version-history":[{"count":5,"href":"https:\/\/www.visitbratislava.com\/de\/wp-json\/wp\/v2\/pages\/100312\/revisions"}],"predecessor-version":[{"id":286097,"href":"https:\/\/www.visitbratislava.com\/de\/wp-json\/wp\/v2\/pages\/100312\/revisions\/286097"}],"wp:featuredmedia":[{"embeddable":true,"href":"https:\/\/www.visitbratislava.com\/de\/wp-json\/wp\/v2\/media\/139817"}],"wp:attachment":[{"href":"https:\/\/www.visitbratislava.com\/de\/wp-json\/wp\/v2\/media?parent=100312"}],"curies":[{"name":"wp","href":"https:\/\/api.w.org\/{rel}","templated":true}]}}

Kultige Gebäude von Bratislava

<p>Das dreieckige Prior-Einkaufszentrum am Kamenné-Platz war einst das größte seiner Art in der Tschechoslowakei und seine Eröffnung im Jahr 1968 war eine echte Sensation. Zusammen mit dem Hotel bildet es eine architektonische Einheit. Viele Menschen bewunderten seine Fassade aus weißem Zipser Kalksinter und die technischen Neuerungen des Bauwerks. So verfügte es über die ersten Aufzüge in der ganzen Slowakei, ein Glockenspiel und große Fenster in Aluminiumrahmen.</p>
<p>Der ikonische Komplex des Architekten Ivan Matušík<a href="https://www.visitbratislava.com/de/ausfluege/juwelen-des-kommunistischer-bratislava-und-ueberreste-des-eisernen-vorhangs/" target="_blank" rel="noopener"> ist jedoch nur eines von vielen sehenswerten Gebäuden</a> in Bratislava, die Architekturliebhaber auf keinen Fall vermissen sollten.</p>
<p><img loading="lazy" width="800" height="533" class="size-large wp-image-282299 aligncenter" src="https://www.visitbratislava.com/wp-content/uploads/2024/02/DSC01278-800x533.jpg" alt="" srcset="https://www.visitbratislava.com/wp-content/uploads/2024/02/DSC01278-800x533.jpg 800w, https://www.visitbratislava.com/wp-content/uploads/2024/02/DSC01278-400x267.jpg 400w, https://www.visitbratislava.com/wp-content/uploads/2024/02/DSC01278-768x512.jpg 768w, https://www.visitbratislava.com/wp-content/uploads/2024/02/DSC01278-1536x1024.jpg 1536w, https://www.visitbratislava.com/wp-content/uploads/2024/02/DSC01278-2048x1365.jpg 2048w, https://www.visitbratislava.com/wp-content/uploads/2024/02/DSC01278-200x133.jpg 200w" sizes="(max-width: 800px) 100vw, 800px" /></p>
<p>Ein weiteres technisch einzigartiges Bauwerk ist die 1969-1972 erbaute SNP-Brücke. Mit dem <a href="https://www.visitbratislava.com/de/setzt/ufo/">UFO-förmigen Restaurant</a> und seiner Aussichtsplattform ist sie zu einem echten Wahrzeichen der Stadt geworden. Mit der <a href="http://card.visitbratislava.com/de/discount/ufo-watch-taste-groove-3/">Bratislava CARD</a> kann man den Aufzug kostenlos nutzen und auch die Nutzung des ÖPNV ist darin enthalten. Auch heute noch hat die Brücke ein Alleinstellungsmerkmal, denn sie ist die einzige Seilbrücke Bratislavas und hängt frei über der Donau.</p>
<p><img loading="lazy" width="800" height="450" class="size-large wp-image-209742 aligncenter" src="https://www.visitbratislava.com/wp-content/uploads/2022/12/ufo-vyhlad-dunaj-hrad-800x450.jpg" alt="" srcset="https://www.visitbratislava.com/wp-content/uploads/2022/12/ufo-vyhlad-dunaj-hrad-800x450.jpg 800w, https://www.visitbratislava.com/wp-content/uploads/2022/12/ufo-vyhlad-dunaj-hrad-400x225.jpg 400w, https://www.visitbratislava.com/wp-content/uploads/2022/12/ufo-vyhlad-dunaj-hrad-768x432.jpg 768w, https://www.visitbratislava.com/wp-content/uploads/2022/12/ufo-vyhlad-dunaj-hrad-1536x864.jpg 1536w, https://www.visitbratislava.com/wp-content/uploads/2022/12/ufo-vyhlad-dunaj-hrad-2048x1152.jpg 2048w, https://www.visitbratislava.com/wp-content/uploads/2022/12/ufo-vyhlad-dunaj-hrad-200x113.jpg 200w" sizes="(max-width: 800px) 100vw, 800px" /></p>
<p>Die umgedrehte <a href="https://www.visitbratislava.com/de/setzt/slowakischer-rundfunk/">Pyramide des Radios der Slowakei</a>, erbaut von den Architekten Štefan Svetko, Štefan Durkovič und Barnabáš Kissling ist ein weiteres, technisch wie optisch interessantes Bauwerk. Obwohl es von der Öffentlichkeit oft mit der kommunistischen Diktatur in Verbindung gebracht wird, ist es eher ein Zeuge des politischen Tauwetters der 1960er Jahre.</p>
<p>Im Inneren befindet sich eine weitere umgedrehte Pyramide, welche mit den Aufnahmestudios und Sendeanlagen die zentralen Räume des Rundfunks beherbergt. Weltbekannte Architekten interessieren sich für dieses innere Atrium und seine Konzertsäle.</p>
<p><img loading="lazy" width="800" height="534" class="aligncenter size-large wp-image-47967" src="https://www.visitbratislava.com/wp-content/uploads/2018/02/biela-noc2_white-night_nuit-blanche_art-festival_umelecky-festival_2017_official-photo_slovensky-rozhlas-pyramida-slovak-radio-building-inverted-pyramid-800x534.jpg" alt="" srcset="https://www.visitbratislava.com/wp-content/uploads/2018/02/biela-noc2_white-night_nuit-blanche_art-festival_umelecky-festival_2017_official-photo_slovensky-rozhlas-pyramida-slovak-radio-building-inverted-pyramid-800x534.jpg 800w, https://www.visitbratislava.com/wp-content/uploads/2018/02/biela-noc2_white-night_nuit-blanche_art-festival_umelecky-festival_2017_official-photo_slovensky-rozhlas-pyramida-slovak-radio-building-inverted-pyramid-400x267.jpg 400w, https://www.visitbratislava.com/wp-content/uploads/2018/02/biela-noc2_white-night_nuit-blanche_art-festival_umelecky-festival_2017_official-photo_slovensky-rozhlas-pyramida-slovak-radio-building-inverted-pyramid-768x513.jpg 768w, https://www.visitbratislava.com/wp-content/uploads/2018/02/biela-noc2_white-night_nuit-blanche_art-festival_umelecky-festival_2017_official-photo_slovensky-rozhlas-pyramida-slovak-radio-building-inverted-pyramid-200x133.jpg 200w" sizes="(max-width: 800px) 100vw, 800px" /></p>
<h2>Nationalgalerie und Villen in Slavín</h2>
<p>Aus derselben Zeit stammt der als „Überbrückung“ bekannte Anbau der <a href="https://www.visitbratislava.com/de/setzt/slowakische-nationalgalerie/">Slowakischen Nationalgalerie</a> des Architekten Vladimír Dedeček. Obwohl Teile der Öffentlichkeit sich immer noch mit der freischwebenden Konstruktion auseinandersetzen, gilt es anderen als bedeutendstes Zeugnis des späten slowakischen Modernismus.</p>
<p>Das Krematorium in Lamač ist ebenfalls ein außergewöhnliches Stück Architektur. Nach dem Krieg war es das erste Gebäude in der Slowakei, das den Status eines nationalen Kulturdenkmals zugewiesen bekam. Die wichtigste Arbeit des Architekten Ferdinand wird besonders dafür gerühmt, wie sie mit dem umliegenden Wald harmoniert.</p>
<p><img loading="lazy" width="800" height="600" class="aligncenter size-large wp-image-99920" src="https://www.visitbratislava.com/wp-content/uploads/2021/02/IMG_6735-800x600.jpg" alt="" srcset="https://www.visitbratislava.com/wp-content/uploads/2021/02/IMG_6735-800x600.jpg 800w, https://www.visitbratislava.com/wp-content/uploads/2021/02/IMG_6735-400x300.jpg 400w, https://www.visitbratislava.com/wp-content/uploads/2021/02/IMG_6735-768x576.jpg 768w, https://www.visitbratislava.com/wp-content/uploads/2021/02/IMG_6735-1536x1152.jpg 1536w, https://www.visitbratislava.com/wp-content/uploads/2021/02/IMG_6735-2048x1536.jpg 2048w, https://www.visitbratislava.com/wp-content/uploads/2021/02/IMG_6735-200x150.jpg 200w, https://www.visitbratislava.com/wp-content/uploads/2021/02/IMG_6735-600x450.jpg 600w" sizes="(max-width: 800px) 100vw, 800px" /></p>
<p>Bei einem Spaziergang durch die steil sich emporwindenden Straßen um Palisády in der Nähe des Schlosses können Besucher verschiedenste Stile entdecken: von der Romantik und dem Jugendstil über den Historismus bis zur modernen Architektur. Ebenfalls einen Besuch wert sind die Villa des Architekten Juraj Tvarožek mit ihrer ornamentbedeckten Fassade in der Tvarožková-Straße, die märchenhafte Zsigárdy-Villa in der Francúzskych-Partizánov-Straße und das Jugendstil-Wohnhaus in der Palisády-Straße.</p>
<h2><strong>Bratislavas Wolkenkratzer</strong></h2>
<p>Bemerkenswert ist auch das ehemalige Offiziersheim Hviezda in der Jarošova-Street, besser bekannt als Kukurica. Das von den Architekten Ján Strcula und Cyril Sirotný entworfene Gebäude ist eines der ersten Hochhäuser in Bratislava und sein kreisförmiger Grundriss bringt noch heute Leute zum Staunen.</p>
<p><img loading="lazy" width="800" height="533" class="aligncenter size-large wp-image-99929" src="https://www.visitbratislava.com/wp-content/uploads/2021/02/Dekan_jesen_Zaha-Hadid_Sky-Park-offices_architektura_downtown_vyhradna-licencia-casovo-neobmedzena-800x533.jpg" alt="" srcset="https://www.visitbratislava.com/wp-content/uploads/2021/02/Dekan_jesen_Zaha-Hadid_Sky-Park-offices_architektura_downtown_vyhradna-licencia-casovo-neobmedzena-800x533.jpg 800w, https://www.visitbratislava.com/wp-content/uploads/2021/02/Dekan_jesen_Zaha-Hadid_Sky-Park-offices_architektura_downtown_vyhradna-licencia-casovo-neobmedzena-400x267.jpg 400w, https://www.visitbratislava.com/wp-content/uploads/2021/02/Dekan_jesen_Zaha-Hadid_Sky-Park-offices_architektura_downtown_vyhradna-licencia-casovo-neobmedzena-768x512.jpg 768w, https://www.visitbratislava.com/wp-content/uploads/2021/02/Dekan_jesen_Zaha-Hadid_Sky-Park-offices_architektura_downtown_vyhradna-licencia-casovo-neobmedzena-1536x1024.jpg 1536w, https://www.visitbratislava.com/wp-content/uploads/2021/02/Dekan_jesen_Zaha-Hadid_Sky-Park-offices_architektura_downtown_vyhradna-licencia-casovo-neobmedzena-2048x1365.jpg 2048w, https://www.visitbratislava.com/wp-content/uploads/2021/02/Dekan_jesen_Zaha-Hadid_Sky-Park-offices_architektura_downtown_vyhradna-licencia-casovo-neobmedzena-200x133.jpg 200w" sizes="(max-width: 800px) 100vw, 800px" /></p>
<p>Den ersten „Wolkenkratzer“ der Stadt findet man jedoch am SNP-Platz mitten im Stadtzentrum. Das Wohn- und Geschäftshaus Manderla ist 45m hoch und wurde 1935 erbaut. Eigentümer war der erfolgreiche Metzger Rudolf Manderla, der im Erdgeschoss auch eine Metzgerei errichten ließ.</p>
<h2><strong>Zeitgenössische Architektur </strong></h2>
<p>Seit dem Fall des kommunistischen Regimes im Jahr 1989 erlebt Bratislava einen regelrechten Bauboom. Zahlreiche neue Handels-, Wohn- und Geschäftsviertel sind entstanden: beispielsweise Eurovea und River Park am Donauufer oder der Sky Park mit seinen elliptischen Wohntürmen. Letztere wurden vom britischen Architekturbüro der bekannten Architektin Zaha Hadid entworfen.</p>
<p>Interessante Architektur findet man auch im Umland der Stadt. Ein Beispiel hierfür ist das <a href="https://www.visitbratislava.com/de/setzt/danubiana-meulensteen-art-museum/">Kunstmuseum Danubiana Meulensteen</a> auf einer aufgeschütteten Halbinsel inmitten der Donau bei Čunovo. Liebhaber von Kunst und Architektur kommen hier bestimmt auf ihre Kosten.</p>
<p><img loading="lazy" width="800" height="482" class="aligncenter size-large wp-image-99275" src="https://www.visitbratislava.com/wp-content/uploads/2021/01/danubiana-1-800x482.jpg" alt="" srcset="https://www.visitbratislava.com/wp-content/uploads/2021/01/danubiana-1-800x482.jpg 800w, https://www.visitbratislava.com/wp-content/uploads/2021/01/danubiana-1-400x241.jpg 400w, https://www.visitbratislava.com/wp-content/uploads/2021/01/danubiana-1-768x463.jpg 768w, https://www.visitbratislava.com/wp-content/uploads/2021/01/danubiana-1-1536x926.jpg 1536w, https://www.visitbratislava.com/wp-content/uploads/2021/01/danubiana-1-2048x1234.jpg 2048w, https://www.visitbratislava.com/wp-content/uploads/2021/01/danubiana-1-200x121.jpg 200w" sizes="(max-width: 800px) 100vw, 800px" /></p>

<p>Umgedrehte Pyramide, UFO-förmiges Restaurant über einer Brücke und vieles mehr</p>
