{"id":134364,"date":"2022-04-13T10:50:55","date_gmt":"2022-04-13T08:50:55","guid":{"rendered":"https:\/\/www.visitbratislava.com\/?page_id=134364"},"modified":"2026-03-26T18:08:35","modified_gmt":"2026-03-26T17:08:35","slug":"programm-des-tourismusverbandes-bratislava","status":"publish","type":"page","link":"https:\/\/www.visitbratislava.com\/de\/bratislavaer-stadttage\/programm-des-tourismusverbandes-bratislava\/","title":{"rendered":"Programm des Tourismusverbandes Bratislava"},"content":{"rendered":"<h3><strong>\u00d6ffnung der Stadttore<\/strong><\/h3>\n<p><em>25. April, Primaci\u00e1lne n\u00e1mestie, 09:30 &#8211; 10:00 Uhr<\/em><\/p>\n<p><span class=\"jCAhz ChMk0b\"><span class=\"ryNqvb\">Die \u00d6ffnung der Stadttore in einer historischen Version erinnert an die Kr\u00f6nungstradition Bratislavas und symbolisiert die Offenheit der Stadt und die Geheimnisse, die in den Geschichten ihrer \u00fcber 700-j\u00e4hrigen Vergangenheit verborgen sind.<\/span><\/span> <span class=\"jCAhz ChMk0b\"><span class=\"ryNqvb\">Die \u00d6ffnung des Tores des Primatenpalastes wird als lyrische Geschichte von Liebe und Ehre dargestellt, die Fechtaktionen, musikalische Auftritte und gesprochenes Wort umfasst.<\/span><\/span><\/p>\n<p><span class=\"jCAhz ChMk0b\"><span class=\"ryNqvb\">Nach dem Sieg des Guten werden wir gemeinsam mit den Einwohnern der Stadt und den Besuchern der Stadt das Tor des Primatenpalastes zu den Kl\u00e4ngen von Trommeln und Fanfaren und damit zu den Bratislavaer Stadttagen \u00f6ffnen.<\/span><\/span><\/p>\n<p><img loading=\"lazy\" width=\"800\" height=\"533\" class=\"alignnone size-large wp-image-233870\" src=\"https:\/\/www.visitbratislava.com\/wp-content\/uploads\/2023\/04\/3M6A0912-800x533.jpg\" alt=\"\" srcset=\"https:\/\/www.visitbratislava.com\/wp-content\/uploads\/2023\/04\/3M6A0912-800x533.jpg 800w, https:\/\/www.visitbratislava.com\/wp-content\/uploads\/2023\/04\/3M6A0912-400x267.jpg 400w, https:\/\/www.visitbratislava.com\/wp-content\/uploads\/2023\/04\/3M6A0912-768x512.jpg 768w, https:\/\/www.visitbratislava.com\/wp-content\/uploads\/2023\/04\/3M6A0912-1536x1024.jpg 1536w, https:\/\/www.visitbratislava.com\/wp-content\/uploads\/2023\/04\/3M6A0912-200x133.jpg 200w, https:\/\/www.visitbratislava.com\/wp-content\/uploads\/2023\/04\/3M6A0912.jpg 1920w\" sizes=\"(max-width: 800px) 100vw, 800px\" \/> <span style=\"font-size: 10pt;\"><em>Die \u00d6ffnung der Tore wird von der Fechtgruppe <a href=\"https:\/\/tostabur.sk\/\" target=\"_blank\" rel=\"noopener\">TOSTABUR<\/a> vorbereitet.<\/em><\/span><\/p>\n<h3 data-start=\"952\" data-end=\"986\">F\u00fchrungen durch die Krypten<\/h3>\n<p data-start=\"952\" data-end=\"986\"><em>25. April, 9:00 Uhr, St.-Martins-Kathedrale<\/em><\/p>\n<p data-start=\"952\" data-end=\"986\">Besuchen Sie die geheimnisvollen unterirdischen Krypten, die sich sechs Meter unter der St.-Martins-Kathedrale befinden und eine bewegte Geschichte hinter sich haben. Hier ist beispielsweise Kardinal Peter P\u00e1zm\u00e1ny (1570\u20131637) bestattet, der das spirituelle und gesellschaftliche Leben auf dem Gebiet der heutigen Slowakei \u00fcber viele Jahre pr\u00e4gte.<\/p>\n<p><iframe id=\"toot-ifr19d2af1ebea\" src=\"https:\/\/tootoot.fm\/buy-embedded\/?event-id=69afeaaeb61efc504902c7d8&amp;ifr-id=toot-ifr19d2af1ebea&amp;lang=en&amp;theme=light,transparent\" width=\"100%\" frameborder=\"0\" scrolling=\"no\"><\/iframe><br \/>\n<script>!function(e,t,o,r,n){var a,i=t.getElementsByTagName(o)[0],s=\"TootootIframesAsyncLoad\";if(e[s]||(e[s]=[]),t.getElementById(r)){var c=e.TootootIframes;c?c.register(n):e[s].push(n)}else e[s].push(n),(a=t.createElement(o)).id=r,a.src=\"https:\/\/tootoot.fm\/buy-embedded\/host.v2.js\",i.parentNode.insertBefore(a,i)}(window,document,\"script\",\"tootoot-iframe-channel\",\"toot-ifr19d2af1ebea\");<\/script><\/p>\n<h3>Propeller wieder auf der Donau<\/h3>\n<p class=\"\" data-start=\"988\" data-end=\"1110\"><em>Am 25. April, Strecke <strong data-start=\"1014\" data-end=\"1057\">Altstadt \u2013 Petr\u017ealka um 12:00 und 13:30<\/strong>, Strecke <strong data-start=\"1067\" data-end=\"1110\">Petr\u017ealka \u2013 Altstadt um 12:45 und 14:15<\/strong><\/em><\/p>\n<p class=\"\" data-start=\"1112\" data-end=\"1275\">Der Propeller war einst eine beliebte und oft genutzte M\u00f6glichkeit, von der Altstadt nach Petr\u017ealka zu gelangen. Heute ist er nur noch eine historische Erinnerung.<\/p>\n<p class=\"\" data-start=\"1277\" data-end=\"1516\"><strong data-start=\"1277\" data-end=\"1319\">W\u00e4hrend der Bratislavaer Stadtfesttage<\/strong> wird der legend\u00e4re Propeller jedoch wieder zum Leben erweckt, und Sie k\u00f6nnen eine Bootsfahrt zwischen den Ufern der Donau mit au\u00dfergew\u00f6hnlichen Ausblicken auf die Wahrzeichen Bratislavas genie\u00dfen.<\/p>\n<p class=\"\" data-start=\"1518\" data-end=\"1842\">Dank des <strong data-start=\"1527\" data-end=\"1547\">Unternehmens LOD<\/strong>, das das Schiff <em data-start=\"1564\" data-end=\"1572\">Martin<\/em> zur Verf\u00fcgung stellt, ist dieses Erlebnis <strong data-start=\"1615\" data-end=\"1628\">kostenlos<\/strong>. Erinnern Sie sich an vergangene Zeiten und zeigen Sie auch der n\u00e4chsten Generation, wie es fr\u00fcher in Bratislava war, als die Altstadt und Petr\u017ealka noch nicht durch so viele Br\u00fccken f\u00fcr Fu\u00dfg\u00e4nger verbunden waren.<\/p>\n<p class=\"\" data-start=\"1844\" data-end=\"1902\">\ud83d\udccd <a href=\"https:\/\/maps.app.goo.gl\/NJ3PQUWKXqudPKCW9\" target=\"_blank\" rel=\"noopener\">Ponton Propeller Altstadt<\/a>\u2003\ud83d\udccd <a href=\"https:\/\/maps.app.goo.gl\/nsGkV58gjQF2Afep7\" target=\"_blank\" rel=\"noopener\">Ponton Propeller Petr\u017ealka<\/a><\/p>\n<p><iframe id=\"toot-ifr19d2af31623\" src=\"https:\/\/tootoot.fm\/buy-embedded\/?event-id=69ab417b6935d4f754c382a8&amp;ifr-id=toot-ifr19d2af31623&amp;lang=en&amp;theme=light,transparent\" width=\"100%\" frameborder=\"0\" scrolling=\"no\"><\/iframe><br \/>\n<script>!function(e,t,o,r,n){var a,i=t.getElementsByTagName(o)[0],s=\"TootootIframesAsyncLoad\";if(e[s]||(e[s]=[]),t.getElementById(r)){var c=e.TootootIframes;c?c.register(n):e[s].push(n)}else e[s].push(n),(a=t.createElement(o)).id=r,a.src=\"https:\/\/tootoot.fm\/buy-embedded\/host.v2.js\",i.parentNode.insertBefore(a,i)}(window,document,\"script\",\"tootoot-iframe-channel\",\"toot-ifr19d2af31623\");<\/script><\/p>\n<h3><img loading=\"lazy\" class=\"alignnone wp-image-436226 size-full\" src=\"https:\/\/www.visitbratislava.com\/wp-content\/uploads\/2024\/03\/057b6fe9e8057ec481d55a747fb73228.png\" alt=\"\" width=\"1300\" height=\"867\" srcset=\"https:\/\/www.visitbratislava.com\/wp-content\/uploads\/2024\/03\/057b6fe9e8057ec481d55a747fb73228.png 1300w, https:\/\/www.visitbratislava.com\/wp-content\/uploads\/2024\/03\/057b6fe9e8057ec481d55a747fb73228-400x267.png 400w, https:\/\/www.visitbratislava.com\/wp-content\/uploads\/2024\/03\/057b6fe9e8057ec481d55a747fb73228-800x534.png 800w, https:\/\/www.visitbratislava.com\/wp-content\/uploads\/2024\/03\/057b6fe9e8057ec481d55a747fb73228-768x512.png 768w, https:\/\/www.visitbratislava.com\/wp-content\/uploads\/2024\/03\/057b6fe9e8057ec481d55a747fb73228-200x133.png 200w\" sizes=\"(max-width: 1300px) 100vw, 1300px\" \/><\/h3>\n<h3>Orgelkonzert<\/h3>\n<p><em>25. April, Die Kathedrale des Heiligen Martin<span class=\"jCAhz ChMk0b\"><span class=\"ryNqvb\">, <\/span><\/span>17:00 Uhr<\/em><\/p>\n<p>H\u00f6ren Sie sich das Konzert von Daniel Gab\u010do und Krist\u00edna Gab\u010dov\u00e1 an, Organisten der Kathedrale St. Martin. Das Konzert umfasst au\u00dfergew\u00f6hnliche Werke von Komponisten des 20. und 21. Jahrhunderts, darunter auch slowakische Autoren.<\/p>\n<p><img loading=\"lazy\" width=\"1920\" height=\"1280\" class=\"alignnone size-full wp-image-213107\" src=\"https:\/\/www.visitbratislava.com\/wp-content\/uploads\/2022\/12\/Pozadie_Kovac_2022_katedrala_sv_Martina_architektura_jesen_obloha_lavicka_nevyhradna_licencia.jpg\" alt=\"\" srcset=\"https:\/\/www.visitbratislava.com\/wp-content\/uploads\/2022\/12\/Pozadie_Kovac_2022_katedrala_sv_Martina_architektura_jesen_obloha_lavicka_nevyhradna_licencia.jpg 1920w, https:\/\/www.visitbratislava.com\/wp-content\/uploads\/2022\/12\/Pozadie_Kovac_2022_katedrala_sv_Martina_architektura_jesen_obloha_lavicka_nevyhradna_licencia-400x267.jpg 400w, https:\/\/www.visitbratislava.com\/wp-content\/uploads\/2022\/12\/Pozadie_Kovac_2022_katedrala_sv_Martina_architektura_jesen_obloha_lavicka_nevyhradna_licencia-800x533.jpg 800w, https:\/\/www.visitbratislava.com\/wp-content\/uploads\/2022\/12\/Pozadie_Kovac_2022_katedrala_sv_Martina_architektura_jesen_obloha_lavicka_nevyhradna_licencia-768x512.jpg 768w, https:\/\/www.visitbratislava.com\/wp-content\/uploads\/2022\/12\/Pozadie_Kovac_2022_katedrala_sv_Martina_architektura_jesen_obloha_lavicka_nevyhradna_licencia-1536x1024.jpg 1536w, https:\/\/www.visitbratislava.com\/wp-content\/uploads\/2022\/12\/Pozadie_Kovac_2022_katedrala_sv_Martina_architektura_jesen_obloha_lavicka_nevyhradna_licencia-200x133.jpg 200w\" sizes=\"(max-width: 1920px) 100vw, 1920px\" \/><\/p>\n<p><em>Wenn die Kapazit\u00e4t voll ist, w\u00e4hlen Sie bitte aus den anderen Optionen.<\/em><\/p>\n","protected":false},"excerpt":{"rendered":"<p>Bratilavaer Stadttage werden wieder ein attraktives Wochenende in der Stadt, in ihren kulturellen Organisationen, auf den Pl\u00e4tzen, aber auch in der nahen Landschaft bringen.<\/p>\n","protected":false},"author":32,"featured_media":62912,"parent":134010,"menu_order":0,"comment_status":"closed","ping_status":"closed","template":"","meta":[],"acf":[],"_links":{"self":[{"href":"https:\/\/www.visitbratislava.com\/de\/wp-json\/wp\/v2\/pages\/134364"}],"collection":[{"href":"https:\/\/www.visitbratislava.com\/de\/wp-json\/wp\/v2\/pages"}],"about":[{"href":"https:\/\/www.visitbratislava.com\/de\/wp-json\/wp\/v2\/types\/page"}],"author":[{"embeddable":true,"href":"https:\/\/www.visitbratislava.com\/de\/wp-json\/wp\/v2\/users\/32"}],"replies":[{"embeddable":true,"href":"https:\/\/www.visitbratislava.com\/de\/wp-json\/wp\/v2\/comments?post=134364"}],"version-history":[{"count":35,"href":"https:\/\/www.visitbratislava.com\/de\/wp-json\/wp\/v2\/pages\/134364\/revisions"}],"predecessor-version":[{"id":436620,"href":"https:\/\/www.visitbratislava.com\/de\/wp-json\/wp\/v2\/pages\/134364\/revisions\/436620"}],"up":[{"embeddable":true,"href":"https:\/\/www.visitbratislava.com\/de\/wp-json\/wp\/v2\/pages\/134010"}],"wp:featuredmedia":[{"embeddable":true,"href":"https:\/\/www.visitbratislava.com\/de\/wp-json\/wp\/v2\/media\/62912"}],"wp:attachment":[{"href":"https:\/\/www.visitbratislava.com\/de\/wp-json\/wp\/v2\/media?parent=134364"}],"curies":[{"name":"wp","href":"https:\/\/api.w.org\/{rel}","templated":true}]}}

<h3><strong>Öffnung der Stadttore</strong></h3>
<p><em>25. April, Primaciálne námestie, 09:30 &#8211; 10:00 Uhr</em></p>
<p><span class="jCAhz ChMk0b"><span class="ryNqvb">Die Öffnung der Stadttore in einer historischen Version erinnert an die Krönungstradition Bratislavas und symbolisiert die Offenheit der Stadt und die Geheimnisse, die in den Geschichten ihrer über 700-jährigen Vergangenheit verborgen sind.</span></span> <span class="jCAhz ChMk0b"><span class="ryNqvb">Die Öffnung des Tores des Primatenpalastes wird als lyrische Geschichte von Liebe und Ehre dargestellt, die Fechtaktionen, musikalische Auftritte und gesprochenes Wort umfasst.</span></span></p>
<p><span class="jCAhz ChMk0b"><span class="ryNqvb">Nach dem Sieg des Guten werden wir gemeinsam mit den Einwohnern der Stadt und den Besuchern der Stadt das Tor des Primatenpalastes zu den Klängen von Trommeln und Fanfaren und damit zu den Bratislavaer Stadttagen öffnen.</span></span></p>
<p><img loading="lazy" width="800" height="533" class="alignnone size-large wp-image-233870" src="https://www.visitbratislava.com/wp-content/uploads/2023/04/3M6A0912-800x533.jpg" alt="" srcset="https://www.visitbratislava.com/wp-content/uploads/2023/04/3M6A0912-800x533.jpg 800w, https://www.visitbratislava.com/wp-content/uploads/2023/04/3M6A0912-400x267.jpg 400w, https://www.visitbratislava.com/wp-content/uploads/2023/04/3M6A0912-768x512.jpg 768w, https://www.visitbratislava.com/wp-content/uploads/2023/04/3M6A0912-1536x1024.jpg 1536w, https://www.visitbratislava.com/wp-content/uploads/2023/04/3M6A0912-200x133.jpg 200w, https://www.visitbratislava.com/wp-content/uploads/2023/04/3M6A0912.jpg 1920w" sizes="(max-width: 800px) 100vw, 800px" /> <span style="font-size: 10pt;"><em>Die Öffnung der Tore wird von der Fechtgruppe <a href="https://tostabur.sk/" target="_blank" rel="noopener">TOSTABUR</a> vorbereitet.</em></span></p>
<h3 data-start="952" data-end="986">Führungen durch die Krypten</h3>
<p data-start="952" data-end="986"><em>25. April, 9:00 Uhr, St.-Martins-Kathedrale</em></p>
<p data-start="952" data-end="986">Besuchen Sie die geheimnisvollen unterirdischen Krypten, die sich sechs Meter unter der St.-Martins-Kathedrale befinden und eine bewegte Geschichte hinter sich haben. Hier ist beispielsweise Kardinal Peter Pázmány (1570–1637) bestattet, der das spirituelle und gesellschaftliche Leben auf dem Gebiet der heutigen Slowakei über viele Jahre prägte.</p>
<p><iframe id="toot-ifr19d2af1ebea" src="https://tootoot.fm/buy-embedded/?event-id=69afeaaeb61efc504902c7d8&amp;ifr-id=toot-ifr19d2af1ebea&amp;lang=en&amp;theme=light,transparent" width="100%" frameborder="0" scrolling="no"></iframe><br />
<script>!function(e,t,o,r,n){var a,i=t.getElementsByTagName(o)[0],s="TootootIframesAsyncLoad";if(e[s]||(e[s]=[]),t.getElementById(r)){var c=e.TootootIframes;c?c.register(n):e[s].push(n)}else e[s].push(n),(a=t.createElement(o)).id=r,a.src="https://tootoot.fm/buy-embedded/host.v2.js",i.parentNode.insertBefore(a,i)}(window,document,"script","tootoot-iframe-channel","toot-ifr19d2af1ebea");</script></p>
<h3>Propeller wieder auf der Donau</h3>
<p class="" data-start="988" data-end="1110"><em>Am 25. April, Strecke <strong data-start="1014" data-end="1057">Altstadt – Petržalka um 12:00 und 13:30</strong>, Strecke <strong data-start="1067" data-end="1110">Petržalka – Altstadt um 12:45 und 14:15</strong></em></p>
<p class="" data-start="1112" data-end="1275">Der Propeller war einst eine beliebte und oft genutzte Möglichkeit, von der Altstadt nach Petržalka zu gelangen. Heute ist er nur noch eine historische Erinnerung.</p>
<p class="" data-start="1277" data-end="1516"><strong data-start="1277" data-end="1319">Während der Bratislavaer Stadtfesttage</strong> wird der legendäre Propeller jedoch wieder zum Leben erweckt, und Sie können eine Bootsfahrt zwischen den Ufern der Donau mit außergewöhnlichen Ausblicken auf die Wahrzeichen Bratislavas genießen.</p>
<p class="" data-start="1518" data-end="1842">Dank des <strong data-start="1527" data-end="1547">Unternehmens LOD</strong>, das das Schiff <em data-start="1564" data-end="1572">Martin</em> zur Verfügung stellt, ist dieses Erlebnis <strong data-start="1615" data-end="1628">kostenlos</strong>. Erinnern Sie sich an vergangene Zeiten und zeigen Sie auch der nächsten Generation, wie es früher in Bratislava war, als die Altstadt und Petržalka noch nicht durch so viele Brücken für Fußgänger verbunden waren.</p>
<p class="" data-start="1844" data-end="1902">📍 <a href="https://maps.app.goo.gl/NJ3PQUWKXqudPKCW9" target="_blank" rel="noopener">Ponton Propeller Altstadt</a> 📍 <a href="https://maps.app.goo.gl/nsGkV58gjQF2Afep7" target="_blank" rel="noopener">Ponton Propeller Petržalka</a></p>
<p><iframe id="toot-ifr19d2af31623" src="https://tootoot.fm/buy-embedded/?event-id=69ab417b6935d4f754c382a8&amp;ifr-id=toot-ifr19d2af31623&amp;lang=en&amp;theme=light,transparent" width="100%" frameborder="0" scrolling="no"></iframe><br />
<script>!function(e,t,o,r,n){var a,i=t.getElementsByTagName(o)[0],s="TootootIframesAsyncLoad";if(e[s]||(e[s]=[]),t.getElementById(r)){var c=e.TootootIframes;c?c.register(n):e[s].push(n)}else e[s].push(n),(a=t.createElement(o)).id=r,a.src="https://tootoot.fm/buy-embedded/host.v2.js",i.parentNode.insertBefore(a,i)}(window,document,"script","tootoot-iframe-channel","toot-ifr19d2af31623");</script></p>
<h3><img loading="lazy" class="alignnone wp-image-436226 size-full" src="https://www.visitbratislava.com/wp-content/uploads/2024/03/057b6fe9e8057ec481d55a747fb73228.png" alt="" width="1300" height="867" srcset="https://www.visitbratislava.com/wp-content/uploads/2024/03/057b6fe9e8057ec481d55a747fb73228.png 1300w, https://www.visitbratislava.com/wp-content/uploads/2024/03/057b6fe9e8057ec481d55a747fb73228-400x267.png 400w, https://www.visitbratislava.com/wp-content/uploads/2024/03/057b6fe9e8057ec481d55a747fb73228-800x534.png 800w, https://www.visitbratislava.com/wp-content/uploads/2024/03/057b6fe9e8057ec481d55a747fb73228-768x512.png 768w, https://www.visitbratislava.com/wp-content/uploads/2024/03/057b6fe9e8057ec481d55a747fb73228-200x133.png 200w" sizes="(max-width: 1300px) 100vw, 1300px" /></h3>
<h3>Orgelkonzert</h3>
<p><em>25. April, Die Kathedrale des Heiligen Martin<span class="jCAhz ChMk0b"><span class="ryNqvb">, </span></span>17:00 Uhr</em></p>
<p>Hören Sie sich das Konzert von Daniel Gabčo und Kristína Gabčová an, Organisten der Kathedrale St. Martin. Das Konzert umfasst außergewöhnliche Werke von Komponisten des 20. und 21. Jahrhunderts, darunter auch slowakische Autoren.</p>
<p><img loading="lazy" width="1920" height="1280" class="alignnone size-full wp-image-213107" src="https://www.visitbratislava.com/wp-content/uploads/2022/12/Pozadie_Kovac_2022_katedrala_sv_Martina_architektura_jesen_obloha_lavicka_nevyhradna_licencia.jpg" alt="" srcset="https://www.visitbratislava.com/wp-content/uploads/2022/12/Pozadie_Kovac_2022_katedrala_sv_Martina_architektura_jesen_obloha_lavicka_nevyhradna_licencia.jpg 1920w, https://www.visitbratislava.com/wp-content/uploads/2022/12/Pozadie_Kovac_2022_katedrala_sv_Martina_architektura_jesen_obloha_lavicka_nevyhradna_licencia-400x267.jpg 400w, https://www.visitbratislava.com/wp-content/uploads/2022/12/Pozadie_Kovac_2022_katedrala_sv_Martina_architektura_jesen_obloha_lavicka_nevyhradna_licencia-800x533.jpg 800w, https://www.visitbratislava.com/wp-content/uploads/2022/12/Pozadie_Kovac_2022_katedrala_sv_Martina_architektura_jesen_obloha_lavicka_nevyhradna_licencia-768x512.jpg 768w, https://www.visitbratislava.com/wp-content/uploads/2022/12/Pozadie_Kovac_2022_katedrala_sv_Martina_architektura_jesen_obloha_lavicka_nevyhradna_licencia-1536x1024.jpg 1536w, https://www.visitbratislava.com/wp-content/uploads/2022/12/Pozadie_Kovac_2022_katedrala_sv_Martina_architektura_jesen_obloha_lavicka_nevyhradna_licencia-200x133.jpg 200w" sizes="(max-width: 1920px) 100vw, 1920px" /></p>
<p><em>Wenn die Kapazität voll ist, wählen Sie bitte aus den anderen Optionen.</em></p>

<p>Bratilavaer Stadttage werden wieder ein attraktives Wochenende in der Stadt, in ihren kulturellen Organisationen, auf den Plätzen, aber auch in der nahen Landschaft bringen.</p>
