{"id":142744,"date":"2022-07-11T11:26:50","date_gmt":"2022-07-11T09:26:50","guid":{"rendered":"https:\/\/www.visitbratislava.com\/?page_id=142744"},"modified":"2025-08-12T16:46:08","modified_gmt":"2025-08-12T14:46:08","slug":"bratislavaer-kroenungstage","status":"publish","type":"page","link":"https:\/\/www.visitbratislava.com\/de\/bratislavaer-kroenungstage\/","title":{"rendered":"Bratislavaer Kr\u00f6nungstage"},"content":{"rendered":"<h3 data-start=\"1439\" data-end=\"1523\"><strong data-start=\"1448\" data-end=\"1523\">Tauchen Sie ein in k\u00f6nigliche Geschichte \u2013 Kr\u00f6nungstage Bratislava 2025<\/strong><\/h3>\n<p data-start=\"1525\" data-end=\"1809\">Vom <strong data-start=\"1529\" data-end=\"1554\">25. bis 27. Juli 2025<\/strong> verwandelt sich Bratislava \u2013 die ehemalige Kr\u00f6nungsstadt des K\u00f6nigreichs Ungarn \u2013 in eine lebendige B\u00fchne k\u00f6niglichen Erbes. An diesem Sommerwochenende wird Geschichte in den Stra\u00dfen, auf den Pl\u00e4tzen und in den H\u00f6fen der slowakischen Hauptstadt lebendig.<\/p>\n<p data-start=\"1811\" data-end=\"1866\">\ud83c\udf1f <strong data-start=\"1814\" data-end=\"1866\">Erleben Sie die Atmosph\u00e4re einer echten Kr\u00f6nung!<\/strong><\/p>\n<p data-start=\"1868\" data-end=\"1906\">W\u00e4hrend der Kr\u00f6nungstage erwartet Sie:<\/p>\n<p data-start=\"1908\" data-end=\"2573\">\u2694\ufe0f <strong data-start=\"1911\" data-end=\"1928\">Ritterturnier<\/strong> mit klirrenden Schwertern, edlen Pferden und heldenhaften Duellen \u2013 <em data-start=\"1997\" data-end=\"2030\">Tyr\u0161-Ufer, Freitag um 17:30 Uhr<\/em><br data-start=\"2030\" data-end=\"2033\" \/>\ud83d\udc51 <strong data-start=\"2036\" data-end=\"2058\">Kr\u00f6nungsprozession<\/strong> mit kost\u00fcmierten Monarch:innen und Adel durch die Altstadt \u2013 <em data-start=\"2120\" data-end=\"2175\">von der Burg bis zum Hauptplatz, Samstag um 16:00 Uhr<\/em><br data-start=\"2175\" data-end=\"2178\" \/>\ud83d\udd6f\ufe0f <strong data-start=\"2182\" data-end=\"2197\">Kr\u00f6nungsakt<\/strong> mit Renaissancemusik, feierlichen T\u00e4nzen und historischen Zeremonien \u2013 <em data-start=\"2269\" data-end=\"2303\">Hauptplatz, Samstag um 17:00 Uhr<br data-start=\"2303\" data-end=\"2306\" \/><\/em>\ud83c\udf77 <strong>Das Blaufr\u00e4nkisch- und Bratislava-Weinfestiva<\/strong>l <em>l\u00e4dt Sie ein, den Wein zu kosten, der einst K\u00f6nigen und K\u00f6niginnen serviert wurde<\/em><br data-start=\"2303\" data-end=\"2306\" \/>\ud83c\udfad <strong data-start=\"2309\" data-end=\"2333\">Workshops und Spiele<\/strong> f\u00fcr Familien und Besucher:innen jeden Alters \u2013 <em data-start=\"2381\" data-end=\"2429\">an verschiedenen Orten w\u00e4hrend des Wochenendes<\/em><br data-start=\"2429\" data-end=\"2432\" \/>\ud83d\udd0d <strong data-start=\"2435\" data-end=\"2474\">Gef\u00fchrte thematische Stadtrundg\u00e4nge<\/strong>, die wahre Geschichten der Kr\u00f6nungen zum Leben erwecken \u2013 <em data-start=\"2533\" data-end=\"2573\">t\u00e4glich in der Altstadt, mit Anmeldung<\/em><\/p>\n<p data-start=\"2575\" data-end=\"2747\">\ud83d\udccd Alle Hauptveranstaltungen finden im historischen Zentrum von Bratislava statt \u2013 dort, wo einst K\u00f6nige und K\u00f6niginnen wandelten.<br data-start=\"2705\" data-end=\"2708\" \/>\ud83d\udcb6 Das Hauptprogramm ist <strong data-start=\"2733\" data-end=\"2746\">kostenlos<\/strong>.<\/p>\n<p data-start=\"2575\" data-end=\"2747\"><img loading=\"lazy\" class=\"alignnone wp-image-346933\" src=\"https:\/\/www.visitbratislava.com\/wp-content\/uploads\/2025\/08\/loga.png\" alt=\"\" width=\"1236\" height=\"77\" srcset=\"https:\/\/www.visitbratislava.com\/wp-content\/uploads\/2025\/08\/loga.png 1636w, https:\/\/www.visitbratislava.com\/wp-content\/uploads\/2025\/08\/loga-400x25.png 400w, https:\/\/www.visitbratislava.com\/wp-content\/uploads\/2025\/08\/loga-800x50.png 800w, https:\/\/www.visitbratislava.com\/wp-content\/uploads\/2025\/08\/loga-768x48.png 768w, https:\/\/www.visitbratislava.com\/wp-content\/uploads\/2025\/08\/loga-1536x96.png 1536w, https:\/\/www.visitbratislava.com\/wp-content\/uploads\/2025\/08\/loga-200x12.png 200w\" sizes=\"(max-width: 1236px) 100vw, 1236px\" \/><\/p>\n","protected":false},"excerpt":{"rendered":"<p>Drei Tage lang kehrt Bratislava rechtzeitig zur\u00fcck, um wieder Pre\u00dfburg zu werden.<\/p>\n","protected":false},"author":32,"featured_media":341935,"parent":0,"menu_order":0,"comment_status":"closed","ping_status":"closed","template":"tpl-page-grid.php","meta":[],"acf":[],"_links":{"self":[{"href":"https:\/\/www.visitbratislava.com\/de\/wp-json\/wp\/v2\/pages\/142744"}],"collection":[{"href":"https:\/\/www.visitbratislava.com\/de\/wp-json\/wp\/v2\/pages"}],"about":[{"href":"https:\/\/www.visitbratislava.com\/de\/wp-json\/wp\/v2\/types\/page"}],"author":[{"embeddable":true,"href":"https:\/\/www.visitbratislava.com\/de\/wp-json\/wp\/v2\/users\/32"}],"replies":[{"embeddable":true,"href":"https:\/\/www.visitbratislava.com\/de\/wp-json\/wp\/v2\/comments?post=142744"}],"version-history":[{"count":22,"href":"https:\/\/www.visitbratislava.com\/de\/wp-json\/wp\/v2\/pages\/142744\/revisions"}],"predecessor-version":[{"id":346941,"href":"https:\/\/www.visitbratislava.com\/de\/wp-json\/wp\/v2\/pages\/142744\/revisions\/346941"}],"wp:featuredmedia":[{"embeddable":true,"href":"https:\/\/www.visitbratislava.com\/de\/wp-json\/wp\/v2\/media\/341935"}],"wp:attachment":[{"href":"https:\/\/www.visitbratislava.com\/de\/wp-json\/wp\/v2\/media?parent=142744"}],"curies":[{"name":"wp","href":"https:\/\/api.w.org\/{rel}","templated":true}]}}

Bratislavaer Krönungstage

<h3 data-start="1439" data-end="1523"><strong data-start="1448" data-end="1523">Tauchen Sie ein in königliche Geschichte – Krönungstage Bratislava 2025</strong></h3>
<p data-start="1525" data-end="1809">Vom <strong data-start="1529" data-end="1554">25. bis 27. Juli 2025</strong> verwandelt sich Bratislava – die ehemalige Krönungsstadt des Königreichs Ungarn – in eine lebendige Bühne königlichen Erbes. An diesem Sommerwochenende wird Geschichte in den Straßen, auf den Plätzen und in den Höfen der slowakischen Hauptstadt lebendig.</p>
<p data-start="1811" data-end="1866">🌟 <strong data-start="1814" data-end="1866">Erleben Sie die Atmosphäre einer echten Krönung!</strong></p>
<p data-start="1868" data-end="1906">Während der Krönungstage erwartet Sie:</p>
<p data-start="1908" data-end="2573">⚔️ <strong data-start="1911" data-end="1928">Ritterturnier</strong> mit klirrenden Schwertern, edlen Pferden und heldenhaften Duellen – <em data-start="1997" data-end="2030">Tyrš-Ufer, Freitag um 17:30 Uhr</em><br data-start="2030" data-end="2033" />👑 <strong data-start="2036" data-end="2058">Krönungsprozession</strong> mit kostümierten Monarch:innen und Adel durch die Altstadt – <em data-start="2120" data-end="2175">von der Burg bis zum Hauptplatz, Samstag um 16:00 Uhr</em><br data-start="2175" data-end="2178" />🕯️ <strong data-start="2182" data-end="2197">Krönungsakt</strong> mit Renaissancemusik, feierlichen Tänzen und historischen Zeremonien – <em data-start="2269" data-end="2303">Hauptplatz, Samstag um 17:00 Uhr<br data-start="2303" data-end="2306" /></em>🍷 <strong>Das Blaufränkisch- und Bratislava-Weinfestiva</strong>l <em>lädt Sie ein, den Wein zu kosten, der einst Königen und Königinnen serviert wurde</em><br data-start="2303" data-end="2306" />🎭 <strong data-start="2309" data-end="2333">Workshops und Spiele</strong> für Familien und Besucher:innen jeden Alters – <em data-start="2381" data-end="2429">an verschiedenen Orten während des Wochenendes</em><br data-start="2429" data-end="2432" />🔍 <strong data-start="2435" data-end="2474">Geführte thematische Stadtrundgänge</strong>, die wahre Geschichten der Krönungen zum Leben erwecken – <em data-start="2533" data-end="2573">täglich in der Altstadt, mit Anmeldung</em></p>
<p data-start="2575" data-end="2747">📍 Alle Hauptveranstaltungen finden im historischen Zentrum von Bratislava statt – dort, wo einst Könige und Königinnen wandelten.<br data-start="2705" data-end="2708" />💶 Das Hauptprogramm ist <strong data-start="2733" data-end="2746">kostenlos</strong>.</p>
<p data-start="2575" data-end="2747"><img loading="lazy" class="alignnone wp-image-346933" src="https://www.visitbratislava.com/wp-content/uploads/2025/08/loga.png" alt="" width="1236" height="77" srcset="https://www.visitbratislava.com/wp-content/uploads/2025/08/loga.png 1636w, https://www.visitbratislava.com/wp-content/uploads/2025/08/loga-400x25.png 400w, https://www.visitbratislava.com/wp-content/uploads/2025/08/loga-800x50.png 800w, https://www.visitbratislava.com/wp-content/uploads/2025/08/loga-768x48.png 768w, https://www.visitbratislava.com/wp-content/uploads/2025/08/loga-1536x96.png 1536w, https://www.visitbratislava.com/wp-content/uploads/2025/08/loga-200x12.png 200w" sizes="(max-width: 1236px) 100vw, 1236px" /></p>

<p>Drei Tage lang kehrt Bratislava rechtzeitig zurück, um wieder Preßburg zu werden.</p>
