{"id":197414,"date":"2022-11-24T12:17:07","date_gmt":"2022-11-24T11:17:07","guid":{"rendered":"https:\/\/www.visitbratislava.com\/?page_id=197414"},"modified":"2024-12-10T13:32:34","modified_gmt":"2024-12-10T12:32:34","slug":"weihnachten-steht-vor-der-tuer","status":"publish","type":"page","link":"https:\/\/www.visitbratislava.com\/de\/weihnachten-in-bratislava\/weihnachten-steht-vor-der-tuer\/","title":{"rendered":"Weihnachten steht vor der T\u00fcr"},"content":{"rendered":"<p>Farbige Leuchten der Weihnachtsdekoration, unwiderstehliche Dufte der Vielzahl von salzigen und s\u00fc\u00dfen Naschereien und w\u00e4rmenden Getr\u00e4nke, k\u00fcnstlerische Sch\u00f6nheit der Handwerksprodukte, T\u00f6ne der Musik, die sich direkt in die Herzen versenkt, und vor allem vor Freude strahlende Augen der Kinder und Erwachsenen. So sehen typische<a href=\"https:\/\/www.visitbratislava.com\/de\/geschehen\/bratislavaer-weihnachten\/\" target=\"_blank\" rel=\"noopener\"> <strong>Weihnachten in Bratislava<\/strong><\/a> aus.<\/p>\n<p><span style=\"font-size: 10pt; color: #ff0000;\"><em>*Bitte beachten Sie, dass ab dem 24. Dezember bis zum 26. Dezember Gesch\u00e4fte, Restaurants und andere Dienstleistungen aufgrund des Nationalfeiertags geschlossen bleiben.<\/em><\/span><\/p>\n<p><img loading=\"lazy\" width=\"1920\" height=\"1280\" class=\"alignleft size-full wp-image-191433\" src=\"https:\/\/www.visitbratislava.com\/wp-content\/uploads\/2022\/11\/vianoce-stare-mesto_1920x1280.jpg\" alt=\"\" srcset=\"https:\/\/www.visitbratislava.com\/wp-content\/uploads\/2022\/11\/vianoce-stare-mesto_1920x1280.jpg 1920w, https:\/\/www.visitbratislava.com\/wp-content\/uploads\/2022\/11\/vianoce-stare-mesto_1920x1280-400x267.jpg 400w, https:\/\/www.visitbratislava.com\/wp-content\/uploads\/2022\/11\/vianoce-stare-mesto_1920x1280-800x533.jpg 800w, https:\/\/www.visitbratislava.com\/wp-content\/uploads\/2022\/11\/vianoce-stare-mesto_1920x1280-768x512.jpg 768w, https:\/\/www.visitbratislava.com\/wp-content\/uploads\/2022\/11\/vianoce-stare-mesto_1920x1280-1536x1024.jpg 1536w, https:\/\/www.visitbratislava.com\/wp-content\/uploads\/2022\/11\/vianoce-stare-mesto_1920x1280-200x133.jpg 200w\" sizes=\"(max-width: 1920px) 100vw, 1920px\" \/><\/p>\n<p>Ihr Symbol ist seitdem Jahr 1925 der <strong>Weihnachtsbaum<\/strong> im Stadtzentrum. Der 12 Meter hohe Baum steht bereits auf dem Hauptplatz, Den Weihnachtsbaum auf dem Hauptplatz vervollst\u00e4ndigt ein weiterer im historischen Stadtkern auf dem Hviezdoslav-Platz.<\/p>\n<p><img loading=\"lazy\" width=\"1707\" height=\"2560\" class=\"alignnone size-full wp-image-318826\" src=\"https:\/\/www.visitbratislava.com\/wp-content\/uploads\/2024\/11\/Kovac_2022_vianoce_zima_narodne-divadlo_sneh_noc_nevyhradna-licencia-scaled.jpg\" alt=\"\" srcset=\"https:\/\/www.visitbratislava.com\/wp-content\/uploads\/2024\/11\/Kovac_2022_vianoce_zima_narodne-divadlo_sneh_noc_nevyhradna-licencia-scaled.jpg 1707w, https:\/\/www.visitbratislava.com\/wp-content\/uploads\/2024\/11\/Kovac_2022_vianoce_zima_narodne-divadlo_sneh_noc_nevyhradna-licencia-267x400.jpg 267w, https:\/\/www.visitbratislava.com\/wp-content\/uploads\/2024\/11\/Kovac_2022_vianoce_zima_narodne-divadlo_sneh_noc_nevyhradna-licencia-533x800.jpg 533w, https:\/\/www.visitbratislava.com\/wp-content\/uploads\/2024\/11\/Kovac_2022_vianoce_zima_narodne-divadlo_sneh_noc_nevyhradna-licencia-768x1152.jpg 768w, https:\/\/www.visitbratislava.com\/wp-content\/uploads\/2024\/11\/Kovac_2022_vianoce_zima_narodne-divadlo_sneh_noc_nevyhradna-licencia-1024x1536.jpg 1024w, https:\/\/www.visitbratislava.com\/wp-content\/uploads\/2024\/11\/Kovac_2022_vianoce_zima_narodne-divadlo_sneh_noc_nevyhradna-licencia-1365x2048.jpg 1365w, https:\/\/www.visitbratislava.com\/wp-content\/uploads\/2024\/11\/Kovac_2022_vianoce_zima_narodne-divadlo_sneh_noc_nevyhradna-licencia-133x200.jpg 133w\" sizes=\"(max-width: 1707px) 100vw, 1707px\" \/><\/p>\n<p>Die Stra\u00dfen von Bratislava werden wieder voller Menschen, guter Laune und fr\u00f6hlicher Atmosph\u00e4re sein. Dutzende St\u00e4nde werden mit Erfrischungen und traditionellen und handgemachten Produkten \u00fcberquellen. Die Essensst\u00e4nde bieten Pfandgl\u00e4ser und kompostierbares Geschirr an, einige akzeptieren auch Kartenzahlungen. M\u00fclltrennungsbeh\u00e4lter garantieren Nachhaltigkeit.<\/p>\n<p><strong><a href=\"https:\/\/www.visitbratislava.com\/de\/geschehen\/hauptweihnachtsmarkt\/\" target=\"_blank\" rel=\"noopener\">Die Weihnachtsm\u00e4rkte auf dem Hauptplatz<\/a><\/strong> und dem <a href=\"https:\/\/www.visitbratislava.com\/de\/geschehen\/altstaedtische-weihnachtsmaerkte\/\" target=\"_blank\" rel=\"noopener\"><strong>Hviezdoslavovo-Platz<\/strong><\/a> sind bis zum 6. Januar ge\u00f6ffnet, mit Ausnahme der feiertagsbedingten<span style=\"color: #ff0000;\"> Schlie\u00dfung vom 24. bis 26. Dezember<\/span>. Besorgen Sie Ihre Weihnachtsgeschenke hier oder in den<strong> <a href=\"https:\/\/www.visitbratislava.com\/de\/besuch\/einkaufen\/\" target=\"_blank\" rel=\"noopener\">\u00f6rtlichen Gesch\u00e4ften<\/a> <\/strong>in der Innenstadt.<\/p>\n<p><img loading=\"lazy\" width=\"1920\" height=\"1280\" class=\"alignleft size-full wp-image-191445\" src=\"https:\/\/www.visitbratislava.com\/wp-content\/uploads\/2022\/11\/Vianocne-trhy-Bratislava-011_1920x1280.jpg\" alt=\"\" srcset=\"https:\/\/www.visitbratislava.com\/wp-content\/uploads\/2022\/11\/Vianocne-trhy-Bratislava-011_1920x1280.jpg 1920w, https:\/\/www.visitbratislava.com\/wp-content\/uploads\/2022\/11\/Vianocne-trhy-Bratislava-011_1920x1280-400x267.jpg 400w, https:\/\/www.visitbratislava.com\/wp-content\/uploads\/2022\/11\/Vianocne-trhy-Bratislava-011_1920x1280-800x533.jpg 800w, https:\/\/www.visitbratislava.com\/wp-content\/uploads\/2022\/11\/Vianocne-trhy-Bratislava-011_1920x1280-768x512.jpg 768w, https:\/\/www.visitbratislava.com\/wp-content\/uploads\/2022\/11\/Vianocne-trhy-Bratislava-011_1920x1280-1536x1024.jpg 1536w, https:\/\/www.visitbratislava.com\/wp-content\/uploads\/2022\/11\/Vianocne-trhy-Bratislava-011_1920x1280-200x133.jpg 200w\" sizes=\"(max-width: 1920px) 100vw, 1920px\" \/><\/p>\n<p><strong><a href=\"https:\/\/bratislavskevianoce.sk\/program\/\" target=\"_blank\" rel=\"noopener\">Das Programm in der ganzen Stadt<\/a><\/strong>, konzentriert vor allem auf dem Hauptplatz und Franziskaner-Platz bietet auf verschiedenen Kulturszenen vielseitige feierliche Zeitverbringung. Sie k\u00f6nnen sich so z.B. auf Adventskonzerte, Quizze, Lekt\u00fcren, Theatervorstellungen oder Ausstellungen freuen.<\/p>\n<p><img loading=\"lazy\" width=\"1920\" height=\"1280\" class=\"alignleft size-full wp-image-191457\" src=\"https:\/\/www.visitbratislava.com\/wp-content\/uploads\/2022\/11\/DSCF3526-16_1920x1280.jpg\" alt=\"\" srcset=\"https:\/\/www.visitbratislava.com\/wp-content\/uploads\/2022\/11\/DSCF3526-16_1920x1280.jpg 1920w, https:\/\/www.visitbratislava.com\/wp-content\/uploads\/2022\/11\/DSCF3526-16_1920x1280-400x267.jpg 400w, https:\/\/www.visitbratislava.com\/wp-content\/uploads\/2022\/11\/DSCF3526-16_1920x1280-800x533.jpg 800w, https:\/\/www.visitbratislava.com\/wp-content\/uploads\/2022\/11\/DSCF3526-16_1920x1280-768x512.jpg 768w, https:\/\/www.visitbratislava.com\/wp-content\/uploads\/2022\/11\/DSCF3526-16_1920x1280-1536x1024.jpg 1536w, https:\/\/www.visitbratislava.com\/wp-content\/uploads\/2022\/11\/DSCF3526-16_1920x1280-200x133.jpg 200w\" sizes=\"(max-width: 1920px) 100vw, 1920px\" \/><\/p>\n<p>Die Festtage in der Stadt werden auch ein Wohlt\u00e4tigkeitsausma\u00df haben. In Klarisky werden beliebte Austauschb\u00f6rsen stattfinden und die Bekleidung, Spielzeuge und B\u00fccher, welche zwischen den Besuchern nicht ausgetauscht werden, werden dann die Menschen in Not bekommen.<\/p>\n<p>Die Weihnachtsatmosph\u00e4re vollendet auch in diesem Jahr der <strong>Weihnachtswald<\/strong> auf dem Primatialplatz. Die Kinder aus den Grundschulen, Kunstschulen und speziellen Grundschulen aus Bratislava werden die Weihnachtsb\u00e4ume auf dem Platz mit eigenen originellen Dekorationen aus Naturmaterialen schm\u00fccken. Die Weihnachtsb\u00e4ume werden dann in die Wohlt\u00e4tigkeitsorganisationen, Vereine f\u00fcr die obdachlosen Menschen, aber auch zu den Familien in schwerer sozialer Lage weiter gegeben.<\/p>\n<p><img loading=\"lazy\" width=\"1920\" height=\"1280\" class=\"alignleft size-full wp-image-191463\" src=\"https:\/\/www.visitbratislava.com\/wp-content\/uploads\/2022\/11\/DSC_0949_1920x1280.jpg\" alt=\"\" srcset=\"https:\/\/www.visitbratislava.com\/wp-content\/uploads\/2022\/11\/DSC_0949_1920x1280.jpg 1920w, https:\/\/www.visitbratislava.com\/wp-content\/uploads\/2022\/11\/DSC_0949_1920x1280-400x267.jpg 400w, https:\/\/www.visitbratislava.com\/wp-content\/uploads\/2022\/11\/DSC_0949_1920x1280-800x533.jpg 800w, https:\/\/www.visitbratislava.com\/wp-content\/uploads\/2022\/11\/DSC_0949_1920x1280-768x512.jpg 768w, https:\/\/www.visitbratislava.com\/wp-content\/uploads\/2022\/11\/DSC_0949_1920x1280-1536x1024.jpg 1536w, https:\/\/www.visitbratislava.com\/wp-content\/uploads\/2022\/11\/DSC_0949_1920x1280-200x133.jpg 200w\" sizes=\"(max-width: 1920px) 100vw, 1920px\" \/><\/p>\n<p>Im <a href=\"https:\/\/www.visitbratislava.com\/de\/donau-kaviar-oder-schneckeneier-schneckenkaviar-auch-das-waren-bratislavaer-weihnachtsleckereien\/\" target=\"_blank\" rel=\"noopener\"><strong>fr\u00fcheren Pre\u00dfburg<\/strong><\/a> und seit der Zeit der Ersten Republik wurden die Weihnachten auch in Bratislava als ein Festtag des Gebens wahrgenommen. Die Hilfe den Hilfsbed\u00fcrftigen geh\u00f6rte nicht nur zum Bonton, sie war ein Bestandteil der Identit\u00e4t der \u00f6rtlichen Bewohner. Wer sich mit seinem Gl\u00fcck mit denjenigen teilen konnte, welche nicht so viel Gl\u00fcck hatten, war einfach verpflichtet dies zu machen. Die alten Bewohner von Pre\u00dfburg t\u00e4ten dies gern, oft im Gro\u00dfen und nicht nur w\u00e4hrend Advent und Weihnachten.<\/p>\n<p><img loading=\"lazy\" width=\"1920\" height=\"1280\" class=\"alignleft size-full wp-image-191487\" src=\"https:\/\/www.visitbratislava.com\/wp-content\/uploads\/2022\/11\/Vianocne-trhy-Bratislava-012_1920x1280.jpg\" alt=\"\" srcset=\"https:\/\/www.visitbratislava.com\/wp-content\/uploads\/2022\/11\/Vianocne-trhy-Bratislava-012_1920x1280.jpg 1920w, https:\/\/www.visitbratislava.com\/wp-content\/uploads\/2022\/11\/Vianocne-trhy-Bratislava-012_1920x1280-400x267.jpg 400w, https:\/\/www.visitbratislava.com\/wp-content\/uploads\/2022\/11\/Vianocne-trhy-Bratislava-012_1920x1280-800x533.jpg 800w, https:\/\/www.visitbratislava.com\/wp-content\/uploads\/2022\/11\/Vianocne-trhy-Bratislava-012_1920x1280-768x512.jpg 768w, https:\/\/www.visitbratislava.com\/wp-content\/uploads\/2022\/11\/Vianocne-trhy-Bratislava-012_1920x1280-1536x1024.jpg 1536w, https:\/\/www.visitbratislava.com\/wp-content\/uploads\/2022\/11\/Vianocne-trhy-Bratislava-012_1920x1280-200x133.jpg 200w\" sizes=\"(max-width: 1920px) 100vw, 1920px\" \/><em style=\"font-size: 10pt;\">Weihnachtsm\u00e4rkte werden vom Kultur- und Informationszentrum Bratislava nach Bratislava gebracht.<\/em><\/p>\n","protected":false},"excerpt":{"rendered":"<p>Die beliebtesten Feiertage des Jahres kommen bereits.<\/p>\n","protected":false},"author":32,"featured_media":191424,"parent":197408,"menu_order":0,"comment_status":"closed","ping_status":"closed","template":"","meta":[],"acf":[],"_links":{"self":[{"href":"https:\/\/www.visitbratislava.com\/de\/wp-json\/wp\/v2\/pages\/197414"}],"collection":[{"href":"https:\/\/www.visitbratislava.com\/de\/wp-json\/wp\/v2\/pages"}],"about":[{"href":"https:\/\/www.visitbratislava.com\/de\/wp-json\/wp\/v2\/types\/page"}],"author":[{"embeddable":true,"href":"https:\/\/www.visitbratislava.com\/de\/wp-json\/wp\/v2\/users\/32"}],"replies":[{"embeddable":true,"href":"https:\/\/www.visitbratislava.com\/de\/wp-json\/wp\/v2\/comments?post=197414"}],"version-history":[{"count":17,"href":"https:\/\/www.visitbratislava.com\/de\/wp-json\/wp\/v2\/pages\/197414\/revisions"}],"predecessor-version":[{"id":321561,"href":"https:\/\/www.visitbratislava.com\/de\/wp-json\/wp\/v2\/pages\/197414\/revisions\/321561"}],"up":[{"embeddable":true,"href":"https:\/\/www.visitbratislava.com\/de\/wp-json\/wp\/v2\/pages\/197408"}],"wp:featuredmedia":[{"embeddable":true,"href":"https:\/\/www.visitbratislava.com\/de\/wp-json\/wp\/v2\/media\/191424"}],"wp:attachment":[{"href":"https:\/\/www.visitbratislava.com\/de\/wp-json\/wp\/v2\/media?parent=197414"}],"curies":[{"name":"wp","href":"https:\/\/api.w.org\/{rel}","templated":true}]}}

Weihnachten steht vor der Tür

<p>Farbige Leuchten der Weihnachtsdekoration, unwiderstehliche Dufte der Vielzahl von salzigen und süßen Naschereien und wärmenden Getränke, künstlerische Schönheit der Handwerksprodukte, Töne der Musik, die sich direkt in die Herzen versenkt, und vor allem vor Freude strahlende Augen der Kinder und Erwachsenen. So sehen typische<a href="https://www.visitbratislava.com/de/geschehen/bratislavaer-weihnachten/" target="_blank" rel="noopener"> <strong>Weihnachten in Bratislava</strong></a> aus.</p>
<p><span style="font-size: 10pt; color: #ff0000;"><em>*Bitte beachten Sie, dass ab dem 24. Dezember bis zum 26. Dezember Geschäfte, Restaurants und andere Dienstleistungen aufgrund des Nationalfeiertags geschlossen bleiben.</em></span></p>
<p><img loading="lazy" width="1920" height="1280" class="alignleft size-full wp-image-191433" src="https://www.visitbratislava.com/wp-content/uploads/2022/11/vianoce-stare-mesto_1920x1280.jpg" alt="" srcset="https://www.visitbratislava.com/wp-content/uploads/2022/11/vianoce-stare-mesto_1920x1280.jpg 1920w, https://www.visitbratislava.com/wp-content/uploads/2022/11/vianoce-stare-mesto_1920x1280-400x267.jpg 400w, https://www.visitbratislava.com/wp-content/uploads/2022/11/vianoce-stare-mesto_1920x1280-800x533.jpg 800w, https://www.visitbratislava.com/wp-content/uploads/2022/11/vianoce-stare-mesto_1920x1280-768x512.jpg 768w, https://www.visitbratislava.com/wp-content/uploads/2022/11/vianoce-stare-mesto_1920x1280-1536x1024.jpg 1536w, https://www.visitbratislava.com/wp-content/uploads/2022/11/vianoce-stare-mesto_1920x1280-200x133.jpg 200w" sizes="(max-width: 1920px) 100vw, 1920px" /></p>
<p>Ihr Symbol ist seitdem Jahr 1925 der <strong>Weihnachtsbaum</strong> im Stadtzentrum. Der 12 Meter hohe Baum steht bereits auf dem Hauptplatz, Den Weihnachtsbaum auf dem Hauptplatz vervollständigt ein weiterer im historischen Stadtkern auf dem Hviezdoslav-Platz.</p>
<p><img loading="lazy" width="1707" height="2560" class="alignnone size-full wp-image-318826" src="https://www.visitbratislava.com/wp-content/uploads/2024/11/Kovac_2022_vianoce_zima_narodne-divadlo_sneh_noc_nevyhradna-licencia-scaled.jpg" alt="" srcset="https://www.visitbratislava.com/wp-content/uploads/2024/11/Kovac_2022_vianoce_zima_narodne-divadlo_sneh_noc_nevyhradna-licencia-scaled.jpg 1707w, https://www.visitbratislava.com/wp-content/uploads/2024/11/Kovac_2022_vianoce_zima_narodne-divadlo_sneh_noc_nevyhradna-licencia-267x400.jpg 267w, https://www.visitbratislava.com/wp-content/uploads/2024/11/Kovac_2022_vianoce_zima_narodne-divadlo_sneh_noc_nevyhradna-licencia-533x800.jpg 533w, https://www.visitbratislava.com/wp-content/uploads/2024/11/Kovac_2022_vianoce_zima_narodne-divadlo_sneh_noc_nevyhradna-licencia-768x1152.jpg 768w, https://www.visitbratislava.com/wp-content/uploads/2024/11/Kovac_2022_vianoce_zima_narodne-divadlo_sneh_noc_nevyhradna-licencia-1024x1536.jpg 1024w, https://www.visitbratislava.com/wp-content/uploads/2024/11/Kovac_2022_vianoce_zima_narodne-divadlo_sneh_noc_nevyhradna-licencia-1365x2048.jpg 1365w, https://www.visitbratislava.com/wp-content/uploads/2024/11/Kovac_2022_vianoce_zima_narodne-divadlo_sneh_noc_nevyhradna-licencia-133x200.jpg 133w" sizes="(max-width: 1707px) 100vw, 1707px" /></p>
<p>Die Straßen von Bratislava werden wieder voller Menschen, guter Laune und fröhlicher Atmosphäre sein. Dutzende Stände werden mit Erfrischungen und traditionellen und handgemachten Produkten überquellen. Die Essensstände bieten Pfandgläser und kompostierbares Geschirr an, einige akzeptieren auch Kartenzahlungen. Mülltrennungsbehälter garantieren Nachhaltigkeit.</p>
<p><strong><a href="https://www.visitbratislava.com/de/geschehen/hauptweihnachtsmarkt/" target="_blank" rel="noopener">Die Weihnachtsmärkte auf dem Hauptplatz</a></strong> und dem <a href="https://www.visitbratislava.com/de/geschehen/altstaedtische-weihnachtsmaerkte/" target="_blank" rel="noopener"><strong>Hviezdoslavovo-Platz</strong></a> sind bis zum 6. Januar geöffnet, mit Ausnahme der feiertagsbedingten<span style="color: #ff0000;"> Schließung vom 24. bis 26. Dezember</span>. Besorgen Sie Ihre Weihnachtsgeschenke hier oder in den<strong> <a href="https://www.visitbratislava.com/de/besuch/einkaufen/" target="_blank" rel="noopener">örtlichen Geschäften</a> </strong>in der Innenstadt.</p>
<p><img loading="lazy" width="1920" height="1280" class="alignleft size-full wp-image-191445" src="https://www.visitbratislava.com/wp-content/uploads/2022/11/Vianocne-trhy-Bratislava-011_1920x1280.jpg" alt="" srcset="https://www.visitbratislava.com/wp-content/uploads/2022/11/Vianocne-trhy-Bratislava-011_1920x1280.jpg 1920w, https://www.visitbratislava.com/wp-content/uploads/2022/11/Vianocne-trhy-Bratislava-011_1920x1280-400x267.jpg 400w, https://www.visitbratislava.com/wp-content/uploads/2022/11/Vianocne-trhy-Bratislava-011_1920x1280-800x533.jpg 800w, https://www.visitbratislava.com/wp-content/uploads/2022/11/Vianocne-trhy-Bratislava-011_1920x1280-768x512.jpg 768w, https://www.visitbratislava.com/wp-content/uploads/2022/11/Vianocne-trhy-Bratislava-011_1920x1280-1536x1024.jpg 1536w, https://www.visitbratislava.com/wp-content/uploads/2022/11/Vianocne-trhy-Bratislava-011_1920x1280-200x133.jpg 200w" sizes="(max-width: 1920px) 100vw, 1920px" /></p>
<p><strong><a href="https://bratislavskevianoce.sk/program/" target="_blank" rel="noopener">Das Programm in der ganzen Stadt</a></strong>, konzentriert vor allem auf dem Hauptplatz und Franziskaner-Platz bietet auf verschiedenen Kulturszenen vielseitige feierliche Zeitverbringung. Sie können sich so z.B. auf Adventskonzerte, Quizze, Lektüren, Theatervorstellungen oder Ausstellungen freuen.</p>
<p><img loading="lazy" width="1920" height="1280" class="alignleft size-full wp-image-191457" src="https://www.visitbratislava.com/wp-content/uploads/2022/11/DSCF3526-16_1920x1280.jpg" alt="" srcset="https://www.visitbratislava.com/wp-content/uploads/2022/11/DSCF3526-16_1920x1280.jpg 1920w, https://www.visitbratislava.com/wp-content/uploads/2022/11/DSCF3526-16_1920x1280-400x267.jpg 400w, https://www.visitbratislava.com/wp-content/uploads/2022/11/DSCF3526-16_1920x1280-800x533.jpg 800w, https://www.visitbratislava.com/wp-content/uploads/2022/11/DSCF3526-16_1920x1280-768x512.jpg 768w, https://www.visitbratislava.com/wp-content/uploads/2022/11/DSCF3526-16_1920x1280-1536x1024.jpg 1536w, https://www.visitbratislava.com/wp-content/uploads/2022/11/DSCF3526-16_1920x1280-200x133.jpg 200w" sizes="(max-width: 1920px) 100vw, 1920px" /></p>
<p>Die Festtage in der Stadt werden auch ein Wohltätigkeitsausmaß haben. In Klarisky werden beliebte Austauschbörsen stattfinden und die Bekleidung, Spielzeuge und Bücher, welche zwischen den Besuchern nicht ausgetauscht werden, werden dann die Menschen in Not bekommen.</p>
<p>Die Weihnachtsatmosphäre vollendet auch in diesem Jahr der <strong>Weihnachtswald</strong> auf dem Primatialplatz. Die Kinder aus den Grundschulen, Kunstschulen und speziellen Grundschulen aus Bratislava werden die Weihnachtsbäume auf dem Platz mit eigenen originellen Dekorationen aus Naturmaterialen schmücken. Die Weihnachtsbäume werden dann in die Wohltätigkeitsorganisationen, Vereine für die obdachlosen Menschen, aber auch zu den Familien in schwerer sozialer Lage weiter gegeben.</p>
<p><img loading="lazy" width="1920" height="1280" class="alignleft size-full wp-image-191463" src="https://www.visitbratislava.com/wp-content/uploads/2022/11/DSC_0949_1920x1280.jpg" alt="" srcset="https://www.visitbratislava.com/wp-content/uploads/2022/11/DSC_0949_1920x1280.jpg 1920w, https://www.visitbratislava.com/wp-content/uploads/2022/11/DSC_0949_1920x1280-400x267.jpg 400w, https://www.visitbratislava.com/wp-content/uploads/2022/11/DSC_0949_1920x1280-800x533.jpg 800w, https://www.visitbratislava.com/wp-content/uploads/2022/11/DSC_0949_1920x1280-768x512.jpg 768w, https://www.visitbratislava.com/wp-content/uploads/2022/11/DSC_0949_1920x1280-1536x1024.jpg 1536w, https://www.visitbratislava.com/wp-content/uploads/2022/11/DSC_0949_1920x1280-200x133.jpg 200w" sizes="(max-width: 1920px) 100vw, 1920px" /></p>
<p>Im <a href="https://www.visitbratislava.com/de/donau-kaviar-oder-schneckeneier-schneckenkaviar-auch-das-waren-bratislavaer-weihnachtsleckereien/" target="_blank" rel="noopener"><strong>früheren Preßburg</strong></a> und seit der Zeit der Ersten Republik wurden die Weihnachten auch in Bratislava als ein Festtag des Gebens wahrgenommen. Die Hilfe den Hilfsbedürftigen gehörte nicht nur zum Bonton, sie war ein Bestandteil der Identität der örtlichen Bewohner. Wer sich mit seinem Glück mit denjenigen teilen konnte, welche nicht so viel Glück hatten, war einfach verpflichtet dies zu machen. Die alten Bewohner von Preßburg täten dies gern, oft im Großen und nicht nur während Advent und Weihnachten.</p>
<p><img loading="lazy" width="1920" height="1280" class="alignleft size-full wp-image-191487" src="https://www.visitbratislava.com/wp-content/uploads/2022/11/Vianocne-trhy-Bratislava-012_1920x1280.jpg" alt="" srcset="https://www.visitbratislava.com/wp-content/uploads/2022/11/Vianocne-trhy-Bratislava-012_1920x1280.jpg 1920w, https://www.visitbratislava.com/wp-content/uploads/2022/11/Vianocne-trhy-Bratislava-012_1920x1280-400x267.jpg 400w, https://www.visitbratislava.com/wp-content/uploads/2022/11/Vianocne-trhy-Bratislava-012_1920x1280-800x533.jpg 800w, https://www.visitbratislava.com/wp-content/uploads/2022/11/Vianocne-trhy-Bratislava-012_1920x1280-768x512.jpg 768w, https://www.visitbratislava.com/wp-content/uploads/2022/11/Vianocne-trhy-Bratislava-012_1920x1280-1536x1024.jpg 1536w, https://www.visitbratislava.com/wp-content/uploads/2022/11/Vianocne-trhy-Bratislava-012_1920x1280-200x133.jpg 200w" sizes="(max-width: 1920px) 100vw, 1920px" /><em style="font-size: 10pt;">Weihnachtsmärkte werden vom Kultur- und Informationszentrum Bratislava nach Bratislava gebracht.</em></p>
