{"id":33428,"date":"2017-06-12T10:20:52","date_gmt":"2017-06-12T08:20:52","guid":{"rendered":"https:\/\/www.visitbratislava.com\/?page_id=33428\/"},"modified":"2023-08-18T15:26:13","modified_gmt":"2023-08-18T13:26:13","slug":"kroenungszeugen","status":"publish","type":"page","link":"https:\/\/www.visitbratislava.com\/de\/kroenung\/kroenungszeugen\/","title":{"rendered":"Kr\u00f6nungszeugen"},"content":{"rendered":"<p>Der dem heiligen Bischof Martin von Tours und dem Heiligen Erl\u00f6ser geweihte <strong>Dom<\/strong> war zwar nicht die repr\u00e4sentativste religi\u00f6se St\u00e4tte Ungarns, wurde aber aufgrund seiner g\u00fcnstigen Lage in einer Stadt, die nicht von den T\u00fcrken besetzt war und in der N\u00e4he von Wien lag, fast drei Jahrhunderte lang zum Kr\u00f6nungstempel. An die Kr\u00f6nungsfeierlichkeiten erinnert bis heute ein vergoldetes Modell der ungarischen Krone oben auf dem Turm und eine, auf die Wand links des Altars gemalte, unvollst\u00e4ndige Liste der gekr\u00f6nten K\u00f6nige und K\u00f6niginnen. In den Krypten der Kathedrale ruhen viele Bisch\u00f6fe und Adelige, die an Kr\u00f6nungen teilgenommen haben.<\/p>\n<p><img loading=\"lazy\" width=\"800\" height=\"533\" class=\"aligncenter size-large wp-image-4063\" src=\"https:\/\/www.visitbratislava.com\/wp-content\/uploads\/2014\/10\/St-Martins-Cathedral-800x533.jpg\" alt=\"\" srcset=\"https:\/\/www.visitbratislava.com\/wp-content\/uploads\/2014\/10\/St-Martins-Cathedral-800x533.jpg 800w, https:\/\/www.visitbratislava.com\/wp-content\/uploads\/2014\/10\/St-Martins-Cathedral-400x267.jpg 400w, https:\/\/www.visitbratislava.com\/wp-content\/uploads\/2014\/10\/St-Martins-Cathedral-200x133.jpg 200w, https:\/\/www.visitbratislava.com\/wp-content\/uploads\/2014\/10\/St-Martins-Cathedral.jpg 1350w\" sizes=\"(max-width: 800px) 100vw, 800px\" \/><\/p>\n<p>Ein Symbol des heutigen Bratislava ist die <strong>Burg<\/strong>, die von 1536 Residenz der ungarischen K\u00f6nige war und in deren s\u00fcdwestlichem Turm ab dem Jahre 1784 die Kronjuwelen bewacht wurden. Seine pr\u00e4chtigen R\u00e4ume f\u00fcllten sich vor allem w\u00e4hrend der Kr\u00f6nungen mit edlen G\u00e4sten. Nach einem Brand im Jahre 1811 wurden der Primatialpalast und der Grassalkovichov-Palast zu vor\u00fcbergehenden Herrschersitzen.<\/p>\n<p><img loading=\"lazy\" width=\"800\" height=\"533\" class=\"aligncenter size-full wp-image-107075\" src=\"https:\/\/www.visitbratislava.com\/wp-content\/uploads\/2021\/06\/Kovac-Bratislavsky-hrad-dron.jpg\" alt=\"\" srcset=\"https:\/\/www.visitbratislava.com\/wp-content\/uploads\/2021\/06\/Kovac-Bratislavsky-hrad-dron.jpg 800w, https:\/\/www.visitbratislava.com\/wp-content\/uploads\/2021\/06\/Kovac-Bratislavsky-hrad-dron-400x267.jpg 400w, https:\/\/www.visitbratislava.com\/wp-content\/uploads\/2021\/06\/Kovac-Bratislavsky-hrad-dron-768x512.jpg 768w, https:\/\/www.visitbratislava.com\/wp-content\/uploads\/2021\/06\/Kovac-Bratislavsky-hrad-dron-200x133.jpg 200w\" sizes=\"(max-width: 800px) 100vw, 800px\" \/><\/p>\n<p><strong>Den Hauptplatz<\/strong> dominiert ein Brunnen, den Maximilian, der erste in der Stadt gekr\u00f6nte K\u00f6nig, errichten und mit seinem Bildnis versehen lie\u00df. Nur wenige Schritte von dort steht auch die Franziskanerkirche, in der der Herrscher Knappen zu Rittern schlug und der Primatialpalast, der Sitz des Erzbischofs, in dem auch K\u00f6nige \u00fcbernachteten oder in dem Kr\u00f6nungsgelage abgehalten wurden.<\/p>\n<p><img loading=\"lazy\" width=\"800\" height=\"531\" class=\"aligncenter size-large wp-image-10918\" src=\"https:\/\/www.visitbratislava.com\/wp-content\/uploads\/2016\/02\/HLAVNE_NAMESTIE_VECERNA2-800x531.jpg\" alt=\"\" srcset=\"https:\/\/www.visitbratislava.com\/wp-content\/uploads\/2016\/02\/HLAVNE_NAMESTIE_VECERNA2-800x531.jpg 800w, https:\/\/www.visitbratislava.com\/wp-content\/uploads\/2016\/02\/HLAVNE_NAMESTIE_VECERNA2-400x266.jpg 400w, https:\/\/www.visitbratislava.com\/wp-content\/uploads\/2016\/02\/HLAVNE_NAMESTIE_VECERNA2-768x510.jpg 768w, https:\/\/www.visitbratislava.com\/wp-content\/uploads\/2016\/02\/HLAVNE_NAMESTIE_VECERNA2-200x133.jpg 200w\" sizes=\"(max-width: 800px) 100vw, 800px\" \/><\/p>\n<p><strong>Das Michaelertor<\/strong> ist das letzte erhaltene Tor der Stadtbefestigung. Benannt ist es nach dem Erzengel Michael. Durch dieses Tor verlie\u00df die Kr\u00f6nungsprozession die Stadt und im Freien, au\u00dferhalb der Stadtmauern, legte der neue Monarch seinen feierlichen Eid ab.<\/p>\n<p><img loading=\"lazy\" width=\"800\" height=\"533\" class=\"alignnone size-large wp-image-218204\" src=\"https:\/\/www.visitbratislava.com\/wp-content\/uploads\/2023\/01\/Crot-Prod_2022_dron_michalska-veza_hrad_obloha_leto_zapad-slnka_stare-mesto_nevyhradna-licencia_1920x1280-800x533.jpg\" alt=\"\" srcset=\"https:\/\/www.visitbratislava.com\/wp-content\/uploads\/2023\/01\/Crot-Prod_2022_dron_michalska-veza_hrad_obloha_leto_zapad-slnka_stare-mesto_nevyhradna-licencia_1920x1280-800x533.jpg 800w, https:\/\/www.visitbratislava.com\/wp-content\/uploads\/2023\/01\/Crot-Prod_2022_dron_michalska-veza_hrad_obloha_leto_zapad-slnka_stare-mesto_nevyhradna-licencia_1920x1280-400x267.jpg 400w, https:\/\/www.visitbratislava.com\/wp-content\/uploads\/2023\/01\/Crot-Prod_2022_dron_michalska-veza_hrad_obloha_leto_zapad-slnka_stare-mesto_nevyhradna-licencia_1920x1280-768x512.jpg 768w, https:\/\/www.visitbratislava.com\/wp-content\/uploads\/2023\/01\/Crot-Prod_2022_dron_michalska-veza_hrad_obloha_leto_zapad-slnka_stare-mesto_nevyhradna-licencia_1920x1280-1536x1024.jpg 1536w, https:\/\/www.visitbratislava.com\/wp-content\/uploads\/2023\/01\/Crot-Prod_2022_dron_michalska-veza_hrad_obloha_leto_zapad-slnka_stare-mesto_nevyhradna-licencia_1920x1280-200x133.jpg 200w, https:\/\/www.visitbratislava.com\/wp-content\/uploads\/2023\/01\/Crot-Prod_2022_dron_michalska-veza_hrad_obloha_leto_zapad-slnka_stare-mesto_nevyhradna-licencia_1920x1280.jpg 1920w\" sizes=\"(max-width: 800px) 100vw, 800px\" \/><\/p>\n<p>Neben historischen Geb\u00e4uden und Denkm\u00e4lern sind aus der Zeit der Kr\u00f6nungen auch sakrale Gegenst\u00e4nde im St. Martinsdom, Kr\u00f6nungsmedaillen, M\u00fcnzen und mit der Kr\u00f6nung verbundene Gegenst\u00e4nde in den Sammlungen des Slowakischen Nationalmuseums und des Museums der Stadt Bratislava, Bilder und Dokumente in den Sammlungen der Galerie der Stadt Bratislava und des Stadtarchivs erhalten.<\/p>\n<p><img loading=\"lazy\" width=\"800\" height=\"600\" class=\"alignnone size-large wp-image-240957\" src=\"https:\/\/www.visitbratislava.com\/wp-content\/uploads\/2018\/07\/Srnec_leto_2021_korunovacie-2021_kupene_nevyhradna-licencia-casovo-neobmedzena-60-800x600.jpg\" alt=\"\" srcset=\"https:\/\/www.visitbratislava.com\/wp-content\/uploads\/2018\/07\/Srnec_leto_2021_korunovacie-2021_kupene_nevyhradna-licencia-casovo-neobmedzena-60-800x600.jpg 800w, https:\/\/www.visitbratislava.com\/wp-content\/uploads\/2018\/07\/Srnec_leto_2021_korunovacie-2021_kupene_nevyhradna-licencia-casovo-neobmedzena-60-400x300.jpg 400w, https:\/\/www.visitbratislava.com\/wp-content\/uploads\/2018\/07\/Srnec_leto_2021_korunovacie-2021_kupene_nevyhradna-licencia-casovo-neobmedzena-60-768x576.jpg 768w, https:\/\/www.visitbratislava.com\/wp-content\/uploads\/2018\/07\/Srnec_leto_2021_korunovacie-2021_kupene_nevyhradna-licencia-casovo-neobmedzena-60-1536x1152.jpg 1536w, https:\/\/www.visitbratislava.com\/wp-content\/uploads\/2018\/07\/Srnec_leto_2021_korunovacie-2021_kupene_nevyhradna-licencia-casovo-neobmedzena-60-2048x1536.jpg 2048w, https:\/\/www.visitbratislava.com\/wp-content\/uploads\/2018\/07\/Srnec_leto_2021_korunovacie-2021_kupene_nevyhradna-licencia-casovo-neobmedzena-60-200x150.jpg 200w, https:\/\/www.visitbratislava.com\/wp-content\/uploads\/2018\/07\/Srnec_leto_2021_korunovacie-2021_kupene_nevyhradna-licencia-casovo-neobmedzena-60-600x450.jpg 600w\" sizes=\"(max-width: 800px) 100vw, 800px\" \/><\/p>\n","protected":false},"excerpt":{"rendered":"<p>Der dem heiligen Bischof Martin von Tours und dem Heiligen Erl\u00f6ser geweihte Dom war zwar nicht die repr\u00e4sentativste religi\u00f6se St\u00e4tte Ungarns, wurde aber aufgrund seiner g\u00fcnstigen Lage in einer Stadt, die nicht von den T\u00fcrken besetzt war und in der N\u00e4he von Wien lag, fast drei Jahrhunderte lang zum Kr\u00f6nungstempel. An die Kr\u00f6nungsfeierlichkeiten erinnert bis [&hellip;]<\/p>\n","protected":false},"author":10,"featured_media":73601,"parent":33319,"menu_order":0,"comment_status":"closed","ping_status":"closed","template":"","meta":[],"acf":[],"_links":{"self":[{"href":"https:\/\/www.visitbratislava.com\/de\/wp-json\/wp\/v2\/pages\/33428"}],"collection":[{"href":"https:\/\/www.visitbratislava.com\/de\/wp-json\/wp\/v2\/pages"}],"about":[{"href":"https:\/\/www.visitbratislava.com\/de\/wp-json\/wp\/v2\/types\/page"}],"author":[{"embeddable":true,"href":"https:\/\/www.visitbratislava.com\/de\/wp-json\/wp\/v2\/users\/10"}],"replies":[{"embeddable":true,"href":"https:\/\/www.visitbratislava.com\/de\/wp-json\/wp\/v2\/comments?post=33428"}],"version-history":[{"count":2,"href":"https:\/\/www.visitbratislava.com\/de\/wp-json\/wp\/v2\/pages\/33428\/revisions"}],"predecessor-version":[{"id":254780,"href":"https:\/\/www.visitbratislava.com\/de\/wp-json\/wp\/v2\/pages\/33428\/revisions\/254780"}],"up":[{"embeddable":true,"href":"https:\/\/www.visitbratislava.com\/de\/wp-json\/wp\/v2\/pages\/33319"}],"wp:featuredmedia":[{"embeddable":true,"href":"https:\/\/www.visitbratislava.com\/de\/wp-json\/wp\/v2\/media\/73601"}],"wp:attachment":[{"href":"https:\/\/www.visitbratislava.com\/de\/wp-json\/wp\/v2\/media?parent=33428"}],"curies":[{"name":"wp","href":"https:\/\/api.w.org\/{rel}","templated":true}]}}

Krönungszeugen

<p>Der dem heiligen Bischof Martin von Tours und dem Heiligen Erlöser geweihte <strong>Dom</strong> war zwar nicht die repräsentativste religiöse Stätte Ungarns, wurde aber aufgrund seiner günstigen Lage in einer Stadt, die nicht von den Türken besetzt war und in der Nähe von Wien lag, fast drei Jahrhunderte lang zum Krönungstempel. An die Krönungsfeierlichkeiten erinnert bis heute ein vergoldetes Modell der ungarischen Krone oben auf dem Turm und eine, auf die Wand links des Altars gemalte, unvollständige Liste der gekrönten Könige und Königinnen. In den Krypten der Kathedrale ruhen viele Bischöfe und Adelige, die an Krönungen teilgenommen haben.</p>
<p><img loading="lazy" width="800" height="533" class="aligncenter size-large wp-image-4063" src="https://www.visitbratislava.com/wp-content/uploads/2014/10/St-Martins-Cathedral-800x533.jpg" alt="" srcset="https://www.visitbratislava.com/wp-content/uploads/2014/10/St-Martins-Cathedral-800x533.jpg 800w, https://www.visitbratislava.com/wp-content/uploads/2014/10/St-Martins-Cathedral-400x267.jpg 400w, https://www.visitbratislava.com/wp-content/uploads/2014/10/St-Martins-Cathedral-200x133.jpg 200w, https://www.visitbratislava.com/wp-content/uploads/2014/10/St-Martins-Cathedral.jpg 1350w" sizes="(max-width: 800px) 100vw, 800px" /></p>
<p>Ein Symbol des heutigen Bratislava ist die <strong>Burg</strong>, die von 1536 Residenz der ungarischen Könige war und in deren südwestlichem Turm ab dem Jahre 1784 die Kronjuwelen bewacht wurden. Seine prächtigen Räume füllten sich vor allem während der Krönungen mit edlen Gästen. Nach einem Brand im Jahre 1811 wurden der Primatialpalast und der Grassalkovichov-Palast zu vorübergehenden Herrschersitzen.</p>
<p><img loading="lazy" width="800" height="533" class="aligncenter size-full wp-image-107075" src="https://www.visitbratislava.com/wp-content/uploads/2021/06/Kovac-Bratislavsky-hrad-dron.jpg" alt="" srcset="https://www.visitbratislava.com/wp-content/uploads/2021/06/Kovac-Bratislavsky-hrad-dron.jpg 800w, https://www.visitbratislava.com/wp-content/uploads/2021/06/Kovac-Bratislavsky-hrad-dron-400x267.jpg 400w, https://www.visitbratislava.com/wp-content/uploads/2021/06/Kovac-Bratislavsky-hrad-dron-768x512.jpg 768w, https://www.visitbratislava.com/wp-content/uploads/2021/06/Kovac-Bratislavsky-hrad-dron-200x133.jpg 200w" sizes="(max-width: 800px) 100vw, 800px" /></p>
<p><strong>Den Hauptplatz</strong> dominiert ein Brunnen, den Maximilian, der erste in der Stadt gekrönte König, errichten und mit seinem Bildnis versehen ließ. Nur wenige Schritte von dort steht auch die Franziskanerkirche, in der der Herrscher Knappen zu Rittern schlug und der Primatialpalast, der Sitz des Erzbischofs, in dem auch Könige übernachteten oder in dem Krönungsgelage abgehalten wurden.</p>
<p><img loading="lazy" width="800" height="531" class="aligncenter size-large wp-image-10918" src="https://www.visitbratislava.com/wp-content/uploads/2016/02/HLAVNE_NAMESTIE_VECERNA2-800x531.jpg" alt="" srcset="https://www.visitbratislava.com/wp-content/uploads/2016/02/HLAVNE_NAMESTIE_VECERNA2-800x531.jpg 800w, https://www.visitbratislava.com/wp-content/uploads/2016/02/HLAVNE_NAMESTIE_VECERNA2-400x266.jpg 400w, https://www.visitbratislava.com/wp-content/uploads/2016/02/HLAVNE_NAMESTIE_VECERNA2-768x510.jpg 768w, https://www.visitbratislava.com/wp-content/uploads/2016/02/HLAVNE_NAMESTIE_VECERNA2-200x133.jpg 200w" sizes="(max-width: 800px) 100vw, 800px" /></p>
<p><strong>Das Michaelertor</strong> ist das letzte erhaltene Tor der Stadtbefestigung. Benannt ist es nach dem Erzengel Michael. Durch dieses Tor verließ die Krönungsprozession die Stadt und im Freien, außerhalb der Stadtmauern, legte der neue Monarch seinen feierlichen Eid ab.</p>
<p><img loading="lazy" width="800" height="533" class="alignnone size-large wp-image-218204" src="https://www.visitbratislava.com/wp-content/uploads/2023/01/Crot-Prod_2022_dron_michalska-veza_hrad_obloha_leto_zapad-slnka_stare-mesto_nevyhradna-licencia_1920x1280-800x533.jpg" alt="" srcset="https://www.visitbratislava.com/wp-content/uploads/2023/01/Crot-Prod_2022_dron_michalska-veza_hrad_obloha_leto_zapad-slnka_stare-mesto_nevyhradna-licencia_1920x1280-800x533.jpg 800w, https://www.visitbratislava.com/wp-content/uploads/2023/01/Crot-Prod_2022_dron_michalska-veza_hrad_obloha_leto_zapad-slnka_stare-mesto_nevyhradna-licencia_1920x1280-400x267.jpg 400w, https://www.visitbratislava.com/wp-content/uploads/2023/01/Crot-Prod_2022_dron_michalska-veza_hrad_obloha_leto_zapad-slnka_stare-mesto_nevyhradna-licencia_1920x1280-768x512.jpg 768w, https://www.visitbratislava.com/wp-content/uploads/2023/01/Crot-Prod_2022_dron_michalska-veza_hrad_obloha_leto_zapad-slnka_stare-mesto_nevyhradna-licencia_1920x1280-1536x1024.jpg 1536w, https://www.visitbratislava.com/wp-content/uploads/2023/01/Crot-Prod_2022_dron_michalska-veza_hrad_obloha_leto_zapad-slnka_stare-mesto_nevyhradna-licencia_1920x1280-200x133.jpg 200w, https://www.visitbratislava.com/wp-content/uploads/2023/01/Crot-Prod_2022_dron_michalska-veza_hrad_obloha_leto_zapad-slnka_stare-mesto_nevyhradna-licencia_1920x1280.jpg 1920w" sizes="(max-width: 800px) 100vw, 800px" /></p>
<p>Neben historischen Gebäuden und Denkmälern sind aus der Zeit der Krönungen auch sakrale Gegenstände im St. Martinsdom, Krönungsmedaillen, Münzen und mit der Krönung verbundene Gegenstände in den Sammlungen des Slowakischen Nationalmuseums und des Museums der Stadt Bratislava, Bilder und Dokumente in den Sammlungen der Galerie der Stadt Bratislava und des Stadtarchivs erhalten.</p>
<p><img loading="lazy" width="800" height="600" class="alignnone size-large wp-image-240957" src="https://www.visitbratislava.com/wp-content/uploads/2018/07/Srnec_leto_2021_korunovacie-2021_kupene_nevyhradna-licencia-casovo-neobmedzena-60-800x600.jpg" alt="" srcset="https://www.visitbratislava.com/wp-content/uploads/2018/07/Srnec_leto_2021_korunovacie-2021_kupene_nevyhradna-licencia-casovo-neobmedzena-60-800x600.jpg 800w, https://www.visitbratislava.com/wp-content/uploads/2018/07/Srnec_leto_2021_korunovacie-2021_kupene_nevyhradna-licencia-casovo-neobmedzena-60-400x300.jpg 400w, https://www.visitbratislava.com/wp-content/uploads/2018/07/Srnec_leto_2021_korunovacie-2021_kupene_nevyhradna-licencia-casovo-neobmedzena-60-768x576.jpg 768w, https://www.visitbratislava.com/wp-content/uploads/2018/07/Srnec_leto_2021_korunovacie-2021_kupene_nevyhradna-licencia-casovo-neobmedzena-60-1536x1152.jpg 1536w, https://www.visitbratislava.com/wp-content/uploads/2018/07/Srnec_leto_2021_korunovacie-2021_kupene_nevyhradna-licencia-casovo-neobmedzena-60-2048x1536.jpg 2048w, https://www.visitbratislava.com/wp-content/uploads/2018/07/Srnec_leto_2021_korunovacie-2021_kupene_nevyhradna-licencia-casovo-neobmedzena-60-200x150.jpg 200w, https://www.visitbratislava.com/wp-content/uploads/2018/07/Srnec_leto_2021_korunovacie-2021_kupene_nevyhradna-licencia-casovo-neobmedzena-60-600x450.jpg 600w" sizes="(max-width: 800px) 100vw, 800px" /></p>

<p>Der dem heiligen Bischof Martin von Tours und dem Heiligen Erlöser geweihte Dom war zwar nicht die repräsentativste religiöse Stätte Ungarns, wurde aber aufgrund seiner günstigen Lage in einer Stadt, die nicht von den Türken besetzt war und in der Nähe von Wien lag, fast drei Jahrhunderte lang zum Krönungstempel. An die Krönungsfeierlichkeiten erinnert bis [&hellip;]</p>
