{"id":381501,"date":"2025-11-21T09:17:13","date_gmt":"2025-11-21T08:17:13","guid":{"rendered":"https:\/\/www.visitbratislava.com\/bratislavska-vianocna-elektricka\/"},"modified":"2025-12-08T11:08:14","modified_gmt":"2025-12-08T10:08:14","slug":"weihnachtstram-bratislava","status":"publish","type":"page","link":"https:\/\/www.visitbratislava.com\/de\/weihnachtstram-bratislava\/","title":{"rendered":"Weihnachtstram Bratislava"},"content":{"rendered":"<h2 data-start=\"387\" data-end=\"459\"><strong><span dir=\"auto\" style=\"vertical-align: inherit;\"><span dir=\"auto\" style=\"vertical-align: inherit;\">Eine st\u00e4dtische Sehensw\u00fcrdigkeit, die zu Advent geh\u00f6rt<\/span><\/span><\/strong><\/h2>\n<p data-start=\"461\" data-end=\"784\"><span dir=\"auto\" style=\"vertical-align: inherit;\"><span dir=\"auto\" style=\"vertical-align: inherit;\">P\u00fcnktlich zur Adventszeit kehrt die beliebte Weihnachtsstra\u00dfenbahn in die Stadt zur\u00fcck. Die Verkehrsbetriebe Bratislava setzen das erfolgreiche Konzept des Vorjahres fort, doch statt nur einer Stra\u00dfenbahn <\/span><\/span><strong><span dir=\"auto\" style=\"vertical-align: inherit;\"><span dir=\"auto\" style=\"vertical-align: inherit;\">wird die gesamte Weihnachtsflotte \u2013<\/span><\/span><\/strong><span dir=\"auto\" style=\"vertical-align: inherit;\"><span dir=\"auto\" style=\"vertical-align: inherit;\"> zwei Stra\u00dfenbahnen, ein Oberleitungsbus und ein Bus \u2013 unterwegs sein.<\/span><\/span><\/p>\n<p data-start=\"786\" data-end=\"1038\"><span dir=\"auto\" style=\"vertical-align: inherit;\"><span dir=\"auto\" style=\"vertical-align: inherit;\">Die Fahrten mit der Weihnachtsstra\u00dfenbahn sind <\/span><\/span><strong data-start=\"818\" data-end=\"831\"><span dir=\"auto\" style=\"vertical-align: inherit;\"><span dir=\"auto\" style=\"vertical-align: inherit;\">kostenlos<\/span><\/span><\/strong><span dir=\"auto\" style=\"vertical-align: inherit;\"><span dir=\"auto\" style=\"vertical-align: inherit;\"> und f\u00fcr alle Fahrg\u00e4ste zug\u00e4nglich. Der Weihnachtsbus und der Oberleitungsbus verkehren zum regul\u00e4ren Tarif. Die diesj\u00e4hrige Neuheit ist eine Musikstra\u00dfenbahn, die jeden Sonntag f\u00e4hrt. Fahrg\u00e4ste d\u00fcrfen sich auf Kammerkonzerte des Canens Frauenchors, von Katar\u00edna Ko\u0161\u010dov\u00e1 mit Daniel \u0160piner und Tamara Kramar freuen. Zum Abschluss pr\u00e4sentiert Pater Mirec sein besonderes Silvester-Warm-up-Programm.<\/span><\/span><\/p>\n<p data-start=\"786\" data-end=\"1038\"><img loading=\"lazy\" class=\"aligncenter wp-image-386105 size-large\" src=\"https:\/\/www.visitbratislava.com\/wp-content\/uploads\/2025\/12\/DPB-02-800x533.jpg\" alt=\"Weihnachtsflotte 2025\" width=\"800\" height=\"533\" srcset=\"https:\/\/www.visitbratislava.com\/wp-content\/uploads\/2025\/12\/DPB-02-800x533.jpg 800w, https:\/\/www.visitbratislava.com\/wp-content\/uploads\/2025\/12\/DPB-02-400x267.jpg 400w, https:\/\/www.visitbratislava.com\/wp-content\/uploads\/2025\/12\/DPB-02-768x512.jpg 768w, https:\/\/www.visitbratislava.com\/wp-content\/uploads\/2025\/12\/DPB-02-1536x1024.jpg 1536w, https:\/\/www.visitbratislava.com\/wp-content\/uploads\/2025\/12\/DPB-02-2048x1366.jpg 2048w, https:\/\/www.visitbratislava.com\/wp-content\/uploads\/2025\/12\/DPB-02-200x133.jpg 200w\" sizes=\"(max-width: 800px) 100vw, 800px\" \/><\/p>\n<p data-start=\"786\" data-end=\"1038\"><span dir=\"auto\" style=\"vertical-align: inherit;\"><span dir=\"auto\" style=\"vertical-align: inherit;\">Wie im letzten Jahr sind alle Konzerte verpflichtend und mit reservierten Sitzpl\u00e4tzen ausgestattet, sodass jeder Fahrgast die Fahrt bequem im Sitzen genie\u00dfen kann. Die Konzertkarten werden zu einem symbolischen Preis verkauft, und der gesamte Erl\u00f6s geht an das Sozialzentrum Javorinsk\u00e1, das von den Bratislavaer Verkehrsbetrieben gespendet wird.<\/span><\/span><\/p>\n<p data-start=\"786\" data-end=\"1038\"><span dir=\"auto\" style=\"vertical-align: inherit;\"><span dir=\"auto\" style=\"vertical-align: inherit;\">Weitere Informationen finden Sie auf der <\/span><span dir=\"auto\" style=\"vertical-align: inherit;\">Website <\/span><\/span><a href=\"https:\/\/dpb.sk\/\" target=\"_blank\" rel=\"noopener\"><span dir=\"auto\" style=\"vertical-align: inherit;\"><span dir=\"auto\" style=\"vertical-align: inherit;\">www.dpb.sk.<\/span><\/span><\/a><\/p>\n<p data-start=\"786\" data-end=\"1038\"><span dir=\"auto\" style=\"vertical-align: inherit;\"><span dir=\"auto\" style=\"vertical-align: inherit;\">Die Weihnachtsflotte verkehrt vom <\/span><\/span><strong><span dir=\"auto\" style=\"vertical-align: inherit;\"><span dir=\"auto\" style=\"vertical-align: inherit;\">5. Dezember 2025<\/span><\/span><\/strong><span dir=\"auto\" style=\"vertical-align: inherit;\"><span dir=\"auto\" style=\"vertical-align: inherit;\"> bis zum <\/span><\/span><strong><span dir=\"auto\" style=\"vertical-align: inherit;\"><span dir=\"auto\" style=\"vertical-align: inherit;\">6. Januar 2026<\/span><\/span><\/strong><span dir=\"auto\" style=\"vertical-align: inherit;\"><span dir=\"auto\" style=\"vertical-align: inherit;\"> , also vom Nikolaustag bis zum Dreik\u00f6nigstag. Einzige Ausnahme ist Heiligabend, an dem die Weihnachtsstra\u00dfenbahn nicht f\u00e4hrt.<\/span><\/span><\/p>\n<h2 data-start=\"1040\" data-end=\"1082\"><strong><span dir=\"auto\" style=\"vertical-align: inherit;\"><span dir=\"auto\" style=\"vertical-align: inherit;\">M\u00e4rchenhaftes Design und einzigartige Dekoration<\/span><\/span><\/strong><\/h2>\n<p data-start=\"1084\" data-end=\"1360\"><span dir=\"auto\" style=\"vertical-align: inherit;\"><span dir=\"auto\" style=\"vertical-align: inherit;\">Das Flaggschiff der gesamten DPB-Weihnachtsflotte ist die musikalische Weihnachtsstra\u00dfenbahn, deren Gestaltung von der talentierten Designerin Saki Matsumoto stammt. Sie projizierte Szenen aus bekannten Weihnachtsliedern auf die Aufkleber des Fahrzeugs und w\u00e4hlte eine verspielte Farbpalette, die in Kombination mit der Lichtdekoration besonders nach Einbruch der Dunkelheit zur Geltung kommt.<\/span><\/span><\/p>\n<p data-start=\"1084\" data-end=\"1360\"><img loading=\"lazy\" class=\"aligncenter wp-image-386111 size-large\" src=\"https:\/\/www.visitbratislava.com\/wp-content\/uploads\/2025\/12\/DPB-06-800x533.jpg\" alt=\"Innenansicht der weihnachtlichen Hauptstra\u00dfenbahn\" width=\"800\" height=\"533\" srcset=\"https:\/\/www.visitbratislava.com\/wp-content\/uploads\/2025\/12\/DPB-06-800x533.jpg 800w, https:\/\/www.visitbratislava.com\/wp-content\/uploads\/2025\/12\/DPB-06-400x267.jpg 400w, https:\/\/www.visitbratislava.com\/wp-content\/uploads\/2025\/12\/DPB-06-768x512.jpg 768w, https:\/\/www.visitbratislava.com\/wp-content\/uploads\/2025\/12\/DPB-06-1536x1024.jpg 1536w, https:\/\/www.visitbratislava.com\/wp-content\/uploads\/2025\/12\/DPB-06-2048x1366.jpg 2048w, https:\/\/www.visitbratislava.com\/wp-content\/uploads\/2025\/12\/DPB-06-200x133.jpg 200w\" sizes=\"(max-width: 800px) 100vw, 800px\" \/><\/p>\n<p data-start=\"1362\" data-end=\"1741\"><span dir=\"auto\" style=\"vertical-align: inherit;\"><span dir=\"auto\" style=\"vertical-align: inherit;\">Ein noch intensiveres Erlebnis bietet das Innere der Stra\u00dfenbahn: Fahrg\u00e4ste k\u00f6nnen den Duft eines echten Weihnachtsbaums genie\u00dfen und gleichzeitig durch ihre Weihnachtsw\u00fcnsche selbst zur Dekoration beitragen. Die festliche Atmosph\u00e4re wird durch die beliebte Kinderweihnachtsgalerie mit Zeichnungen von Kindern der DPB-Mitarbeiter abgerundet. W\u00e4hrend der Fahrten erklingen bekannte Weihnachtslieder und -melodien aus den Lautsprechern.<\/span><\/span><\/p>\n<h2 data-start=\"2432\" data-end=\"2462\"><strong><span dir=\"auto\" style=\"vertical-align: inherit;\"><span dir=\"auto\" style=\"vertical-align: inherit;\">Weihnachtsflottenrouten<\/span><\/span><\/strong><\/h2>\n<p data-start=\"2464\" data-end=\"2740\"><span dir=\"auto\" style=\"vertical-align: inherit;\"><span dir=\"auto\" style=\"vertical-align: inherit;\">Die Weihnachtsstra\u00dfenbahn f\u00e4hrt eine Rundstrecke im Stadtzentrum, beginnend an <\/span><\/span><strong><span dir=\"auto\" style=\"vertical-align: inherit;\"><span dir=\"auto\" style=\"vertical-align: inherit;\">der Haltestelle Jesensk\u00e9ho.<\/span><\/span><\/strong><span dir=\"auto\" style=\"vertical-align: inherit;\"><span dir=\"auto\" style=\"vertical-align: inherit;\"> Die Fahrzeuge bedienen die Haltestellen Centrum, Kapuc\u00ednska, Chatam S\u00f3fer, Vodn\u00e1 ve\u017ea und Most SNP und kehren dann nach Jesensk\u00e9ho zur\u00fcck. Die Weihnachtsstra\u00dfenbahn verkehrt vom 5. Dezember 2025 bis zum 6. Januar 2026 wochentags von 16:00 bis 20:00 Uhr und am Wochenende von 12:00 bis 20:00 Uhr. Einzige Ausnahme ist Heiligabend, an dem die Weihnachtsstra\u00dfenbahn nicht f\u00e4hrt. Die Fahrt mit der Weihnachtsstra\u00dfenbahn ist w\u00e4hrend der regul\u00e4ren Fahrzeiten kostenlos. F\u00fcr den Weihnachtsbus und den Trolleybus gelten die regul\u00e4ren Tarife. Weitere Informationen zum Weihnachtsverkehr finden Sie auf der Website des Veranstalters <\/span><\/span><a href=\"https:\/\/dpb.sk\/vianoce\" target=\"_blank\" rel=\"noopener\"><span dir=\"auto\" style=\"vertical-align: inherit;\"><span dir=\"auto\" style=\"vertical-align: inherit;\">dpb.sk\/vianoce.<\/span><\/span><\/a><\/p>\n<div class=\"grid-container\"><div class=\"grid-container__item\"><div class=\"block\"><a href=\"https:\/\/www.visitbratislava.com\/wp-content\/uploads\/2025\/12\/DPB-05-800x533.jpg\" data-fancybox=\"gallery\" data-caption=\"\"><div class=\"background\"><img src=\"https:\/\/www.visitbratislava.com\/wp-content\/uploads\/2025\/12\/DPB-05-800x533.jpg\" alt=\"foto\"\/><\/div><div class=\"overlay filter-blue\"><div class=\"content\"><span class=\"zoom-button\"><\/span><\/div><\/div><\/a><\/div><\/div><div class=\"grid-container__item\"><div class=\"block\"><a href=\"https:\/\/www.visitbratislava.com\/wp-content\/uploads\/2025\/12\/DPB-04-800x533.jpg\" data-fancybox=\"gallery\" data-caption=\"\"><div class=\"background\" style=\"background-image: url(https:\/\/www.visitbratislava.com\/wp-content\/uploads\/2025\/12\/DPB-04-800x533.jpg)\"><\/div><div class=\"overlay filter-green\"><div class=\"content\"><span class=\"zoom-button\"><\/span><\/div><\/div><\/a><\/div><\/div><div class=\"grid-container__item more\"><\/div><\/div>\n","protected":false},"excerpt":{"rendered":"<p>Die Weihnachtstram bringt wieder m\u00e4rchenhafte Stimmung nach Bratislava.<\/p>\n","protected":false},"author":23,"featured_media":386099,"parent":0,"menu_order":0,"comment_status":"closed","ping_status":"closed","template":"","meta":[],"acf":[],"_links":{"self":[{"href":"https:\/\/www.visitbratislava.com\/de\/wp-json\/wp\/v2\/pages\/381501"}],"collection":[{"href":"https:\/\/www.visitbratislava.com\/de\/wp-json\/wp\/v2\/pages"}],"about":[{"href":"https:\/\/www.visitbratislava.com\/de\/wp-json\/wp\/v2\/types\/page"}],"author":[{"embeddable":true,"href":"https:\/\/www.visitbratislava.com\/de\/wp-json\/wp\/v2\/users\/23"}],"replies":[{"embeddable":true,"href":"https:\/\/www.visitbratislava.com\/de\/wp-json\/wp\/v2\/comments?post=381501"}],"version-history":[{"count":4,"href":"https:\/\/www.visitbratislava.com\/de\/wp-json\/wp\/v2\/pages\/381501\/revisions"}],"predecessor-version":[{"id":386416,"href":"https:\/\/www.visitbratislava.com\/de\/wp-json\/wp\/v2\/pages\/381501\/revisions\/386416"}],"wp:featuredmedia":[{"embeddable":true,"href":"https:\/\/www.visitbratislava.com\/de\/wp-json\/wp\/v2\/media\/386099"}],"wp:attachment":[{"href":"https:\/\/www.visitbratislava.com\/de\/wp-json\/wp\/v2\/media?parent=381501"}],"curies":[{"name":"wp","href":"https:\/\/api.w.org\/{rel}","templated":true}]}}

<h2 data-start="387" data-end="459"><strong><span dir="auto" style="vertical-align: inherit;"><span dir="auto" style="vertical-align: inherit;">Eine städtische Sehenswürdigkeit, die zu Advent gehört</span></span></strong></h2>
<p data-start="461" data-end="784"><span dir="auto" style="vertical-align: inherit;"><span dir="auto" style="vertical-align: inherit;">Pünktlich zur Adventszeit kehrt die beliebte Weihnachtsstraßenbahn in die Stadt zurück. Die Verkehrsbetriebe Bratislava setzen das erfolgreiche Konzept des Vorjahres fort, doch statt nur einer Straßenbahn </span></span><strong><span dir="auto" style="vertical-align: inherit;"><span dir="auto" style="vertical-align: inherit;">wird die gesamte Weihnachtsflotte –</span></span></strong><span dir="auto" style="vertical-align: inherit;"><span dir="auto" style="vertical-align: inherit;"> zwei Straßenbahnen, ein Oberleitungsbus und ein Bus – unterwegs sein.</span></span></p>
<p data-start="786" data-end="1038"><span dir="auto" style="vertical-align: inherit;"><span dir="auto" style="vertical-align: inherit;">Die Fahrten mit der Weihnachtsstraßenbahn sind </span></span><strong data-start="818" data-end="831"><span dir="auto" style="vertical-align: inherit;"><span dir="auto" style="vertical-align: inherit;">kostenlos</span></span></strong><span dir="auto" style="vertical-align: inherit;"><span dir="auto" style="vertical-align: inherit;"> und für alle Fahrgäste zugänglich. Der Weihnachtsbus und der Oberleitungsbus verkehren zum regulären Tarif. Die diesjährige Neuheit ist eine Musikstraßenbahn, die jeden Sonntag fährt. Fahrgäste dürfen sich auf Kammerkonzerte des Canens Frauenchors, von Katarína Koščová mit Daniel Špiner und Tamara Kramar freuen. Zum Abschluss präsentiert Pater Mirec sein besonderes Silvester-Warm-up-Programm.</span></span></p>
<p data-start="786" data-end="1038"><img loading="lazy" class="aligncenter wp-image-386105 size-large" src="https://www.visitbratislava.com/wp-content/uploads/2025/12/DPB-02-800x533.jpg" alt="Weihnachtsflotte 2025" width="800" height="533" srcset="https://www.visitbratislava.com/wp-content/uploads/2025/12/DPB-02-800x533.jpg 800w, https://www.visitbratislava.com/wp-content/uploads/2025/12/DPB-02-400x267.jpg 400w, https://www.visitbratislava.com/wp-content/uploads/2025/12/DPB-02-768x512.jpg 768w, https://www.visitbratislava.com/wp-content/uploads/2025/12/DPB-02-1536x1024.jpg 1536w, https://www.visitbratislava.com/wp-content/uploads/2025/12/DPB-02-2048x1366.jpg 2048w, https://www.visitbratislava.com/wp-content/uploads/2025/12/DPB-02-200x133.jpg 200w" sizes="(max-width: 800px) 100vw, 800px" /></p>
<p data-start="786" data-end="1038"><span dir="auto" style="vertical-align: inherit;"><span dir="auto" style="vertical-align: inherit;">Wie im letzten Jahr sind alle Konzerte verpflichtend und mit reservierten Sitzplätzen ausgestattet, sodass jeder Fahrgast die Fahrt bequem im Sitzen genießen kann. Die Konzertkarten werden zu einem symbolischen Preis verkauft, und der gesamte Erlös geht an das Sozialzentrum Javorinská, das von den Bratislavaer Verkehrsbetrieben gespendet wird.</span></span></p>
<p data-start="786" data-end="1038"><span dir="auto" style="vertical-align: inherit;"><span dir="auto" style="vertical-align: inherit;">Weitere Informationen finden Sie auf der </span><span dir="auto" style="vertical-align: inherit;">Website </span></span><a href="https://dpb.sk/" target="_blank" rel="noopener"><span dir="auto" style="vertical-align: inherit;"><span dir="auto" style="vertical-align: inherit;">www.dpb.sk.</span></span></a></p>
<p data-start="786" data-end="1038"><span dir="auto" style="vertical-align: inherit;"><span dir="auto" style="vertical-align: inherit;">Die Weihnachtsflotte verkehrt vom </span></span><strong><span dir="auto" style="vertical-align: inherit;"><span dir="auto" style="vertical-align: inherit;">5. Dezember 2025</span></span></strong><span dir="auto" style="vertical-align: inherit;"><span dir="auto" style="vertical-align: inherit;"> bis zum </span></span><strong><span dir="auto" style="vertical-align: inherit;"><span dir="auto" style="vertical-align: inherit;">6. Januar 2026</span></span></strong><span dir="auto" style="vertical-align: inherit;"><span dir="auto" style="vertical-align: inherit;"> , also vom Nikolaustag bis zum Dreikönigstag. Einzige Ausnahme ist Heiligabend, an dem die Weihnachtsstraßenbahn nicht fährt.</span></span></p>
<h2 data-start="1040" data-end="1082"><strong><span dir="auto" style="vertical-align: inherit;"><span dir="auto" style="vertical-align: inherit;">Märchenhaftes Design und einzigartige Dekoration</span></span></strong></h2>
<p data-start="1084" data-end="1360"><span dir="auto" style="vertical-align: inherit;"><span dir="auto" style="vertical-align: inherit;">Das Flaggschiff der gesamten DPB-Weihnachtsflotte ist die musikalische Weihnachtsstraßenbahn, deren Gestaltung von der talentierten Designerin Saki Matsumoto stammt. Sie projizierte Szenen aus bekannten Weihnachtsliedern auf die Aufkleber des Fahrzeugs und wählte eine verspielte Farbpalette, die in Kombination mit der Lichtdekoration besonders nach Einbruch der Dunkelheit zur Geltung kommt.</span></span></p>
<p data-start="1084" data-end="1360"><img loading="lazy" class="aligncenter wp-image-386111 size-large" src="https://www.visitbratislava.com/wp-content/uploads/2025/12/DPB-06-800x533.jpg" alt="Innenansicht der weihnachtlichen Hauptstraßenbahn" width="800" height="533" srcset="https://www.visitbratislava.com/wp-content/uploads/2025/12/DPB-06-800x533.jpg 800w, https://www.visitbratislava.com/wp-content/uploads/2025/12/DPB-06-400x267.jpg 400w, https://www.visitbratislava.com/wp-content/uploads/2025/12/DPB-06-768x512.jpg 768w, https://www.visitbratislava.com/wp-content/uploads/2025/12/DPB-06-1536x1024.jpg 1536w, https://www.visitbratislava.com/wp-content/uploads/2025/12/DPB-06-2048x1366.jpg 2048w, https://www.visitbratislava.com/wp-content/uploads/2025/12/DPB-06-200x133.jpg 200w" sizes="(max-width: 800px) 100vw, 800px" /></p>
<p data-start="1362" data-end="1741"><span dir="auto" style="vertical-align: inherit;"><span dir="auto" style="vertical-align: inherit;">Ein noch intensiveres Erlebnis bietet das Innere der Straßenbahn: Fahrgäste können den Duft eines echten Weihnachtsbaums genießen und gleichzeitig durch ihre Weihnachtswünsche selbst zur Dekoration beitragen. Die festliche Atmosphäre wird durch die beliebte Kinderweihnachtsgalerie mit Zeichnungen von Kindern der DPB-Mitarbeiter abgerundet. Während der Fahrten erklingen bekannte Weihnachtslieder und -melodien aus den Lautsprechern.</span></span></p>
<h2 data-start="2432" data-end="2462"><strong><span dir="auto" style="vertical-align: inherit;"><span dir="auto" style="vertical-align: inherit;">Weihnachtsflottenrouten</span></span></strong></h2>
<p data-start="2464" data-end="2740"><span dir="auto" style="vertical-align: inherit;"><span dir="auto" style="vertical-align: inherit;">Die Weihnachtsstraßenbahn fährt eine Rundstrecke im Stadtzentrum, beginnend an </span></span><strong><span dir="auto" style="vertical-align: inherit;"><span dir="auto" style="vertical-align: inherit;">der Haltestelle Jesenského.</span></span></strong><span dir="auto" style="vertical-align: inherit;"><span dir="auto" style="vertical-align: inherit;"> Die Fahrzeuge bedienen die Haltestellen Centrum, Kapucínska, Chatam Sófer, Vodná veža und Most SNP und kehren dann nach Jesenského zurück. Die Weihnachtsstraßenbahn verkehrt vom 5. Dezember 2025 bis zum 6. Januar 2026 wochentags von 16:00 bis 20:00 Uhr und am Wochenende von 12:00 bis 20:00 Uhr. Einzige Ausnahme ist Heiligabend, an dem die Weihnachtsstraßenbahn nicht fährt. Die Fahrt mit der Weihnachtsstraßenbahn ist während der regulären Fahrzeiten kostenlos. Für den Weihnachtsbus und den Trolleybus gelten die regulären Tarife. Weitere Informationen zum Weihnachtsverkehr finden Sie auf der Website des Veranstalters </span></span><a href="https://dpb.sk/vianoce" target="_blank" rel="noopener"><span dir="auto" style="vertical-align: inherit;"><span dir="auto" style="vertical-align: inherit;">dpb.sk/vianoce.</span></span></a></p>
<div class="grid-container"><div class="grid-container__item"><div class="block"><a href="https://www.visitbratislava.com/wp-content/uploads/2025/12/DPB-05-800x533.jpg" data-fancybox="gallery" data-caption=""><div class="background"><img src="https://www.visitbratislava.com/wp-content/uploads/2025/12/DPB-05-800x533.jpg" alt="foto"/></div><div class="overlay filter-blue"><div class="content"><span class="zoom-button"></span></div></div></a></div></div><div class="grid-container__item"><div class="block"><a href="https://www.visitbratislava.com/wp-content/uploads/2025/12/DPB-04-800x533.jpg" data-fancybox="gallery" data-caption=""><div class="background" style="background-image: url(https://www.visitbratislava.com/wp-content/uploads/2025/12/DPB-04-800x533.jpg)"></div><div class="overlay filter-green"><div class="content"><span class="zoom-button"></span></div></div></a></div></div><div class="grid-container__item more"></div></div>

<p>Die Weihnachtstram bringt wieder märchenhafte Stimmung nach Bratislava.</p>
