{"id":104359,"date":"2021-05-21T16:18:13","date_gmt":"2021-05-21T14:18:13","guid":{"rendered":"https:\/\/www.visitbratislava.com\/?post_type=event&#038;p=104359"},"modified":"2021-05-21T16:18:26","modified_gmt":"2021-05-21T14:18:26","slug":"konvergencie-2021","status":"publish","type":"event","link":"https:\/\/www.visitbratislava.com\/sk\/podujatia\/konvergencie-2021\/","title":{"rendered":"Konvergencie 2021"},"content":{"rendered":"<p><strong>Konvergencie poz\u00fdvaj\u00fa na \u017eiv\u00e9 koncerty s hudbou Astora Piazzollu,<\/strong><strong>\u00a0vyst\u00fapi aj svetozn\u00e1my bandoneonista Marcelo Nisinman. <\/strong><\/p>\n<h3>Kone\u010dne na\u017eivo, ale aj online<\/h3>\n<p>S pozit\u00edvnym v\u00fdvojom pandemickej situ\u00e1cie na Slovensku bud\u00fa m\u00f4c\u0165 organiz\u00e1tori spolo\u010dne s interpretmi a n\u00e1v\u0161tevn\u00edkmi festivalu osl\u00e1vi\u0165 100. v\u00fdro\u010die narodenia g\u00e9nia argent\u00ednskeho tanga <strong>na\u017eivo<\/strong>, ale aj <strong>online<\/strong>. Na prelome m\u00e1ja a j\u00fana sa uskuto\u010dn\u00ed <strong>\u0161es\u0165 koncertov<\/strong> a <strong>\u010d\u00edtanie o\u00a0hudbe<\/strong> z\u00a0Piazzollov\u00fdch memo\u00e1rov.<\/p>\n<p>Koncerty, na ktor\u00fdch sa predstavia dve desiatky slovensk\u00fdch interpretov, sa uskuto\u010dnia v\u00a0r\u00f4znych priestoroch Bratislavy (N\u00e1dvorie Primaci\u00e1lneho pal\u00e1ca, \u0160t\u00fadio L+S, Mestsk\u00e9 divadlo P. O. Hviezdoslava, Slovensk\u00fd rozhlas, Z\u00e1hrada Domu Albrechtovcov). Zahrani\u010dn\u00fdm hos\u0165om festivalu bude medzin\u00e1rodn\u00e9 zoskupenie <strong>ChamberJam Quintet<\/strong> \u2013 kvinteto bandeonistu Marcela Nisinmana, priate\u013ea a \u017eiaka Astora Piazzollu.<\/p>\n<h3>Vstupenky<\/h3>\n<p>Na jednotliv\u00e9 koncerty zak\u00fapite l\u00edstky v predpredaji v sieti Ticketportal, v d\u00f4sledku zn\u00ed\u017eenej kapacity v s\u00e1lach s\u00fa dostupn\u00e9 <strong>v limitovanom po\u010dte<\/strong> <a href=\"https:\/\/bit.ly\/PIAZZOLLA_vstupenky\">https:\/\/bit.ly\/PIAZZOLLA_vstupenky<\/a><\/p>\n<p>V ponuke je aj <strong>permanentka<\/strong> platiaca na v\u0161etky podujatia dostupn\u00e9 v limitovanom po\u010dte.<\/p>\n<p>Organiz\u00e1tori pripravili aj mo\u017enos\u0165 zak\u00fapenia vstupeniek na <strong>online streamy<\/strong> pre vybran\u00e9 koncerty.<\/p>\n<h3>Program<\/h3>\n<p><strong>26. 5. 19:00<\/strong><\/p>\n<ul>\n<li>N\u00e1dvorie Primaci\u00e1lneho pal\u00e1ca<\/li>\n<li><strong>Balada para un loco <\/strong>\/ \u010d\u00edtanie z memo\u00e1rov Astora Piazzollu<\/li>\n<li><a href=\"https:\/\/fb.me\/e\/2cJwF2FFh\">FB event<\/a><\/li>\n<\/ul>\n<p><strong>30. 5. 18:00<\/strong><\/p>\n<ul>\n<li>Z\u00e1hrada Domu Albrechtovcov \/ v pr\u00edpade nepriazniv\u00e9ho po\u010dasia sa koncert uskuto\u010dn\u00ed v Klarisk\u00e1ch<\/li>\n<li><strong>Milonga per tre<\/strong> \/ Piazzollova hudba v aran\u017em\u00e1noch S\u00e9rgia Assada<\/li>\n<li><a href=\"https:\/\/fb.me\/e\/2bTv2nhBM\">FB event<\/a><\/li>\n<\/ul>\n<p><strong>30. 5. 19:30<\/strong><\/p>\n<ul>\n<li>Z\u00e1hrada Domu Albrechtovcov \/ v\u00a0pr\u00edpade nepriazniv\u00e9ho po\u010dasia sa koncert uskuto\u010dn\u00ed v Klarisk\u00e1ch<\/li>\n<li><strong>Five Tango Sensations<\/strong><\/li>\n<li><a href=\"https:\/\/fb.me\/e\/1r6SBXuGh\">FB event<\/a><\/li>\n<\/ul>\n<p><strong>31. 5. 19:00<\/strong><\/p>\n<ul>\n<li>Ve\u013ek\u00e9 koncertn\u00e9 \u0161t\u00fadio Slovensk\u00e9ho rozhlasu<\/li>\n<li><strong>ChamberJam Quintet Quintet<\/strong> . EXTASIS \u2013 New Tango Music . koncert kvinteta Marcela Nisinmana \u2013 Piazzollovho priate\u013ea a \u017eiaka<\/li>\n<li><a href=\"https:\/\/fb.me\/e\/27UriG2hq\">FB event<\/a><\/li>\n<\/ul>\n<p><strong>4. 6. 19:00<\/strong><\/p>\n<ul>\n<li>\u0160t\u00fadio L+S<\/li>\n<li><strong>Hora cero<\/strong> . no\u010dn\u00fd koncert z\u00a0diel Astora Piazzollu<\/li>\n<li><a href=\"https:\/\/fb.me\/e\/HDrJBv0U\">FB event<\/a><\/li>\n<\/ul>\n<p><strong>11. 6. 19:00<\/strong><\/p>\n<ul>\n<li>Divadlo P. O. Hviezdoslava<\/li>\n<li><strong>Concierto para quinteto . <\/strong>cuatro estaciones porte\u00f1as v\u00a0origin\u00e1lnej verzii, slovensk\u00e1 premi\u00e9ra koncertu pre kvinteto, diela Piazzollu, P.\u00a0Zagara a\u00a0S. Pal\u00facha<\/li>\n<li><a href=\"https:\/\/fb.me\/e\/1f7Q4tvfL\">FB event<\/a><\/li>\n<\/ul>\n<p><strong>12. 6. 19:00<\/strong><\/p>\n<ul>\n<li>Ve\u013ek\u00e9 koncertn\u00e9 \u0161t\u00fadio Slovensk\u00e9ho rozhlasu<\/li>\n<li><strong>Slovensk\u00e9 tango<\/strong> v podan\u00ed orchestra Bratislava Hot Serenaders &amp; Milana Lasicu<\/li>\n<li><a href=\"https:\/\/fb.me\/e\/6mqzWBclz\">FB event<\/a><\/li>\n<\/ul>\n","protected":false},"excerpt":{"rendered":"<p>Konvergencie poz\u00fdvaj\u00fa na \u017eiv\u00e9 koncerty s hudbou Astora Piazzollu,\u00a0vyst\u00fapi aj svetozn\u00e1my bandoneonista Marcelo Nisinman. Kone\u010dne na\u017eivo, ale aj online S pozit\u00edvnym v\u00fdvojom pandemickej situ\u00e1cie na Slovensku bud\u00fa m\u00f4c\u0165 organiz\u00e1tori spolo\u010dne s interpretmi a n\u00e1v\u0161tevn\u00edkmi festivalu osl\u00e1vi\u0165 100. v\u00fdro\u010die narodenia g\u00e9nia argent\u00ednskeho tanga na\u017eivo, ale aj online. Na prelome m\u00e1ja a j\u00fana sa uskuto\u010dn\u00ed \u0161es\u0165 koncertov [&hellip;]<\/p>\n","protected":false},"featured_media":104360,"template":"","acf":[],"event_date":{"start_date":1621987200,"end_date":1623456000},"_links":{"self":[{"href":"https:\/\/www.visitbratislava.com\/sk\/wp-json\/wp\/v2\/event\/104359"}],"collection":[{"href":"https:\/\/www.visitbratislava.com\/sk\/wp-json\/wp\/v2\/event"}],"about":[{"href":"https:\/\/www.visitbratislava.com\/sk\/wp-json\/wp\/v2\/types\/event"}],"version-history":[{"count":0,"href":"https:\/\/www.visitbratislava.com\/sk\/wp-json\/wp\/v2\/event\/104359\/revisions"}],"wp:featuredmedia":[{"embeddable":true,"href":"https:\/\/www.visitbratislava.com\/sk\/wp-json\/wp\/v2\/media\/104360"}],"wp:attachment":[{"href":"https:\/\/www.visitbratislava.com\/sk\/wp-json\/wp\/v2\/media?parent=104359"}],"curies":[{"name":"wp","href":"https:\/\/api.w.org\/{rel}","templated":true}]}}

<p><strong>Konvergencie pozývajú na živé koncerty s hudbou Astora Piazzollu,</strong><strong> vystúpi aj svetoznámy bandoneonista Marcelo Nisinman. </strong></p>
<h3>Konečne naživo, ale aj online</h3>
<p>S pozitívnym vývojom pandemickej situácie na Slovensku budú môcť organizátori spoločne s interpretmi a návštevníkmi festivalu osláviť 100. výročie narodenia génia argentínskeho tanga <strong>naživo</strong>, ale aj <strong>online</strong>. Na prelome mája a júna sa uskutoční <strong>šesť koncertov</strong> a <strong>čítanie o hudbe</strong> z Piazzollových memoárov.</p>
<p>Koncerty, na ktorých sa predstavia dve desiatky slovenských interpretov, sa uskutočnia v rôznych priestoroch Bratislavy (Nádvorie Primaciálneho paláca, Štúdio L+S, Mestské divadlo P. O. Hviezdoslava, Slovenský rozhlas, Záhrada Domu Albrechtovcov). Zahraničným hosťom festivalu bude medzinárodné zoskupenie <strong>ChamberJam Quintet</strong> – kvinteto bandeonistu Marcela Nisinmana, priateľa a žiaka Astora Piazzollu.</p>
<h3>Vstupenky</h3>
<p>Na jednotlivé koncerty zakúpite lístky v predpredaji v sieti Ticketportal, v dôsledku zníženej kapacity v sálach sú dostupné <strong>v limitovanom počte</strong> <a href="https://bit.ly/PIAZZOLLA_vstupenky">https://bit.ly/PIAZZOLLA_vstupenky</a></p>
<p>V ponuke je aj <strong>permanentka</strong> platiaca na všetky podujatia dostupné v limitovanom počte.</p>
<p>Organizátori pripravili aj možnosť zakúpenia vstupeniek na <strong>online streamy</strong> pre vybrané koncerty.</p>
<h3>Program</h3>
<p><strong>26. 5. 19:00</strong></p>
<ul>
<li>Nádvorie Primaciálneho paláca</li>
<li><strong>Balada para un loco </strong>/ čítanie z memoárov Astora Piazzollu</li>
<li><a href="https://fb.me/e/2cJwF2FFh">FB event</a></li>
</ul>
<p><strong>30. 5. 18:00</strong></p>
<ul>
<li>Záhrada Domu Albrechtovcov / v prípade nepriaznivého počasia sa koncert uskutoční v Klariskách</li>
<li><strong>Milonga per tre</strong> / Piazzollova hudba v aranžmánoch Sérgia Assada</li>
<li><a href="https://fb.me/e/2bTv2nhBM">FB event</a></li>
</ul>
<p><strong>30. 5. 19:30</strong></p>
<ul>
<li>Záhrada Domu Albrechtovcov / v prípade nepriaznivého počasia sa koncert uskutoční v Klariskách</li>
<li><strong>Five Tango Sensations</strong></li>
<li><a href="https://fb.me/e/1r6SBXuGh">FB event</a></li>
</ul>
<p><strong>31. 5. 19:00</strong></p>
<ul>
<li>Veľké koncertné štúdio Slovenského rozhlasu</li>
<li><strong>ChamberJam Quintet Quintet</strong> . EXTASIS – New Tango Music . koncert kvinteta Marcela Nisinmana – Piazzollovho priateľa a žiaka</li>
<li><a href="https://fb.me/e/27UriG2hq">FB event</a></li>
</ul>
<p><strong>4. 6. 19:00</strong></p>
<ul>
<li>Štúdio L+S</li>
<li><strong>Hora cero</strong> . nočný koncert z diel Astora Piazzollu</li>
<li><a href="https://fb.me/e/HDrJBv0U">FB event</a></li>
</ul>
<p><strong>11. 6. 19:00</strong></p>
<ul>
<li>Divadlo P. O. Hviezdoslava</li>
<li><strong>Concierto para quinteto . </strong>cuatro estaciones porteñas v originálnej verzii, slovenská premiéra koncertu pre kvinteto, diela Piazzollu, P. Zagara a S. Palúcha</li>
<li><a href="https://fb.me/e/1f7Q4tvfL">FB event</a></li>
</ul>
<p><strong>12. 6. 19:00</strong></p>
<ul>
<li>Veľké koncertné štúdio Slovenského rozhlasu</li>
<li><strong>Slovenské tango</strong> v podaní orchestra Bratislava Hot Serenaders &amp; Milana Lasicu</li>
<li><a href="https://fb.me/e/6mqzWBclz">FB event</a></li>
</ul>

<p>Konvergencie pozývajú na živé koncerty s hudbou Astora Piazzollu, vystúpi aj svetoznámy bandoneonista Marcelo Nisinman. Konečne naživo, ale aj online S pozitívnym vývojom pandemickej situácie na Slovensku budú môcť organizátori spoločne s interpretmi a návštevníkmi festivalu osláviť 100. výročie narodenia génia argentínskeho tanga naživo, ale aj online. Na prelome mája a júna sa uskutoční šesť koncertov [&hellip;]</p>
