{"id":10764,"date":"2016-02-10T11:24:08","date_gmt":"2016-02-10T10:24:08","guid":{"rendered":"https:\/\/www.visitbratislava.com\/sk\/?post_type=event&#038;p=10764"},"modified":"2022-04-22T07:59:13","modified_gmt":"2022-04-22T05:59:13","slug":"lesnicke-dni","status":"publish","type":"event","link":"https:\/\/www.visitbratislava.com\/sk\/podujatia\/lesnicke-dni\/","title":{"rendered":"Lesn\u00edcke dni"},"content":{"rendered":"<p>Lesn\u00edcke dni s\u00fa celoslovensk\u00fdm podujat\u00edm ur\u010den\u00fdm v\u0161etk\u00fdm, ktor\u00ed miluj\u00fa slovensk\u00e9 lesy a pr\u00edrodu. Te\u0161i\u0165 sa m\u00f4\u017eete na skuto\u010dne bohat\u00fd program. \u010cak\u00e1 v\u00e1s po\u00e9zia dreva, budete sa s n\u00edm m\u00f4c\u0165 hra\u0165 aj da\u0165 mu druh\u00fa \u0161ancu.<\/p>\n<p>Dni zasv\u00e4ten\u00e9 lesu organizuj\u00fa lesn\u00edci po celom Slovensku ka\u017edoro\u010dne koncom apr\u00edla a za\u010diatkom m\u00e1ja. Toto je \u010fal\u0161\u00ed ro\u010dn\u00edk kampane v r\u00e1mci projektu budovania pozit\u00edvneho vz\u0165ahu \u0161irokej verejnosti k lesom a ochrane pr\u00edrody.<\/p>\n<p>Bratislavsk\u00e9 Mestsk\u00e9 lesy sa k Lesn\u00edckym d\u0148om pripoja 22. a 23. apr\u00edla. Ich cie\u013eom je akt\u00edvne prezentova\u0165 lesy, ochranu pr\u00edrody i lesn\u00e9 hospod\u00e1rstvo formou r\u00f4znorod\u00fdch podujat\u00ed, programov a aktiv\u00edt lesnej pedagogiky. Na Partiz\u00e1nskej l\u00fake sa od pol desiatej dopoludnia do pol \u0161tvrtej popoludn\u00ed bude kona\u0165 program z n\u00e1zvom Po\u00e9zia dreva. Podujatia sa z\u00fa\u010dastnia lesn\u00edcke organiz\u00e1cie, organiz\u00e1cie ochrany pr\u00edrody, v\u010del\u00e1ri \u010di po\u013eovn\u00edcke zdru\u017eenie. Podujatie spoluorganizuj\u00fa viacer\u00e9 partnersk\u00e9 organiz\u00e1cie z oblasti lesn\u00edctva a ochrany \u017eivotn\u00e9ho prostredia.<\/p>\n<p>Lesn\u00edci a ochrancovia pr\u00edrody pripravili pre n\u00e1v\u0161tevn\u00edkov s\u00fa\u0165a\u017ee a aktivity zameran\u00e9 na spozn\u00e1vanie lesa, drev\u00edn, \u017eivo\u010d\u00edchov a ochrany pr\u00edrody. Deti si m\u00f4\u017eu vysk\u00fa\u0161a\u0165 pocitov\u00fd chodn\u00edk, hod \u0161i\u0161kou, ur\u010dova\u0165 a spozn\u00e1va\u0165 lesn\u00e9 zvierat\u00e1, dozvedia sa pre\u010do a ako treba triedi\u0165 odpad, kto \u017eije vo Vydrici at\u010f. Medzi ob\u013e\u00faben\u00e9 \u010dinnosti patr\u00ed \u010dlnkovanie na rybn\u00edku, sk\u00e1kanie v nafukovacom hrade a jazda na seda\u010dkovej lanovke Sne\u017eienka \u2013 Kamz\u00edk (Koliba). Pre dospel\u00fdch s\u00fa pripraven\u00e9 atrakt\u00edvne aktivity ako p\u00edlenie dreva a hod polenom.<\/p>\n<p>Spestren\u00edm tohtoro\u010dn\u00fdch lesn\u00edckych dn\u00ed bude vyst\u00fapenie sokoliarov, ochutn\u00e1vka v\u010del\u00edch produktov, tvoriv\u00e9 dielne pre deti \u2013 dr\u00f4tik\u00e1rstvo, rezb\u00e1rstvo a \u00fa\u010das\u0165 biofarmy. Program vyvrchol\u00ed sl\u00e1vnostn\u00fdm ukon\u010den\u00edm a zap\u00e1len\u00edm vatry a n\u00e1sledn\u00fdm koncertom.<\/p>\n<p>&nbsp;<\/p>\n<h3>PROGRAM<\/h3>\n<p>S\u00fa\u0165a\u017ee pre deti do 15:00<br \/>\nPrehliadka po\u013eovn\u00fdch psov o 9:00<br \/>\nHrajme sa s drevom \u2013 aktivity lesnej pedagogiky<br \/>\nDajme drevu druh\u00fa \u0161ancu! \u2013 tvoriv\u00e9 dielne a technick\u00e1 pr\u00e1ca s drevom<br \/>\nZ denn\u00edka lesn\u00edka \u2013 Mil\u00ed moji kamar\u00e1ti<br \/>\nLes ukryt\u00fd v knihe \u2013 Slovom i krokom po Dendrologickom chodn\u00edku 11:00, 13:00 zraz pri vatre<br \/>\n20 rokov PEFC Slovensko<br \/>\nUk\u00e1\u017eky lesn\u00edckych \u010dinnost\u00ed, po\u013eovn\u00edctva, v\u010del\u00e1rstva, tradi\u010dn\u00e9ho b\u00e1bkov\u00e9ho divadla Teatro Carnevalo \u2013 Ga\u0161parko a z\u00e1zra\u010dn\u00e1 skrinka.<br \/>\nSokoliarske vyst\u00fapenie<br \/>\nZvieratk\u00e1 z biofarmy<br \/>\n15:30 Vatra<br \/>\n16:00 Koncert hudobnej skupiny<\/p>\n<p><a href=\"http:\/\/lesnickedni.sk\"><img loading=\"lazy\" width=\"1542\" height=\"1996\" class=\"alignnone size-full wp-image-135009\" src=\"https:\/\/www.visitbratislava.com\/wp-content\/uploads\/2016\/02\/Lesnicke-dni-2022-Poster.jpg\" alt=\"\" srcset=\"https:\/\/www.visitbratislava.com\/wp-content\/uploads\/2016\/02\/Lesnicke-dni-2022-Poster.jpg 1542w, https:\/\/www.visitbratislava.com\/wp-content\/uploads\/2016\/02\/Lesnicke-dni-2022-Poster-309x400.jpg 309w, https:\/\/www.visitbratislava.com\/wp-content\/uploads\/2016\/02\/Lesnicke-dni-2022-Poster-618x800.jpg 618w, https:\/\/www.visitbratislava.com\/wp-content\/uploads\/2016\/02\/Lesnicke-dni-2022-Poster-768x994.jpg 768w, https:\/\/www.visitbratislava.com\/wp-content\/uploads\/2016\/02\/Lesnicke-dni-2022-Poster-1187x1536.jpg 1187w, https:\/\/www.visitbratislava.com\/wp-content\/uploads\/2016\/02\/Lesnicke-dni-2022-Poster-155x200.jpg 155w\" sizes=\"(max-width: 1542px) 100vw, 1542px\" \/><\/a><\/p>\n","protected":false},"excerpt":{"rendered":"<p>Lesy s\u00fa mosty pre spolupr\u00e1cu. Uk\u00e1\u017eu v\u00e1m to aj dni oslavy pr\u00e1ce a poslania lesn\u00edkov<\/p>\n","protected":false},"featured_media":135003,"template":"","acf":[],"event_date":{"start_date":1650585600,"end_date":1650672000},"_links":{"self":[{"href":"https:\/\/www.visitbratislava.com\/sk\/wp-json\/wp\/v2\/event\/10764"}],"collection":[{"href":"https:\/\/www.visitbratislava.com\/sk\/wp-json\/wp\/v2\/event"}],"about":[{"href":"https:\/\/www.visitbratislava.com\/sk\/wp-json\/wp\/v2\/types\/event"}],"version-history":[{"count":4,"href":"https:\/\/www.visitbratislava.com\/sk\/wp-json\/wp\/v2\/event\/10764\/revisions"}],"predecessor-version":[{"id":135710,"href":"https:\/\/www.visitbratislava.com\/sk\/wp-json\/wp\/v2\/event\/10764\/revisions\/135710"}],"wp:featuredmedia":[{"embeddable":true,"href":"https:\/\/www.visitbratislava.com\/sk\/wp-json\/wp\/v2\/media\/135003"}],"wp:attachment":[{"href":"https:\/\/www.visitbratislava.com\/sk\/wp-json\/wp\/v2\/media?parent=10764"}],"curies":[{"name":"wp","href":"https:\/\/api.w.org\/{rel}","templated":true}]}}

Lesnícke dni

<p>Lesnícke dni sú celoslovenským podujatím určeným všetkým, ktorí milujú slovenské lesy a prírodu. Tešiť sa môžete na skutočne bohatý program. Čaká vás poézia dreva, budete sa s ním môcť hrať aj dať mu druhú šancu.</p>
<p>Dni zasvätené lesu organizujú lesníci po celom Slovensku každoročne koncom apríla a začiatkom mája. Toto je ďalší ročník kampane v rámci projektu budovania pozitívneho vzťahu širokej verejnosti k lesom a ochrane prírody.</p>
<p>Bratislavské Mestské lesy sa k Lesníckym dňom pripoja 22. a 23. apríla. Ich cieľom je aktívne prezentovať lesy, ochranu prírody i lesné hospodárstvo formou rôznorodých podujatí, programov a aktivít lesnej pedagogiky. Na Partizánskej lúke sa od pol desiatej dopoludnia do pol štvrtej popoludní bude konať program z názvom Poézia dreva. Podujatia sa zúčastnia lesnícke organizácie, organizácie ochrany prírody, včelári či poľovnícke združenie. Podujatie spoluorganizujú viaceré partnerské organizácie z oblasti lesníctva a ochrany životného prostredia.</p>
<p>Lesníci a ochrancovia prírody pripravili pre návštevníkov súťaže a aktivity zamerané na spoznávanie lesa, drevín, živočíchov a ochrany prírody. Deti si môžu vyskúšať pocitový chodník, hod šiškou, určovať a spoznávať lesné zvieratá, dozvedia sa prečo a ako treba triediť odpad, kto žije vo Vydrici atď. Medzi obľúbené činnosti patrí člnkovanie na rybníku, skákanie v nafukovacom hrade a jazda na sedačkovej lanovke Snežienka – Kamzík (Koliba). Pre dospelých sú pripravené atraktívne aktivity ako pílenie dreva a hod polenom.</p>
<p>Spestrením tohtoročných lesníckych dní bude vystúpenie sokoliarov, ochutnávka včelích produktov, tvorivé dielne pre deti – drôtikárstvo, rezbárstvo a účasť biofarmy. Program vyvrcholí slávnostným ukončením a zapálením vatry a následným koncertom.</p>
<p>&nbsp;</p>
<h3>PROGRAM</h3>
<p>Súťaže pre deti do 15:00<br />
Prehliadka poľovných psov o 9:00<br />
Hrajme sa s drevom – aktivity lesnej pedagogiky<br />
Dajme drevu druhú šancu! – tvorivé dielne a technická práca s drevom<br />
Z denníka lesníka – Milí moji kamaráti<br />
Les ukrytý v knihe – Slovom i krokom po Dendrologickom chodníku 11:00, 13:00 zraz pri vatre<br />
20 rokov PEFC Slovensko<br />
Ukážky lesníckych činností, poľovníctva, včelárstva, tradičného bábkového divadla Teatro Carnevalo – Gašparko a zázračná skrinka.<br />
Sokoliarske vystúpenie<br />
Zvieratká z biofarmy<br />
15:30 Vatra<br />
16:00 Koncert hudobnej skupiny</p>
<p><a href="http://lesnickedni.sk"><img loading="lazy" width="1542" height="1996" class="alignnone size-full wp-image-135009" src="https://www.visitbratislava.com/wp-content/uploads/2016/02/Lesnicke-dni-2022-Poster.jpg" alt="" srcset="https://www.visitbratislava.com/wp-content/uploads/2016/02/Lesnicke-dni-2022-Poster.jpg 1542w, https://www.visitbratislava.com/wp-content/uploads/2016/02/Lesnicke-dni-2022-Poster-309x400.jpg 309w, https://www.visitbratislava.com/wp-content/uploads/2016/02/Lesnicke-dni-2022-Poster-618x800.jpg 618w, https://www.visitbratislava.com/wp-content/uploads/2016/02/Lesnicke-dni-2022-Poster-768x994.jpg 768w, https://www.visitbratislava.com/wp-content/uploads/2016/02/Lesnicke-dni-2022-Poster-1187x1536.jpg 1187w, https://www.visitbratislava.com/wp-content/uploads/2016/02/Lesnicke-dni-2022-Poster-155x200.jpg 155w" sizes="(max-width: 1542px) 100vw, 1542px" /></a></p>

<p>Lesy sú mosty pre spoluprácu. Ukážu vám to aj dni oslavy práce a poslania lesníkov</p>
